{"id":14086,"date":"2025-11-25T12:26:55","date_gmt":"2025-11-25T11:26:55","guid":{"rendered":"https:\/\/semmelweis.hu\/biokemia\/?page_id=14086"},"modified":"2025-11-25T13:32:59","modified_gmt":"2025-11-25T12:32:59","slug":"cryo_em_platform","status":"publish","type":"page","link":"https:\/\/semmelweis.hu\/biokemia\/cryo_em_platform\/","title":{"rendered":"A szerkezetkutat\u00e1s \u00faj dimenzi\u00f3ja: cryo-EM Platform Magyarorsz\u00e1gon"},"content":{"rendered":"<p><b><span lang=\"hu\">Kedves Koll\u00e9ga!<\/span><\/b><\/p>\n<p style=\"text-align: justify\"><span lang=\"hu\">Lehet, hogy m\u00e1r hallott r\u00f3la:\u00a0<b>alakul\u00f3ban van a magyarorsz\u00e1gi Krioelektron-mikroszk\u00f3pia (cryo-EM) Platform<\/b>, amelynek k\u00f6sz\u00f6nhet\u0151en 2025-t\u0151l\u00a0<b>Szegeden \u00e9s P\u00e9csett<\/b>\u00a0el\u00e9rhet\u0151ek lesznek modern, 200 \u00e9s 300 keV energi\u00e1j\u00fa elektronmikroszk\u00f3pok \u2014 \u00edgy az \u00d6n mint\u00e1i is m\u00e9rhet\u0151k lesznek hazai k\u00f6rnyezetben. Ez a korszer\u0171 szerkezetkutat\u00e1si technol\u00f3gia most el\u0151sz\u00f6r v\u00e1lik sz\u00e9les k\u00f6rben hozz\u00e1f\u00e9rhet\u0151v\u00e9 itthon a magyar kutat\u00f3k sz\u00e1m\u00e1ra\u00a0<\/span><span lang=\"en-US\">az Apreo 2 SEM, Glacios 2 Cryo-TEM, Talos F200i (S)TEM \u00e9s Tundra Cryo-TEM eszk\u00f6z\u00f6k 2026<\/span><span lang=\"hu\">-os telep\u00edt\u00e9s\u00e9vel.<\/span><span lang=\"hu\">\u00a0<\/span><\/p>\n<p style=\"text-align: justify\"><span lang=\"hu\">Az elm\u00falt \u00e9vtizedben a cryo-EM\u00a0<b>forradalmas\u00edtotta a molekul\u00e1ris biol\u00f3gia, biok\u00e9mia, szerkezeti \u00e9s gy\u00f3gyszerkutat\u00e1s<\/b>\u00a0ter\u00fclet\u00e9t. A technol\u00f3giai fejleszt\u00e9sek \u2013 k\u00fcl\u00f6n\u00f6sen a direkt elektron\u00e9rz\u00e9kel\u00e9s \u00e9s a k\u00e9pfeldolgoz\u00e1s fejl\u0151d\u00e9se \u2013 r\u00e9v\u00e9n ma m\u00e1r\u00a0<b>2 \u00c5-n\u00e9l is jobb felbont\u00e1s<\/b>\u00a0\u00e9rhet\u0151 el. Ez azt jelenti, hogy atomi r\u00e9szletess\u00e9ggel l\u00e1that\u00f3v\u00e1 v\u00e1lhat\u00a0<b>hogyan m\u0171k\u00f6dnek a feh\u00e9rj\u00e9k, komplexeik, membr\u00e1nfeh\u00e9rj\u00e9k, vagy ak\u00e1r teljes v\u00edrusok.\u00a0<\/b>A cryo-EM\u00a0<b>kieg\u00e9sz\u00edti, s\u0151t sok esetben meghaladja<\/b>\u00a0a hagyom\u00e1nyos r\u00f6ntgendiffrakci\u00f3s (X-ray) \u00e9s NMR-m\u00f3dszereket, k\u00fcl\u00f6n\u00f6sen akkor, ha\u00a0<b>nagym\u00e9ret\u0171, r\u00e9szlegesen flexibilis, vagy krist\u00e1lyos\u00edthatatlan molekul\u00e1k<\/b>\u00a0vizsg\u00e1lata a c\u00e9l. Vil\u00e1gszerte a cryo-EM seg\u00edts\u00e9g\u00e9vel siker\u00fclt meghat\u00e1rozni\u00a0<b>ribosz\u00f3m\u00e1k, GPCR-komplexek, ioncsatorn\u00e1k, v\u00edrusok, enzim-komplexek<\/b>\u00a0\u00e9s m\u00e1s makromolekul\u00e1k t\u00e9rszerkezet\u00e9t. A<b>\u00a0Protein Data Bank (PDB)\u00a0<\/b>\u00e9s az<b>\u00a0EM Data Bank (EMDB)<\/b>\u00a0ma m\u00e1r t\u00f6bb mint\u00a0<b>45 000 cryo-EM szerkezetet<\/b>\u00a0tart nyilv\u00e1n \u2013 ezek d\u00f6nt\u0151 t\u00f6bbs\u00e9ge az elm\u00falt 8\u201310 \u00e9vben k\u00e9sz\u00fclt, ami j\u00f3l mutatja a ter\u00fclet eredm\u00e9nyess\u00e9g\u00e9t \u00e9s a m\u00f3dszer robban\u00e1sszer\u0171 fejl\u0151d\u00e9s\u00e9t.<\/span><\/p>\n<p style=\"text-align: justify\"><span lang=\"hu\">\u00a0<\/span><span lang=\"hu\">A magyarorsz\u00e1gi\u00a0<b>cryo-EM Platform<\/b>\u00a0c\u00e9lja, hogy\u00a0<b>nyitott hozz\u00e1f\u00e9r\u00e9st \u00e9s szakmai t\u00e1mogat\u00e1st<\/b>\u00a0biztos\u00edtson minden olyan kutat\u00f3nak, aki szeretn\u00e9 a m\u00f3dszert a saj\u00e1t ter\u00fclet\u00e9n alkalmazni. Ez k\u00fcl\u00f6n\u00f6sen hasznos lehet p\u00e9ld\u00e1ul:<\/span><\/p>\n<p style=\"text-align: justify\"><span lang=\"hu\">\u2022 feh\u00e9rje\u2013feh\u00e9rje, feh\u00e9rje\u2013ligandum vagy feh\u00e9rje\u2013nukleinsav komplexek vizsg\u00e1lat\u00e1ban,<br \/>\n\u2022 gy\u00f3gyszerk\u00f6t\u0151 helyek \u00e9s hat\u00e1smechanizmusok felt\u00e9rk\u00e9pez\u00e9s\u00e9ben,<br \/>\n\u2022 molekul\u00e1ris ragaszt\u00f3k, PROTAC-ok, medi\u00e1torok vagy enzimkomplexek szerkezeti elemz\u00e9s\u00e9ben,<br \/>\n\u2022 valamint immunol\u00f3giai, virol\u00f3giai \u00e9s biok\u00e9miai kutat\u00e1sokban, ahol a szerkezeti inform\u00e1ci\u00f3 kulcsfontoss\u00e1g\u00fa.<\/span><\/p>\n<p style=\"text-align: justify\"><span lang=\"hu\">\u00a0<\/span><span lang=\"hu\">A platform nemcsak a\u00a0<b>m\u00e9r\u00e9sekhez<\/b>, hanem az\u00a0<b>adatfeldolgoz\u00e1shoz \u00e9s szerkezet\u00e9p\u00edt\u00e9shez<\/b>\u00a0is t\u00e1mogat\u00e1st ny\u00fajt. Akkor is \u00e9rdemes kapcsolatba l\u00e9pnie vel\u00fcnk, ha<br \/>\n\u2022 m\u00e9g nincs cryo-EM tapasztalata,<br \/>\n\u2022 de rendelkezik feh\u00e9rje-expresszi\u00f3s, izol\u00e1l\u00e1si, k\u00e9miai szintetikus, vagy bioinformatikai h\u00e1tt\u00e9rrel,<br \/>\n\u2022 vagy egyszer\u0171en szeretn\u00e9 megtudni, hogyan seg\u00edtheti a cryo-EM az \u00d6n kutat\u00e1si t\u00e9m\u00e1j\u00e1t.<\/span><\/p>\n<p style=\"text-align: justify\"><span lang=\"hu\">\u00a0<\/span><span lang=\"hu\">C\u00e9lunk egy\u00a0<b>orsz\u00e1gos kutat\u00f3i \u00e9s tan\u00e1csad\u00f3i h\u00e1l\u00f3zat<\/b>\u00a0l\u00e9trehoz\u00e1sa, melyben a tud\u00e1s, az infrastrukt\u00fara \u00e9s az egy\u00fcttm\u0171k\u00f6d\u00e9s\u00a0<b>kataliz\u00e1lja a magyar szerkezetkutat\u00e1st \u00e9s gy\u00f3gyszerfejleszt\u00e9st<\/b>.\u00a0<b>Itt az id\u0151 \u2013 ne k\u00e9slekedjen, csatlakozzon \u00d6n is!\u00a0<\/b>Ha \u00e9rdekli, hogyan seg\u00edthet a cryo-EM az \u00d6n kutat\u00e1s\u00e1ban, k\u00e9rj\u00fck, tekintse meg a mell\u00e9kelt t\u00e1j\u00e9koztat\u00f3 anyagokat, majd vegye fel a kapcsolatot vel\u00fcnk. \u00d6r\u00f6mmel seg\u00edt\u00fcnk a t\u00e1j\u00e9koz\u00f3d\u00e1sban, a projekt\u00f6tlet kidolgoz\u00e1s\u00e1ban, \u00e9s abban is, hogyan juthat el pl. az els\u0151 atomi felbont\u00e1s\u00fa t\u00e9rszerkezet\u00e9hez.<\/span><\/p>\n<p style=\"text-align: justify\"><span lang=\"hu\">\u00a0<\/span><span lang=\"hu\">A k\u00e9sz\u00fcl\u00e9kek azonban term\u00e9szetesen nem csak atomi-szint\u0171 makromolekul\u00e1ris t\u00e9rszerkezeteket, hanem\u00a0<b>sz\u00f6veti\/sejt\/organellum-szint\u0171 strukt\u00far\u00e1kat<\/b> is fel tudnak oldani, amely forradalmas\u00edtja az orvosbiol\u00f3giai kutat\u00e1sokat is (l\u00e1sd \u00fajfent a mell\u00e9kelt c\u00e9ges bros\u00far\u00e1kat, ill. egy\u00e9b mell\u00e9kelt anyagainkat):<\/span><\/p>\n<p><a href=\"https:\/\/semmelweis.hu\/biokemia\/files\/2025\/11\/Beszamolo-a-keszulo-szegedi-Krio-EM-Kozpontrol.pdf\">Besz\u00e1mol\u00f3 a k\u00e9sz\u00fcl\u0151 szegedi Krio-EM K\u00f6zpontr\u00f3l<\/a><\/p>\n<p><a href=\"https:\/\/semmelweis.hu\/biokemia\/files\/2025\/11\/Mire-jok-a-keszulekek.pdf\">Mire j\u00f3k a k\u00e9sz\u00fcl\u00e9kek<\/a><\/p>\n<div><b data-olk-copy-source=\"MessageBody\">Apreo 2 SEM<\/b><\/div>\n<div><a id=\"OWA36adea0a-b814-b62a-04c4-478391c8f538\" href=\"https:\/\/documents.thermofisher.com\/TFS-Assets\/MSD\/Datasheets\/apreo-2-sem-life-sciences-datasheet-ds0373.pdf\" target=\"_blank\" rel=\"noopener noreferrer\">https:\/\/documents.thermofisher.com\/TFS-Assets\/MSD\/Datasheets\/apreo-2-sem-life-sciences-datasheet-ds0373.pdf<\/a><\/div>\n<div><b>Falcon detector<\/b><\/div>\n<div><a id=\"OWAa6ff45d6-5a7f-4fff-1eb2-70509dd94020\" href=\"https:\/\/documents.thermofisher.com\/TFS-Assets\/MSD\/Datasheets\/falcon-detector-datasheet-ds0371.pdf\" target=\"_blank\" rel=\"noopener noreferrer\">https:\/\/documents.thermofisher.com\/TFS-Assets\/MSD\/Datasheets\/falcon-detector-datasheet-ds0371.pdf<\/a><\/div>\n<div><b>Glacios 2 Cryo-TEM<\/b><\/div>\n<div><a id=\"OWA19087152-19d5-50d8-efbf-6cc6adb5510e\" href=\"https:\/\/documents.thermofisher.com\/TFS-Assets\/MSD\/Datasheets\/glacios2-cryo-tem-smart-epu-falcon4i-direct-electron-ds0491.pdf\" target=\"_blank\" rel=\"noopener noreferrer\">https:\/\/documents.thermofisher.com\/TFS-Assets\/MSD\/Datasheets\/glacios2-cryo-tem-smart-epu-falcon4i-direct-electron-ds0491.pdf<\/a><\/div>\n<div><b>Selectris and Selectris X Imaging Filters<\/b><\/div>\n<div><a id=\"OWA291daa61-e8f5-0d3d-961e-0e66f1d99e26\" href=\"https:\/\/documents.thermofisher.com\/TFS-Assets\/MSD\/Datasheets\/selectris-imaging-filters-extended-ds0352.pdf\" target=\"_blank\" rel=\"noopener noreferrer\">https:\/\/documents.thermofisher.com\/TFS-Assets\/MSD\/Datasheets\/selectris-imaging-filters-extended-ds0352.pdf<\/a><\/div>\n<div><b>Smart EPU Software<\/b><\/div>\n<div><a href=\"https:\/\/documents.thermofisher.com\/TFS-Assets\/MSD\/Datasheets\/smart-epu-software-ds0490-en.pdf\" target=\"_blank\" rel=\"noopener noreferrer\">https:\/\/documents.thermofisher.com\/TFS-Assets\/MSD\/Datasheets\/smart-epu-software-ds0490-en.pdf<\/a><\/div>\n<div><b>Talos F200i (S)TEM<\/b><\/div>\n<div><a href=\"https:\/\/documents.thermofisher.com\/TFS-Assets\/MSD\/Datasheets\/talos-f200i-datasheet-materials-science.pdf\" target=\"_blank\" rel=\"noopener noreferrer\">https:\/\/documents.thermofisher.com\/TFS-Assets\/MSD\/Datasheets\/talos-f200i-datasheet-materials-science.pdf<\/a><\/div>\n<div><b>Tundra Cryo-TEM<\/b><\/div>\n<div><a href=\"https:\/\/documents.thermofisher.com\/TFS-Assets\/MSD\/Datasheets\/tundra-cryo-tem-datasheet-ds0359.pdf\" target=\"_blank\" rel=\"noopener noreferrer\">https:\/\/documents.thermofisher.com\/TFS-Assets\/MSD\/Datasheets\/tundra-cryo-tem-datasheet-ds0359.pdf<\/a><\/div>\n<p style=\"text-align: justify\"><span lang=\"hu\">\u00d6ssze\u00e1ll\u00edtottunk egy\u00a0<b>ig\u00e9nyfelm\u00e9r\u0151 k\u00e9rd\u0151\u00edvet<\/b>, amelyet az al\u00e1bbi link alatt t\u00f6lthetnek ki. A megadott inform\u00e1ci\u00f3k megk\u00f6nny\u00edtik a kapcsolatfelv\u00e9telt, \u00fagyhogy b\u00e1tor\u00edtunk minden potenci\u00e1lis j\u00f6v\u0151beli felhaszn\u00e1l\u00f3nkat, hogy t\u00f6ltse ki a k\u00e9rd\u0151\u00edvet:<\/span><\/p>\n<p><a href=\"https:\/\/forms.gle\/yMXKaz5BvSW2KNP26\" target=\"_blank\" rel=\"noopener noreferrer\">https:\/\/forms.gle\/yMXKaz5BvSW2KNP26<\/a><\/p>\n<p>&nbsp;<\/p>\n<p><span lang=\"hu\">A jelentkez\u00e9seket v\u00e1rva, \u00fcdv\u00f6zlettel:<\/span><\/p>\n<p><span lang=\"hu\">Dr. Ambrus Attila, egyetemi tan\u00e1r<\/span><\/p>\n<p><span lang=\"hu\">a magyarorsz\u00e1gi Cryo-EM Platform Semmelweis egyetemi koordin\u00e1tora<\/span><br \/>\n<span lang=\"hu\">Semmelweis Egyetem, Biok\u00e9miai Tansz\u00e9k<\/span><\/p>\n","protected":false},"excerpt":{"rendered":"<p>Kedves Koll\u00e9ga! Lehet, hogy m\u00e1r hallott r\u00f3la:\u00a0alakul\u00f3ban van a magyarorsz\u00e1gi Krioelektron-mikroszk\u00f3pia (cryo-EM) Platform, amelynek k\u00f6sz\u00f6nhet\u0151en 2025-t\u0151l\u00a0Szegeden \u00e9s P\u00e9csett\u00a0el\u00e9rhet\u0151ek lesznek modern, 200 \u00e9s 300 keV energi\u00e1j\u00fa elektronmikroszk\u00f3pok \u2014 \u00edgy az \u00d6n mint\u00e1i is m\u00e9rhet\u0151k lesznek hazai k\u00f6rnyezetben. Ez a korszer\u0171 szerkezetkutat\u00e1si technol\u00f3gia most el\u0151sz\u00f6r v\u00e1lik sz\u00e9les k\u00f6rben hozz\u00e1f\u00e9rhet\u0151v\u00e9 itthon a magyar kutat\u00f3k sz\u00e1m\u00e1ra\u00a0az Apreo 2 SEM, &hellip;<\/p>\n","protected":false},"author":101604,"featured_media":0,"parent":0,"menu_order":0,"comment_status":"closed","ping_status":"closed","template":"","meta":{"_acf_changed":false,"footnotes":""},"categories":[],"tags":[],"class_list":["post-14086","page","type-page","status-publish","hentry"],"acf":[],"_links":{"self":[{"href":"https:\/\/semmelweis.hu\/biokemia\/wp-json\/wp\/v2\/pages\/14086","targetHints":{"allow":["GET"]}}],"collection":[{"href":"https:\/\/semmelweis.hu\/biokemia\/wp-json\/wp\/v2\/pages"}],"about":[{"href":"https:\/\/semmelweis.hu\/biokemia\/wp-json\/wp\/v2\/types\/page"}],"author":[{"embeddable":true,"href":"https:\/\/semmelweis.hu\/biokemia\/wp-json\/wp\/v2\/users\/101604"}],"replies":[{"embeddable":true,"href":"https:\/\/semmelweis.hu\/biokemia\/wp-json\/wp\/v2\/comments?post=14086"}],"version-history":[{"count":6,"href":"https:\/\/semmelweis.hu\/biokemia\/wp-json\/wp\/v2\/pages\/14086\/revisions"}],"predecessor-version":[{"id":14094,"href":"https:\/\/semmelweis.hu\/biokemia\/wp-json\/wp\/v2\/pages\/14086\/revisions\/14094"}],"wp:attachment":[{"href":"https:\/\/semmelweis.hu\/biokemia\/wp-json\/wp\/v2\/media?parent=14086"}],"wp:term":[{"taxonomy":"category","embeddable":true,"href":"https:\/\/semmelweis.hu\/biokemia\/wp-json\/wp\/v2\/categories?post=14086"},{"taxonomy":"post_tag","embeddable":true,"href":"https:\/\/semmelweis.hu\/biokemia\/wp-json\/wp\/v2\/tags?post=14086"}],"curies":[{"name":"wp","href":"https:\/\/api.w.org\/{rel}","templated":true}]}}