{"id":13417,"date":"2021-07-29T17:35:49","date_gmt":"2021-07-29T15:35:49","guid":{"rendered":"https:\/\/semmelweis.hu\/biokemia\/?page_id=13417"},"modified":"2021-07-29T19:17:49","modified_gmt":"2021-07-29T17:17:49","slug":"rppa_de","status":"publish","type":"page","link":"https:\/\/semmelweis.hu\/biokemia\/de\/rppa_de\/","title":{"rendered":"RPPA"},"content":{"rendered":"<h4 style=\"text-align: justify\">UNTERST\u00dcTZUNG<\/h4>\n<div>\n<p style=\"text-align: justify\"><img loading=\"lazy\" decoding=\"async\" class=\"alignright\" src=\"https:\/\/semmelweis.hu\/biokemia\/files\/2021\/07\/infoblokk_kedv_final_felso_cmyk_en_ERFA-300x207.jpg\" alt=\"\" width=\"416\" height=\"287\" \/><\/p>\n<p style=\"text-align: justify\">Die RPPA-Einrichtung wird zu 100 % aus dem &#8222;Competitive Central Hungary Operative Programme (CCHOP) European funds for the Central Hungary region&#8221; (VEKOP 2.3.3-15-2016-00012) finanziert, das vom Nationalen Amt f\u00fcr Forschung, Entwicklung und Innovation durchgef\u00fchrt und durch den Regierungserlass 1762\/2016 best\u00e4tigt wurde. (XII.15.). Der bewilligte Betrag betr\u00e4gt 260.000.000 HUF f\u00fcr den Zeitraum vom 1. Juli 2017 bis 30. Juni 2020. Diese F\u00f6rderm\u00f6glichkeit wird durch das Programm der Europ\u00e4ischen Kommission &#8222;St\u00e4rkung der FuE-Infrastruktur &#8211; Internationalisierung und Vernetzung VEKOP-2.3.3-15&#8221; unterst\u00fctzt. Der offizielle Titel des gef\u00f6rderten Projekts lautet &#8222;Etablierung einer RPPA-Plattform f\u00fcr die quantitative Analyse mitochondrialer Proteine in gesunden und tumor\u00f6sen menschlichen Proben&#8221;.<\/p>\n<h4 style=\"text-align: justify\">AUFGABENBESCHREIBUNG<\/h4>\n<p style=\"text-align: justify\">Die RPPA-Anlage, die in der Abteilung f\u00fcr Biochemie der Semmelweis-Universit\u00e4t untergebracht ist, soll die Expression aller mitochondrialen Proteine in gesunden und soliden Tumorproben quantifizieren. Wir sind der Ansicht, dass Ver\u00e4nderungen im Onkometabolismus, die durch Ver\u00e4nderungen in der Expression von Proteinen belegt sind, die bestimmte Stoffwechselwege &#8222;neu verdrahten&#8221;, eine hervorragende M\u00f6glichkeit f\u00fcr krebsspezifische therapeutische Interventionen bieten. Die Identifizierung derjenigen Proteine, die an bioenergetischen Stoffwechselwegen beteiligt sind, die hoch- oder herunterreguliert werden, um die Bed\u00fcrfnisse der Neoplasie zu befriedigen, ist entscheidend f\u00fcr die Bek\u00e4mpfung von Krebs.<\/p>\n<h4 style=\"text-align: justify\">TEILNEHMER<\/h4>\n<p style=\"text-align: justify\">Wir nehmen Proben aus der ganzen Welt an, konzentrieren uns aber in erster Linie auf die mittel- und osteurop\u00e4ische Region. Bislang haben 11 Einrichtungen des ungarischen Gesundheitswesens und die Human Tissue Brain Bank ihre Teilnahme an diesem Projekt zugesagt, indem sie gesunde und solide Tumorproben zur Verf\u00fcgung stellen. Die ethische Genehmigung f\u00fcr dieses Projekt liegt vor (Aktenzeichen: 35302-5\/2017\/EKU).<\/p>\n<h4 style=\"text-align: justify\">INTERNATIONALE ZUSAMMENARBEIT<\/h4>\n<p style=\"text-align: justify\">Unsere wichtigste Mitarbeiterin ist Dr. Leanne De Koning, die Leiterin der RPPA-Plattform am Institut Curie in Paris, Frankreich, die ma\u00dfgeblich am Aufbau unserer RPPA-Anlage beteiligt war. Dar\u00fcber hinaus planen wir eine Zusammenarbeit mit allen Gruppen, die gegen mitochondriale Proteine gerichtete Antik\u00f6rper verwenden, um Antik\u00f6rper auf ihre RPPA-Eignung hin zu validieren, sowie mit denjenigen Gruppen, die eine gro\u00dfe Anzahl von Proben im Lysatformat zur Verf\u00fcgung stellen k\u00f6nnen (vorrangig menschliche Proben).<\/p>\n<p style=\"text-align: justify\">Bitte besuchen Sie den folgenden Link f\u00fcr weitere Informationen: <a href=\"http:\/\/rppa.hu\/\">(nur in Englisch) RPPA Facility at the Semmelweis University<\/a>.<\/p>\n<\/div>\n","protected":false},"excerpt":{"rendered":"<p>UNTERST\u00dcTZUNG Die RPPA-Einrichtung wird zu 100 % aus dem &#8222;Competitive Central Hungary Operative Programme (CCHOP) European funds for the Central Hungary region&#8221; (VEKOP 2.3.3-15-2016-00012) finanziert, das vom Nationalen Amt f\u00fcr Forschung, Entwicklung und Innovation durchgef\u00fchrt und durch den Regierungserlass 1762\/2016 best\u00e4tigt wurde. (XII.15.). Der bewilligte Betrag betr\u00e4gt 260.000.000 HUF f\u00fcr den Zeitraum vom 1. Juli &hellip;<\/p>\n","protected":false},"author":101604,"featured_media":0,"parent":0,"menu_order":3,"comment_status":"closed","ping_status":"closed","template":"","meta":{"_acf_changed":false,"footnotes":""},"categories":[],"tags":[],"class_list":["post-13417","page","type-page","status-publish","hentry"],"acf":[],"_links":{"self":[{"href":"https:\/\/semmelweis.hu\/biokemia\/wp-json\/wp\/v2\/pages\/13417","targetHints":{"allow":["GET"]}}],"collection":[{"href":"https:\/\/semmelweis.hu\/biokemia\/wp-json\/wp\/v2\/pages"}],"about":[{"href":"https:\/\/semmelweis.hu\/biokemia\/wp-json\/wp\/v2\/types\/page"}],"author":[{"embeddable":true,"href":"https:\/\/semmelweis.hu\/biokemia\/wp-json\/wp\/v2\/users\/101604"}],"replies":[{"embeddable":true,"href":"https:\/\/semmelweis.hu\/biokemia\/wp-json\/wp\/v2\/comments?post=13417"}],"version-history":[{"count":7,"href":"https:\/\/semmelweis.hu\/biokemia\/wp-json\/wp\/v2\/pages\/13417\/revisions"}],"predecessor-version":[{"id":13433,"href":"https:\/\/semmelweis.hu\/biokemia\/wp-json\/wp\/v2\/pages\/13417\/revisions\/13433"}],"wp:attachment":[{"href":"https:\/\/semmelweis.hu\/biokemia\/wp-json\/wp\/v2\/media?parent=13417"}],"wp:term":[{"taxonomy":"category","embeddable":true,"href":"https:\/\/semmelweis.hu\/biokemia\/wp-json\/wp\/v2\/categories?post=13417"},{"taxonomy":"post_tag","embeddable":true,"href":"https:\/\/semmelweis.hu\/biokemia\/wp-json\/wp\/v2\/tags?post=13417"}],"curies":[{"name":"wp","href":"https:\/\/api.w.org\/{rel}","templated":true}]}}