{"id":13028,"date":"2021-03-02T17:10:48","date_gmt":"2021-03-02T16:10:48","guid":{"rendered":"https:\/\/semmelweis.hu\/biokemia\/?page_id=13028"},"modified":"2026-02-02T15:11:37","modified_gmt":"2026-02-02T14:11:37","slug":"tdk","status":"publish","type":"page","link":"https:\/\/semmelweis.hu\/biokemia\/en\/research\/tdk\/","title":{"rendered":"TDK-themes \u2013 2025\/2026"},"content":{"rendered":"<p><span lang=\"HU\">Department&#8217;s responsible TDK contact: Dr. Krasimir Kolev, contact via <a href=\"mailto:kolev.krasimir@semmelweis.hu\">email<\/a>.<\/span><\/p>\n<table width=\"822\">\n<tbody>\n<tr>\n<td width=\"504\"><strong>Topic<\/strong><\/td>\n<td width=\"318\"><strong>Tutor<\/strong><\/td>\n<\/tr>\n<tr>\n<td width=\"504\">Studying the TRPM2 channel&#8217;s structure and function<\/td>\n<td width=\"318\">\u00c1d\u00e1m Bart\u00f3k , PhD<\/td>\n<\/tr>\n<tr>\n<td width=\"504\">Structure analysis of the \u03b1-ketoglutarate dehydrogenase complex components by NMR spectroscopy<\/td>\n<td width=\"318\">Andr\u00e1s Czajlik, PhD<\/td>\n<\/tr>\n<tr>\n<td width=\"504\">Molecular pathomechanism of the human dihydrolipoamide dehydrogenase deficiency<\/td>\n<td>Attila Ambrus, DSc<\/td>\n<\/tr>\n<tr>\n<td>Multienzyme complexes &#8211; structure-function relationships<\/td>\n<td>Attila Ambrus, DSc<\/td>\n<\/tr>\n<tr>\n<td width=\"504\">ROS generation by the alpha-ketoglutarate dehydrogenase complex &#8211; mechanistic and structural aspects<\/td>\n<td>Attila Ambrus, DSc<\/td>\n<\/tr>\n<tr>\n<td>Oncometabolism<\/td>\n<td>Christos Chinopoulos, MD, PhD, DSc<\/td>\n<\/tr>\n<tr>\n<td>Molecular mechanisms leading to pathological soft tissue mineralization<\/td>\n<td>Fl\u00f3ra Szeri, PhD<\/td>\n<\/tr>\n<tr>\n<td>Fibrin structure and fibrinolysis<\/td>\n<td>Krasimir Kolev, MD, PhD, DSc<\/td>\n<\/tr>\n<tr>\n<td>Covalent labeling-mass spectrometry with diethylpyrocarbonate for studying protein structure and protein-protein interactions<\/td>\n<td>Oliv\u00e9r Ozohanics, PhD<\/td>\n<\/tr>\n<\/tbody>\n<\/table>\n","protected":false},"excerpt":{"rendered":"<p>Department&#8217;s responsible TDK contact: Dr. Krasimir Kolev, contact via <a href=\"mailto:kolev.krasimir@semmelweis.hu\">email<\/a> . Topic Tutor Studying the TRPM2 channel&#8217;s structure and function \u00c1d\u00e1m Bart\u00f3k , PhD Structure analysis of the \u03b1-ketoglutarate dehydrogenase complex components by NMR spectroscopy Andr\u00e1s Czajlik, PhD Molecular pathomechanism of the human dihydrolipoamide dehydrogenase deficiency Attila Ambrus, DSc Multienzyme complexes &#8211; structure-function relationships Attila Ambrus, &hellip;<\/p>\n","protected":false},"author":101604,"featured_media":0,"parent":378,"menu_order":0,"comment_status":"closed","ping_status":"closed","template":"","meta":{"_acf_changed":false,"footnotes":""},"categories":[],"tags":[],"class_list":["post-13028","page","type-page","status-publish","hentry"],"acf":[],"_links":{"self":[{"href":"https:\/\/semmelweis.hu\/biokemia\/wp-json\/wp\/v2\/pages\/13028","targetHints":{"allow":["GET"]}}],"collection":[{"href":"https:\/\/semmelweis.hu\/biokemia\/wp-json\/wp\/v2\/pages"}],"about":[{"href":"https:\/\/semmelweis.hu\/biokemia\/wp-json\/wp\/v2\/types\/page"}],"author":[{"embeddable":true,"href":"https:\/\/semmelweis.hu\/biokemia\/wp-json\/wp\/v2\/users\/101604"}],"replies":[{"embeddable":true,"href":"https:\/\/semmelweis.hu\/biokemia\/wp-json\/wp\/v2\/comments?post=13028"}],"version-history":[{"count":11,"href":"https:\/\/semmelweis.hu\/biokemia\/wp-json\/wp\/v2\/pages\/13028\/revisions"}],"predecessor-version":[{"id":14139,"href":"https:\/\/semmelweis.hu\/biokemia\/wp-json\/wp\/v2\/pages\/13028\/revisions\/14139"}],"up":[{"embeddable":true,"href":"https:\/\/semmelweis.hu\/biokemia\/wp-json\/wp\/v2\/pages\/378"}],"wp:attachment":[{"href":"https:\/\/semmelweis.hu\/biokemia\/wp-json\/wp\/v2\/media?parent=13028"}],"wp:term":[{"taxonomy":"category","embeddable":true,"href":"https:\/\/semmelweis.hu\/biokemia\/wp-json\/wp\/v2\/categories?post=13028"},{"taxonomy":"post_tag","embeddable":true,"href":"https:\/\/semmelweis.hu\/biokemia\/wp-json\/wp\/v2\/tags?post=13028"}],"curies":[{"name":"wp","href":"https:\/\/api.w.org\/{rel}","templated":true}]}}