{"id":12617,"date":"2020-03-20T11:35:48","date_gmt":"2020-03-20T10:35:48","guid":{"rendered":"http:\/\/semmelweis.hu\/biokemia\/?page_id=12617"},"modified":"2022-02-28T20:17:02","modified_gmt":"2022-02-28T19:17:02","slug":"qmb","status":"publish","type":"page","link":"https:\/\/semmelweis.hu\/biokemia\/en\/students\/qmb\/","title":{"rendered":"QMB"},"content":{"rendered":"<div class=\"responsive-tabs\">\n<h2 class=\"tabtitle\">Summary<\/h2>\n<div class=\"tabcontent\">\n\n<p><strong>Quantitative and medical biochemistry<\/strong><br \/>\n<strong>36 h lectures and 15 h seminar\/practical classes<\/strong><br \/>\n<strong>Tutor: Prof Krasimir Kolev, MD, PhD, DSc<\/strong><\/p>\n<p style=\"text-align: justify\">The Biochemistry course offers a concise overview of the dynamic metabolic networks in the cell focusing on the general principles of enzyme kinetics, structure and control of metabolic pathways. Aspects essential for future specialists in Biotechnology are emphasized: modern biochemical techniques in the characterization of intermolecular interactions and enzyme action, in silico modelling of biochemical processes and systems. Medical orientation is implemented with discussion of the molecular basis of selected diseases with major public health impact (cardiovascular, neurodegenerative diseases) focusing on the molecular targets of therapy. Students participate in formal lectures, tutorials and computer-simulated practical lessons.<\/p>\n<p style=\"text-align: justify\">\n<\/div><h2 class=\"tabtitle\">Recommended literature<\/h2>\n<div class=\"tabcontent\">\n<\/p>\n<p style=\"text-align: justify\"><strong>Orvosi Biok\u00e9mia<\/strong> &#8211; Egyetemi tank\u00f6nyv, <em>Szerkesztette: \u00c1d\u00e1m Veronika, <\/em>Semmelweis Kiad\u00f3, Budapest 2016<\/p>\n<p style=\"text-align: justify\"><em>Athel Cornish-Bowden:<\/em> <strong>Fundamentals of enzyme kinetics.<\/strong> Wiley-Blackwell, Weinheim, 2012<\/p>\n<p style=\"text-align: justify\"><em>Thomas M. Devlin:<\/em> <strong>Textbook of biochemistry with clinical correlations. <\/strong>Wiley-Liss, New York, 2012<\/p>\n<p style=\"text-align: justify\"><em>David Fell: <\/em><strong>Understanding the control of metabolism. <\/strong>Portland Press, London, 2003<\/p>\n<\/div><\/div>\n","protected":false},"excerpt":{"rendered":"<p>Quantitative and medical biochemistry 36 h lectures and 15 h seminar\/practical classes Tutor: Prof Krasimir Kolev, MD, PhD, DSc The Biochemistry course offers a concise overview of the dynamic metabolic networks in the cell focusing on the general principles of enzyme kinetics, structure and control of metabolic pathways. Aspects essential for future specialists in Biotechnology &hellip;<\/p>\n","protected":false},"author":101604,"featured_media":0,"parent":13286,"menu_order":10,"comment_status":"closed","ping_status":"closed","template":"","meta":{"_acf_changed":false,"footnotes":""},"categories":[],"tags":[],"class_list":["post-12617","page","type-page","status-publish","hentry"],"acf":[],"_links":{"self":[{"href":"https:\/\/semmelweis.hu\/biokemia\/wp-json\/wp\/v2\/pages\/12617","targetHints":{"allow":["GET"]}}],"collection":[{"href":"https:\/\/semmelweis.hu\/biokemia\/wp-json\/wp\/v2\/pages"}],"about":[{"href":"https:\/\/semmelweis.hu\/biokemia\/wp-json\/wp\/v2\/types\/page"}],"author":[{"embeddable":true,"href":"https:\/\/semmelweis.hu\/biokemia\/wp-json\/wp\/v2\/users\/101604"}],"replies":[{"embeddable":true,"href":"https:\/\/semmelweis.hu\/biokemia\/wp-json\/wp\/v2\/comments?post=12617"}],"version-history":[{"count":10,"href":"https:\/\/semmelweis.hu\/biokemia\/wp-json\/wp\/v2\/pages\/12617\/revisions"}],"predecessor-version":[{"id":13759,"href":"https:\/\/semmelweis.hu\/biokemia\/wp-json\/wp\/v2\/pages\/12617\/revisions\/13759"}],"up":[{"embeddable":true,"href":"https:\/\/semmelweis.hu\/biokemia\/wp-json\/wp\/v2\/pages\/13286"}],"wp:attachment":[{"href":"https:\/\/semmelweis.hu\/biokemia\/wp-json\/wp\/v2\/media?parent=12617"}],"wp:term":[{"taxonomy":"category","embeddable":true,"href":"https:\/\/semmelweis.hu\/biokemia\/wp-json\/wp\/v2\/categories?post=12617"},{"taxonomy":"post_tag","embeddable":true,"href":"https:\/\/semmelweis.hu\/biokemia\/wp-json\/wp\/v2\/tags?post=12617"}],"curies":[{"name":"wp","href":"https:\/\/api.w.org\/{rel}","templated":true}]}}