{"id":9767,"date":"2023-10-24T15:05:51","date_gmt":"2023-10-24T13:05:51","guid":{"rendered":"https:\/\/semmelweis.hu\/bioinformatika\/?page_id=9767"},"modified":"2025-06-24T15:55:40","modified_gmt":"2025-06-24T13:55:40","slug":"dr-balint-balint","status":"publish","type":"page","link":"https:\/\/semmelweis.hu\/bioinformatika\/tanszekunk-bemutatasa\/oktato-kutatok\/dr-balint-balint\/","title":{"rendered":"Dr. B\u00e1lint B\u00e1lint L\u00e1szl\u00f3"},"content":{"rendered":"<p><strong><img loading=\"lazy\" decoding=\"async\" class=\"wp-image-11059 size-medium alignleft\" src=\"https:\/\/semmelweis.hu\/bioinformatika\/files\/2025\/06\/Balint-Balint-267x400.jpg\" alt=\"\" width=\"267\" height=\"400\" srcset=\"https:\/\/semmelweis.hu\/bioinformatika\/files\/2025\/06\/Balint-Balint-267x400.jpg 267w, https:\/\/semmelweis.hu\/bioinformatika\/files\/2025\/06\/Balint-Balint.jpg 600w\" sizes=\"auto, (max-width: 267px) 100vw, 267px\" \/>N\u00e9v:<\/strong> Dr .B\u00e1lint B\u00e1lint L\u00e1szl\u00f3<\/p>\n<p><strong>T\u00e9ma: <\/strong>Klinikai \u00e9s epigenetikai adatok bioinformatikai felhaszn\u00e1l\u00e1s\u00e1nak vizsg\u00e1lata.<\/p>\n<p><strong>Beoszt\u00e1s:<\/strong> vend\u00e9g kutat\u00f3<\/p>\n<p><strong>Bemutatkoz\u00e1s:<\/strong><\/p>\n<p>Orvosi diplom\u00e1j\u00e1t 1996-ban szerezte meg a Semmelweis Orvostudom\u00e1nyi Egyetem \u00c1ltal\u00e1nos Orvosi Kar\u00e1n. 2001-ben kezdte meg PhD tanulm\u00e1nyait Nagy L\u00e1szl\u00f3 munkacsoportj\u00e1ban a Debreceni Egyetem \u00c1OK, Biok\u00e9miai \u00e9s Molekul\u00e1ris Biol\u00f3giai Int\u00e9zet\u00e9ben, egy EU-FP5 konzorcium Young Investigator tagja. PhD kutat\u00e1sai alatt sikeresen vezeti be a kromatin immunoprecipit\u00e1ci\u00f3s technol\u00f3gi\u00e1t a munkacsoport eszk\u00f6zt\u00e1r\u00e1ba. Doktori v\u00e9d\u00e9s\u00e9re 2005 december\u00e9ben ker\u00fclt sor, summa cum laude min\u0151s\u00edt\u00e9ssel, disszert\u00e1ci\u00f3j\u00e1nak c\u00edme: \u201eEpigenetic Regulation of Hormonal Response\u201d. 2006-2009 k\u00f6z\u00f6tt a Nagy L\u00e1szl\u00f3 munkacsoport tagja, majd 2018-ig a Genomi Medicina \u00e9s Bioinformatikai Szolg\u00e1ltat\u00f3 Laborat\u00f3rium laborvezet\u0151je. Vezet\u00e9se alatt indulnak el az Illumina szekven\u00e1l\u00e1si technol\u00f3gi\u00e1k Debrecenben. D\u00f6nt\u0151 szerepe volt a ChIP-Seq technol\u00f3gi\u00e1k sikeres bevezet\u00e9s\u00e9ben.<\/p>\n<p>Kutat\u00e1si ter\u00fclete az epigenetika \u00e9s a funkcion\u00e1lis genomika. Ezen a t\u00e9ren adatelemz\u00e9ssel \u00e9s adatintegr\u00e1l\u00e1ssal foglalkozott. Az epigenetikai \u00f6r\u00f6kl\u0151d\u00e9s fizikai hordoz\u00f3i a kromatin szintj\u00e9n m\u00f3dos\u00edtj\u00e1k a g\u00e9nek kifejez\u0151d\u00e9s\u00e9t. Kutat\u00e1sainak c\u00e9lja megismerni \u00e9s kiakn\u00e1zni a g\u00e9nexpresszi\u00f3 kromatin szint\u0171 szab\u00e1lyoz\u00e1s\u00e1nak folyamatait az onkol\u00f3giai k\u00f3rk\u00e9pek kialakul\u00e1s\u00e1ban \u00e9s kezel\u00e9s\u00e9ben. Ebb\u0151l a c\u00e9lb\u00f3l a g\u00e9nexpresszi\u00f3 szab\u00e1lyoz\u00e1s\u00e1ban kritikus elemek jelent\u0151s\u00e9g\u00e9t vizsg\u00e1lja daganatos sejtekben \u00e9s izogenikus sejtekben. C\u00e9lja a rendelkez\u00e9sre \u00e1ll\u00f3 adatok multiomikai integr\u00e1l\u00e1sa \u00e9s daganatos betegekb\u0151l sz\u00e1rmaz\u00f3 mint\u00e1kban predikt\u00edv markerek azonos\u00edt\u00e1sa.<\/p>\n<p>Scientometrics adatb\u00e1zisban (<a href=\"https:\/\/scientometrics.org\/?scopusid=8626301100&amp;discipline=Biomedical%20Research\">https:\/\/scientometrics.org\/?scopusid=8626301100&amp;discipline=Biomedical%20Research<\/a>) a besorol\u00e1sa 2023-ban: D2. Google Scholar adatb\u00e1zis (<a href=\"https:\/\/scholar.google.hu\/citations?hl=en&amp;user=K0lmI64AAAAJ\">https:\/\/scholar.google.hu\/citations?hl=en&amp;user=K0lmI64AAAAJ<\/a> ) alapj\u00e1n 2023-ban a H indexe 21, cit\u00e1ci\u00f3inak a sz\u00e1ma 2734. Scopus adatb\u00e1zisban (<a href=\"https:\/\/www.scopus.com\/authid\/detail.uri?authorId=8626301100\">https:\/\/www.scopus.com\/authid\/detail.uri?authorId=8626301100<\/a> ) nyilv\u00e1ntartott publik\u00e1ci\u00f3inak sz\u00e1ma 2023-ban: 55 db.<\/p>\n<p>Vezet\u00e9se alatt eddig h\u00e1rom sikeres PhD fokozatszerz\u00e9s t\u00f6rt\u00e9nt. Vezet\u00e9s\u00e9vel 28 p\u00e1lyamunka k\u00e9sz\u00fclt \u00e9s 3 OTDK helyez\u00e9s sz\u00fcletett.<\/p>\n<p>K\u00e9t alkalommal r\u00e9szes\u00fclt Szodoray \u00f6szt\u00f6nd\u00edjban, egy alkalommal Magyary Zolt\u00e1n \u00d6szt\u00f6nd\u00edjban \u00e9s egyszer volt Bolyai \u00f6szt\u00f6nd\u00edjas. K\u00e9t OTKA p\u00e1ly\u00e1zatban vezet\u0151 kutat\u00f3 \u00e9s nyolc t\u00e1mogatott OTKA projektben t\u00e1rs kutat\u00f3. Az Adatintenz\u00edv \u00e9s Ny\u00edlt Tudom\u00e1ny Iskola alap\u00edt\u00f3ja \u00e9s vezet\u0151je. T\u00f6bb Elixir bioinformatikai \u00e9s oktat\u00e1si kurzust szervezett a Debreceni Egyetemen. T\u00e1rsalap\u00edt\u00f3ja volt a Danube Epigenetics Conference sorozatnak \u00e9s szervez\u0151je 2012, 2014, 2016 \u00e9s 2018 \u00e9vekben.<\/p>\n<p>2017-t\u0151l orvosi laborat\u00f3riumi diagnosztika szakorvos, 2022-t\u0151l Hajd\u00fa-Bihar V\u00e1rmegye tisztif\u0151orvosa.<\/p>\n","protected":false},"excerpt":{"rendered":"<p>N\u00e9v: Dr .B\u00e1lint B\u00e1lint L\u00e1szl\u00f3 T\u00e9ma: Klinikai \u00e9s epigenetikai adatok bioinformatikai felhaszn\u00e1l\u00e1s\u00e1nak vizsg\u00e1lata. Beoszt\u00e1s: vend\u00e9g kutat\u00f3 Bemutatkoz\u00e1s: Orvosi diplom\u00e1j\u00e1t 1996-ban szerezte meg a Semmelweis Orvostudom\u00e1nyi Egyetem \u00c1ltal\u00e1nos Orvosi Kar\u00e1n. 2001-ben kezdte meg PhD tanulm\u00e1nyait Nagy L\u00e1szl\u00f3 munkacsoportj\u00e1ban a Debreceni Egyetem \u00c1OK, Biok\u00e9miai \u00e9s Molekul\u00e1ris Biol\u00f3giai Int\u00e9zet\u00e9ben, egy EU-FP5 konzorcium Young Investigator tagja. PhD kutat\u00e1sai alatt &hellip;<\/p>\n","protected":false},"author":102018,"featured_media":0,"parent":9740,"menu_order":8,"comment_status":"closed","ping_status":"closed","template":"","meta":{"_acf_changed":false,"footnotes":""},"categories":[],"tags":[],"class_list":["post-9767","page","type-page","status-publish","hentry"],"acf":[],"_links":{"self":[{"href":"https:\/\/semmelweis.hu\/bioinformatika\/wp-json\/wp\/v2\/pages\/9767","targetHints":{"allow":["GET"]}}],"collection":[{"href":"https:\/\/semmelweis.hu\/bioinformatika\/wp-json\/wp\/v2\/pages"}],"about":[{"href":"https:\/\/semmelweis.hu\/bioinformatika\/wp-json\/wp\/v2\/types\/page"}],"author":[{"embeddable":true,"href":"https:\/\/semmelweis.hu\/bioinformatika\/wp-json\/wp\/v2\/users\/102018"}],"replies":[{"embeddable":true,"href":"https:\/\/semmelweis.hu\/bioinformatika\/wp-json\/wp\/v2\/comments?post=9767"}],"version-history":[{"count":6,"href":"https:\/\/semmelweis.hu\/bioinformatika\/wp-json\/wp\/v2\/pages\/9767\/revisions"}],"predecessor-version":[{"id":11107,"href":"https:\/\/semmelweis.hu\/bioinformatika\/wp-json\/wp\/v2\/pages\/9767\/revisions\/11107"}],"up":[{"embeddable":true,"href":"https:\/\/semmelweis.hu\/bioinformatika\/wp-json\/wp\/v2\/pages\/9740"}],"wp:attachment":[{"href":"https:\/\/semmelweis.hu\/bioinformatika\/wp-json\/wp\/v2\/media?parent=9767"}],"wp:term":[{"taxonomy":"category","embeddable":true,"href":"https:\/\/semmelweis.hu\/bioinformatika\/wp-json\/wp\/v2\/categories?post=9767"},{"taxonomy":"post_tag","embeddable":true,"href":"https:\/\/semmelweis.hu\/bioinformatika\/wp-json\/wp\/v2\/tags?post=9767"}],"curies":[{"name":"wp","href":"https:\/\/api.w.org\/{rel}","templated":true}]}}