{"id":9753,"date":"2023-10-24T14:50:21","date_gmt":"2023-10-24T12:50:21","guid":{"rendered":"https:\/\/semmelweis.hu\/bioinformatika\/?page_id=9753"},"modified":"2023-11-23T10:10:13","modified_gmt":"2023-11-23T09:10:13","slug":"dr-figler-aida-phd","status":"publish","type":"page","link":"https:\/\/semmelweis.hu\/bioinformatika\/tanszekunk-bemutatasa\/oktato-kutatok\/dr-figler-aida-phd\/","title":{"rendered":"Dr. Figler Aida"},"content":{"rendered":"<p><strong><img loading=\"lazy\" decoding=\"async\" class=\"size-full wp-image-8978 alignleft\" src=\"https:\/\/semmelweis.hu\/bioinformatika\/files\/2023\/02\/Figler-Aida_.jpg\" alt=\"\" width=\"234\" height=\"353\" \/>N\u00e9v:<\/strong> Dr. Figler Aida<\/p>\n<p><strong>T\u00e9ma:<\/strong> Onkol\u00f3gia sz\u00f6vetmint\u00e1k archiv\u00e1lt gy\u0171jtem\u00e9ny\u00e9nek l\u00e9trehoz\u00e1sa<\/p>\n<p><strong>Beoszt\u00e1s:<\/strong> kutat\u00e1si munkat\u00e1rs<\/p>\n<p><strong>Bemutatkoz\u00e1s: <\/strong><\/p>\n<p>A Debreceni Egyetem Term\u00e9szettudom\u00e1nyi \u00e9s Technol\u00f3giai Kar\u00e1n szereztem meg diplom\u00e1mat 2016-ban Biol\u00f3gusk\u00e9nt, majd 2018-ban Hidrobiol\u00f3gusk\u00e9nt. Ezt k\u00f6vet\u0151en kezdtem el K\u00f6rnyezettudom\u00e1nyi PhD tanulm\u00e1nyaimat a Juh\u00e1sz-Nagy P\u00e1l Doktori Iskol\u00e1ban, ahol k\u00e9s\u0151bb summa cum laude kaptam meg doktori fokozatomat. 2022 j\u00faniusa \u00f3ta dolgozom a Bioinformatika Tansz\u00e9ken, ahol a Semmelweis Onkobank koordin\u00e1ci\u00f3s feladatait l\u00e1tom el, teljesk\u00f6r\u0171en r\u00e9szt veszek a laborat\u00f3riumi kutat\u00f3munk\u00e1ban, kiadv\u00e1nyok szerkeszt\u00e9s\u00e9ben valamint az <a href=\"https:\/\/onkobank.com\/\">https:\/\/onkobank.com\/<\/a> honlap kezel\u00e9s\u00e9ben.<\/p>\n<p>&nbsp;<\/p>\n","protected":false},"excerpt":{"rendered":"<p>N\u00e9v: Dr. Figler Aida T\u00e9ma: Onkol\u00f3gia sz\u00f6vetmint\u00e1k archiv\u00e1lt gy\u0171jtem\u00e9ny\u00e9nek l\u00e9trehoz\u00e1sa Beoszt\u00e1s: kutat\u00e1si munkat\u00e1rs Bemutatkoz\u00e1s: A Debreceni Egyetem Term\u00e9szettudom\u00e1nyi \u00e9s Technol\u00f3giai Kar\u00e1n szereztem meg diplom\u00e1mat 2016-ban Biol\u00f3gusk\u00e9nt, majd 2018-ban Hidrobiol\u00f3gusk\u00e9nt. Ezt k\u00f6vet\u0151en kezdtem el K\u00f6rnyezettudom\u00e1nyi PhD tanulm\u00e1nyaimat a Juh\u00e1sz-Nagy P\u00e1l Doktori Iskol\u00e1ban, ahol k\u00e9s\u0151bb summa cum laude kaptam meg doktori fokozatomat. 2022 j\u00faniusa \u00f3ta dolgozom a &hellip;<\/p>\n","protected":false},"author":102018,"featured_media":0,"parent":9740,"menu_order":4,"comment_status":"closed","ping_status":"closed","template":"","meta":{"_acf_changed":false,"footnotes":""},"categories":[],"tags":[],"class_list":["post-9753","page","type-page","status-publish","hentry"],"acf":[],"_links":{"self":[{"href":"https:\/\/semmelweis.hu\/bioinformatika\/wp-json\/wp\/v2\/pages\/9753","targetHints":{"allow":["GET"]}}],"collection":[{"href":"https:\/\/semmelweis.hu\/bioinformatika\/wp-json\/wp\/v2\/pages"}],"about":[{"href":"https:\/\/semmelweis.hu\/bioinformatika\/wp-json\/wp\/v2\/types\/page"}],"author":[{"embeddable":true,"href":"https:\/\/semmelweis.hu\/bioinformatika\/wp-json\/wp\/v2\/users\/102018"}],"replies":[{"embeddable":true,"href":"https:\/\/semmelweis.hu\/bioinformatika\/wp-json\/wp\/v2\/comments?post=9753"}],"version-history":[{"count":4,"href":"https:\/\/semmelweis.hu\/bioinformatika\/wp-json\/wp\/v2\/pages\/9753\/revisions"}],"predecessor-version":[{"id":9943,"href":"https:\/\/semmelweis.hu\/bioinformatika\/wp-json\/wp\/v2\/pages\/9753\/revisions\/9943"}],"up":[{"embeddable":true,"href":"https:\/\/semmelweis.hu\/bioinformatika\/wp-json\/wp\/v2\/pages\/9740"}],"wp:attachment":[{"href":"https:\/\/semmelweis.hu\/bioinformatika\/wp-json\/wp\/v2\/media?parent=9753"}],"wp:term":[{"taxonomy":"category","embeddable":true,"href":"https:\/\/semmelweis.hu\/bioinformatika\/wp-json\/wp\/v2\/categories?post=9753"},{"taxonomy":"post_tag","embeddable":true,"href":"https:\/\/semmelweis.hu\/bioinformatika\/wp-json\/wp\/v2\/tags?post=9753"}],"curies":[{"name":"wp","href":"https:\/\/api.w.org\/{rel}","templated":true}]}}

<p><strong><img loading="lazy" decoding="async" class="size-full wp-image-8978 alignleft" src="https://semmelweis.hu/bioinformatika/files/2023/02/Figler-Aida_.jpg" alt="" width="234" height="353" />Név:</strong> Dr. Figler Aida</p>
<p><strong>Téma:</strong> Onkológia szövetminták archivált gyűjteményének létrehozása</p>
<p><strong>Beosztás:</strong> kutatási munkatárs</p>
<p><strong>Bemutatkozás: </strong></p>
<p>A Debreceni Egyetem Természettudományi és Technológiai Karán szereztem meg diplomámat 2016-ban Biológusként, majd 2018-ban Hidrobiológusként. Ezt követően kezdtem el Környezettudományi PhD tanulmányaimat a Juhász-Nagy Pál Doktori Iskolában, ahol később summa cum laude kaptam meg doktori fokozatomat. 2022 júniusa óta dolgozom a Bioinformatika Tanszéken, ahol a Semmelweis Onkobank koordinációs feladatait látom el, teljeskörűen részt veszek a laboratóriumi kutatómunkában, kiadványok szerkesztésében valamint az <a href="https://onkobank.com/">https://onkobank.com/</a> honlap kezelésében.</p>
<p>&nbsp;</p>

<p>Név: Dr. Figler Aida Téma: Onkológia szövetminták archivált gyűjteményének létrehozása Beosztás: kutatási munkatárs Bemutatkozás: A Debreceni Egyetem Természettudományi és Technológiai Karán szereztem meg diplomámat 2016-ban Biológusként, majd 2018-ban Hidrobiológusként. Ezt követően kezdtem el Környezettudományi PhD tanulmányaimat a Juhász-Nagy Pál Doktori Iskolában, ahol később summa cum laude kaptam meg doktori fokozatomat. 2022 júniusa óta dolgozom a &hellip;</p>
