{"id":9750,"date":"2023-10-24T14:49:39","date_gmt":"2023-10-24T12:49:39","guid":{"rendered":"https:\/\/semmelweis.hu\/bioinformatika\/?page_id=9750"},"modified":"2023-11-08T13:25:09","modified_gmt":"2023-11-08T12:25:09","slug":"dr-munkacsy-gyongyi-phd","status":"publish","type":"page","link":"https:\/\/semmelweis.hu\/bioinformatika\/tanszekunk-bemutatasa\/oktato-kutatok\/dr-munkacsy-gyongyi-phd\/","title":{"rendered":"Dr. Munk\u00e1csy Gy\u00f6ngyi"},"content":{"rendered":"<p><strong><img loading=\"lazy\" decoding=\"async\" class=\"size-full wp-image-9853 alignleft\" src=\"https:\/\/semmelweis.hu\/bioinformatika\/files\/2023\/11\/Munkacsy-Gyongyi-260_371.jpg\" alt=\"\" width=\"260\" height=\"371\" \/>N\u00e9v:<\/strong> Dr. Munk\u00e1csy Gy\u00f6ngyi<\/p>\n<p><strong>T\u00e9ma:<\/strong> Onkol\u00f3giai biomarkerek azonos\u00edt\u00e1sa \u00fajgener\u00e1ci\u00f3s szekven\u00e1l\u00e1ssal nyert adatok bioinformatikai ki\u00e9rt\u00e9kel\u00e9s\u00e9vel<\/p>\n<p><strong>Beoszt\u00e1s: <\/strong>egyetemi adjunktus<\/p>\n<p><strong>Bemutatkoz\u00e1s:<\/strong><\/p>\n<p>Az \u00c1llatorvostudom\u00e1nyi Egyetem alkalmazott zool\u00f3gus szak\u00e1n szerezte diplom\u00e1j\u00e1t, majd PhD tanulm\u00e1nyait a Semmelweis Egyetem Patol\u00f3giai Tudom\u00e1nyok Doktori Iskol\u00e1ban v\u00e9gezte el. A Semmelweis Egyetem Bioinformatika Tansz\u00e9k\u00e9nek adjunktusak\u00e9nt r\u00e9szt vesz az egyetemi oktat\u00e1sban, melynek keret\u00e9ben az \u00fajgener\u00e1ci\u00f3s szekven\u00e1l\u00e1ssal nyert adatok ki\u00e9rt\u00e9kel\u00e9s\u00e9nek folyamat\u00e1r\u00f3l tart el\u0151ad\u00e1sokat \u00e9s gyakorlatokat. Az OnkoBank m\u0171k\u00f6d\u00e9s\u00e9hez k\u00fcl\u00f6nf\u00e9le labordiagnosztikai elj\u00e1r\u00e1sok alkalmaz\u00e1s\u00e1val j\u00e1rul hozz\u00e1: a mint\u00e1k min\u0151s\u00e9gi ellen\u0151rz\u00e9s\u00e9t \u00e9s \u00fajgener\u00e1ci\u00f3s szekven\u00e1l\u00e1s\u00e1t v\u00e9gzi. A szekven\u00e1l\u00e1s sor\u00e1n nyert adatok bioinformatika elemz\u00e9s\u00e9vel mut\u00e1ci\u00f3kat \u00e9s transzkriptomikai elt\u00e9r\u00e9seket t\u00e1r fel, amelyek t\u00e1mpontot adhatnak a klinikusok szem\u00e9lyre szabott ter\u00e1pi\u00e1s d\u00f6nt\u00e9shozatal\u00e1ban \u00e9s lehet\u0151s\u00e9g ny\u00edlik \u00faj biomarkerek, \u00faj ter\u00e1pi\u00e1s c\u00e9lpontok azonos\u00edt\u00e1s\u00e1ra.<\/p>\n","protected":false},"excerpt":{"rendered":"<p>N\u00e9v: Dr. Munk\u00e1csy Gy\u00f6ngyi T\u00e9ma: Onkol\u00f3giai biomarkerek azonos\u00edt\u00e1sa \u00fajgener\u00e1ci\u00f3s szekven\u00e1l\u00e1ssal nyert adatok bioinformatikai ki\u00e9rt\u00e9kel\u00e9s\u00e9vel Beoszt\u00e1s: egyetemi adjunktus Bemutatkoz\u00e1s: Az \u00c1llatorvostudom\u00e1nyi Egyetem alkalmazott zool\u00f3gus szak\u00e1n szerezte diplom\u00e1j\u00e1t, majd PhD tanulm\u00e1nyait a Semmelweis Egyetem Patol\u00f3giai Tudom\u00e1nyok Doktori Iskol\u00e1ban v\u00e9gezte el. A Semmelweis Egyetem Bioinformatika Tansz\u00e9k\u00e9nek adjunktusak\u00e9nt r\u00e9szt vesz az egyetemi oktat\u00e1sban, melynek keret\u00e9ben az \u00fajgener\u00e1ci\u00f3s szekven\u00e1l\u00e1ssal nyert &hellip;<\/p>\n","protected":false},"author":102018,"featured_media":0,"parent":9740,"menu_order":3,"comment_status":"closed","ping_status":"closed","template":"","meta":{"_acf_changed":false,"footnotes":""},"categories":[],"tags":[],"class_list":["post-9750","page","type-page","status-publish","hentry"],"acf":[],"_links":{"self":[{"href":"https:\/\/semmelweis.hu\/bioinformatika\/wp-json\/wp\/v2\/pages\/9750","targetHints":{"allow":["GET"]}}],"collection":[{"href":"https:\/\/semmelweis.hu\/bioinformatika\/wp-json\/wp\/v2\/pages"}],"about":[{"href":"https:\/\/semmelweis.hu\/bioinformatika\/wp-json\/wp\/v2\/types\/page"}],"author":[{"embeddable":true,"href":"https:\/\/semmelweis.hu\/bioinformatika\/wp-json\/wp\/v2\/users\/102018"}],"replies":[{"embeddable":true,"href":"https:\/\/semmelweis.hu\/bioinformatika\/wp-json\/wp\/v2\/comments?post=9750"}],"version-history":[{"count":6,"href":"https:\/\/semmelweis.hu\/bioinformatika\/wp-json\/wp\/v2\/pages\/9750\/revisions"}],"predecessor-version":[{"id":9858,"href":"https:\/\/semmelweis.hu\/bioinformatika\/wp-json\/wp\/v2\/pages\/9750\/revisions\/9858"}],"up":[{"embeddable":true,"href":"https:\/\/semmelweis.hu\/bioinformatika\/wp-json\/wp\/v2\/pages\/9740"}],"wp:attachment":[{"href":"https:\/\/semmelweis.hu\/bioinformatika\/wp-json\/wp\/v2\/media?parent=9750"}],"wp:term":[{"taxonomy":"category","embeddable":true,"href":"https:\/\/semmelweis.hu\/bioinformatika\/wp-json\/wp\/v2\/categories?post=9750"},{"taxonomy":"post_tag","embeddable":true,"href":"https:\/\/semmelweis.hu\/bioinformatika\/wp-json\/wp\/v2\/tags?post=9750"}],"curies":[{"name":"wp","href":"https:\/\/api.w.org\/{rel}","templated":true}]}}