{"id":9748,"date":"2023-10-24T14:48:19","date_gmt":"2023-10-24T12:48:19","guid":{"rendered":"https:\/\/semmelweis.hu\/bioinformatika\/?page_id=9748"},"modified":"2023-11-14T10:21:32","modified_gmt":"2023-11-14T09:21:32","slug":"dr-fekete-janos-tibor-phd","status":"publish","type":"page","link":"https:\/\/semmelweis.hu\/bioinformatika\/tanszekunk-bemutatasa\/oktato-kutatok\/dr-fekete-janos-tibor-phd\/","title":{"rendered":"Dr. Fekete J\u00e1nos Tibor"},"content":{"rendered":"<p><img loading=\"lazy\" decoding=\"async\" class=\"size-full wp-image-9080 alignleft\" src=\"https:\/\/semmelweis.hu\/bioinformatika\/files\/2023\/04\/Fekete-Janos_279_341.jpg\" alt=\"\" width=\"279\" height=\"341\" \/><strong>N\u00e9v:<\/strong> Dr. Fekete J\u00e1nos Tibor<\/p>\n<p><strong>T\u00e9ma:<\/strong> Predikt\u00edv biomarkerek az onkol\u00f3gi\u00e1ban<\/p>\n<p><strong>Beoszt\u00e1s:<\/strong> egyetemi adjunktus<\/p>\n<p>A Nyugat-Magyarorsz\u00e1gi Egyetem szombathelyi kar\u00e1n biol\u00f3gus alapv\u00e9gzetts\u00e9get, a Kecskem\u00e9ti F\u0151iskol\u00e1n programoz\u00f3 szakir\u00e1ny\u00fa szakk\u00e9pzetts\u00e9get, a P\u00e9csi Tudom\u00e1nyegyetem Eg\u00e9szs\u00e9gtudom\u00e1nyi Kar\u00e1n Klinikai Laborat\u00f3riumi Kutat\u00f3 MSc oklevelet kapott. Doktori fokozat\u00e1t a Semmelweis Egyetem Doktori Iskol\u00e1ban szerzett. R\u00e9szt vesz a Tansz\u00e9k \u00e1ltal szervezett kurzusok oktat\u00e1s\u00e1ban. A kutat\u00e1sainak f\u00f3kusz\u00e1ban a predikt\u00edv biomarkerek \u00e1llnak<\/p>\n","protected":false},"excerpt":{"rendered":"<p>N\u00e9v: Dr. Fekete J\u00e1nos Tibor T\u00e9ma: Predikt\u00edv biomarkerek az onkol\u00f3gi\u00e1ban Beoszt\u00e1s: egyetemi adjunktus A Nyugat-Magyarorsz\u00e1gi Egyetem szombathelyi kar\u00e1n biol\u00f3gus alapv\u00e9gzetts\u00e9get, a Kecskem\u00e9ti F\u0151iskol\u00e1n programoz\u00f3 szakir\u00e1ny\u00fa szakk\u00e9pzetts\u00e9get, a P\u00e9csi Tudom\u00e1nyegyetem Eg\u00e9szs\u00e9gtudom\u00e1nyi Kar\u00e1n Klinikai Laborat\u00f3riumi Kutat\u00f3 MSc oklevelet kapott. Doktori fokozat\u00e1t a Semmelweis Egyetem Doktori Iskol\u00e1ban szerzett. R\u00e9szt vesz a Tansz\u00e9k \u00e1ltal szervezett kurzusok oktat\u00e1s\u00e1ban. A kutat\u00e1sainak &hellip;<\/p>\n","protected":false},"author":102018,"featured_media":0,"parent":9740,"menu_order":2,"comment_status":"closed","ping_status":"closed","template":"","meta":{"_acf_changed":false,"footnotes":""},"categories":[],"tags":[],"class_list":["post-9748","page","type-page","status-publish","hentry"],"acf":[],"_links":{"self":[{"href":"https:\/\/semmelweis.hu\/bioinformatika\/wp-json\/wp\/v2\/pages\/9748","targetHints":{"allow":["GET"]}}],"collection":[{"href":"https:\/\/semmelweis.hu\/bioinformatika\/wp-json\/wp\/v2\/pages"}],"about":[{"href":"https:\/\/semmelweis.hu\/bioinformatika\/wp-json\/wp\/v2\/types\/page"}],"author":[{"embeddable":true,"href":"https:\/\/semmelweis.hu\/bioinformatika\/wp-json\/wp\/v2\/users\/102018"}],"replies":[{"embeddable":true,"href":"https:\/\/semmelweis.hu\/bioinformatika\/wp-json\/wp\/v2\/comments?post=9748"}],"version-history":[{"count":4,"href":"https:\/\/semmelweis.hu\/bioinformatika\/wp-json\/wp\/v2\/pages\/9748\/revisions"}],"predecessor-version":[{"id":9934,"href":"https:\/\/semmelweis.hu\/bioinformatika\/wp-json\/wp\/v2\/pages\/9748\/revisions\/9934"}],"up":[{"embeddable":true,"href":"https:\/\/semmelweis.hu\/bioinformatika\/wp-json\/wp\/v2\/pages\/9740"}],"wp:attachment":[{"href":"https:\/\/semmelweis.hu\/bioinformatika\/wp-json\/wp\/v2\/media?parent=9748"}],"wp:term":[{"taxonomy":"category","embeddable":true,"href":"https:\/\/semmelweis.hu\/bioinformatika\/wp-json\/wp\/v2\/categories?post=9748"},{"taxonomy":"post_tag","embeddable":true,"href":"https:\/\/semmelweis.hu\/bioinformatika\/wp-json\/wp\/v2\/tags?post=9748"}],"curies":[{"name":"wp","href":"https:\/\/api.w.org\/{rel}","templated":true}]}}

Dr. Fekete János Tibor

<p><img loading="lazy" decoding="async" class="size-full wp-image-9080 alignleft" src="https://semmelweis.hu/bioinformatika/files/2023/04/Fekete-Janos_279_341.jpg" alt="" width="279" height="341" /><strong>Név:</strong> Dr. Fekete János Tibor</p>
<p><strong>Téma:</strong> Prediktív biomarkerek az onkológiában</p>
<p><strong>Beosztás:</strong> egyetemi adjunktus</p>
<p>A Nyugat-Magyarországi Egyetem szombathelyi karán biológus alapvégzettséget, a Kecskeméti Főiskolán programozó szakirányú szakképzettséget, a Pécsi Tudományegyetem Egészségtudományi Karán Klinikai Laboratóriumi Kutató MSc oklevelet kapott. Doktori fokozatát a Semmelweis Egyetem Doktori Iskolában szerzett. Részt vesz a Tanszék által szervezett kurzusok oktatásában. A kutatásainak fókuszában a prediktív biomarkerek állnak</p>

<p>Név: Dr. Fekete János Tibor Téma: Prediktív biomarkerek az onkológiában Beosztás: egyetemi adjunktus A Nyugat-Magyarországi Egyetem szombathelyi karán biológus alapvégzettséget, a Kecskeméti Főiskolán programozó szakirányú szakképzettséget, a Pécsi Tudományegyetem Egészségtudományi Karán Klinikai Laboratóriumi Kutató MSc oklevelet kapott. Doktori fokozatát a Semmelweis Egyetem Doktori Iskolában szerzett. Részt vesz a Tanszék által szervezett kurzusok oktatásában. A kutatásainak &hellip;</p>
