{"id":9597,"date":"2023-09-18T14:06:21","date_gmt":"2023-09-18T12:06:21","guid":{"rendered":"https:\/\/semmelweis.hu\/bioinformatika\/?page_id=9597"},"modified":"2023-10-06T15:11:09","modified_gmt":"2023-10-06T13:11:09","slug":"kiss-luca","status":"publish","type":"page","link":"https:\/\/semmelweis.hu\/bioinformatika\/tanszekunk-bemutatasa\/phd-hallgatok\/kiss-luca\/","title":{"rendered":"Kiss Luca"},"content":{"rendered":"<p><strong><img loading=\"lazy\" decoding=\"async\" class=\" wp-image-9599 alignleft\" src=\"https:\/\/semmelweis.hu\/bioinformatika\/files\/2023\/09\/Kiss-Luca_Phd-hallgato_260_360.jpg\" alt=\"\" width=\"338\" height=\"467\" \/>n\u00e9v:<\/strong> Kiss Luca<\/p>\n<p><strong>t\u00e9ma:<\/strong> A<span style=\"font-family: times new roman, serif\"> cukorbetegs\u00e9g illetve a tumoros megbeteged\u00e9sek k\u00f6z\u00f6tti \u00f6sszef\u00fcgg\u00e9sek<\/span><\/p>\n<p><strong>t\u00e9mavezet\u0151: <\/strong>\u00a0Dr. Menyh\u00e1rt Ot\u00edlia PhD<\/p>\n<p><strong>kutat\u00e1si t\u00e9ma \u00f6sszefoglal\u00e1sa: <\/strong>A<span style=\"font-family: times new roman, serif\"> cukorbetegs\u00e9g illetve a tumoros megbeteged\u00e9sek k\u00f6z\u00f6tti \u00f6sszef\u00fcgg\u00e9seket keresem. C\u00e9lom tumorsejtek metabolikus folyamataiban t\u00f6rt\u00e9n\u0151 v\u00e1ltoz\u00e1sok\u00e9rt felel\u0151s g\u00e9nmut\u00e1ci\u00f3k felt\u00e1r\u00e1sa \u00faj gener\u00e1ci\u00f3s szekven\u00e1l\u00e1s valamint k\u00fcl\u00f6nb\u00f6z\u0151 bioinformatikai m\u00f3dszerek alkalmaz\u00e1s\u00e1val. <\/span>Emellett c\u00e9lom olyan tumormarkerek keres\u00e9se, mely param\u00e9terek be\u00e9p\u00edthet\u0151ek v\u00e9r, vizelet vagy egy\u00e9b testnedv analiz\u00e1torokba.\u00a0\u00a0<\/p>\n<p>&nbsp;<\/p>\n<div>\u00a0<\/div>\n","protected":false},"excerpt":{"rendered":"<p>n\u00e9v: Kiss Luca t\u00e9ma: A cukorbetegs\u00e9g illetve a tumoros megbeteged\u00e9sek k\u00f6z\u00f6tti \u00f6sszef\u00fcgg\u00e9sek t\u00e9mavezet\u0151: \u00a0Dr. Menyh\u00e1rt Ot\u00edlia PhD kutat\u00e1si t\u00e9ma \u00f6sszefoglal\u00e1sa: A cukorbetegs\u00e9g illetve a tumoros megbeteged\u00e9sek k\u00f6z\u00f6tti \u00f6sszef\u00fcgg\u00e9seket keresem. C\u00e9lom tumorsejtek metabolikus folyamataiban t\u00f6rt\u00e9n\u0151 v\u00e1ltoz\u00e1sok\u00e9rt felel\u0151s g\u00e9nmut\u00e1ci\u00f3k felt\u00e1r\u00e1sa \u00faj gener\u00e1ci\u00f3s szekven\u00e1l\u00e1s valamint k\u00fcl\u00f6nb\u00f6z\u0151 bioinformatikai m\u00f3dszerek alkalmaz\u00e1s\u00e1val. Emellett c\u00e9lom olyan tumormarkerek keres\u00e9se, mely param\u00e9terek be\u00e9p\u00edthet\u0151ek v\u00e9r, &hellip;<\/p>\n","protected":false},"author":102018,"featured_media":0,"parent":8727,"menu_order":3,"comment_status":"closed","ping_status":"closed","template":"","meta":{"_acf_changed":false,"footnotes":""},"categories":[],"tags":[],"class_list":["post-9597","page","type-page","status-publish","hentry"],"acf":[],"_links":{"self":[{"href":"https:\/\/semmelweis.hu\/bioinformatika\/wp-json\/wp\/v2\/pages\/9597","targetHints":{"allow":["GET"]}}],"collection":[{"href":"https:\/\/semmelweis.hu\/bioinformatika\/wp-json\/wp\/v2\/pages"}],"about":[{"href":"https:\/\/semmelweis.hu\/bioinformatika\/wp-json\/wp\/v2\/types\/page"}],"author":[{"embeddable":true,"href":"https:\/\/semmelweis.hu\/bioinformatika\/wp-json\/wp\/v2\/users\/102018"}],"replies":[{"embeddable":true,"href":"https:\/\/semmelweis.hu\/bioinformatika\/wp-json\/wp\/v2\/comments?post=9597"}],"version-history":[{"count":8,"href":"https:\/\/semmelweis.hu\/bioinformatika\/wp-json\/wp\/v2\/pages\/9597\/revisions"}],"predecessor-version":[{"id":9840,"href":"https:\/\/semmelweis.hu\/bioinformatika\/wp-json\/wp\/v2\/pages\/9597\/revisions\/9840"}],"up":[{"embeddable":true,"href":"https:\/\/semmelweis.hu\/bioinformatika\/wp-json\/wp\/v2\/pages\/8727"}],"wp:attachment":[{"href":"https:\/\/semmelweis.hu\/bioinformatika\/wp-json\/wp\/v2\/media?parent=9597"}],"wp:term":[{"taxonomy":"category","embeddable":true,"href":"https:\/\/semmelweis.hu\/bioinformatika\/wp-json\/wp\/v2\/categories?post=9597"},{"taxonomy":"post_tag","embeddable":true,"href":"https:\/\/semmelweis.hu\/bioinformatika\/wp-json\/wp\/v2\/tags?post=9597"}],"curies":[{"name":"wp","href":"https:\/\/api.w.org\/{rel}","templated":true}]}}