{"id":9476,"date":"2023-07-25T14:05:34","date_gmt":"2023-07-25T12:05:34","guid":{"rendered":"https:\/\/semmelweis.hu\/bioinformatika\/?page_id=9476"},"modified":"2025-04-04T16:59:56","modified_gmt":"2025-04-04T14:59:56","slug":"bioinformatika-a-jovo-uj-tudomanyaga-2023","status":"publish","type":"page","link":"https:\/\/semmelweis.hu\/bioinformatika\/tanszekunk-bemutatasa\/kiadvanyaink\/bioinformatika-a-jovo-uj-tudomanyaga-2023\/","title":{"rendered":"Bioinformatika &#8211; a j\u00f6v\u0151 \u00faj tudom\u00e1ny\u00e1ga (2023)"},"content":{"rendered":"<p>Bioinformatika &#8211; a j\u00f6v\u0151 \u00faj tudom\u00e1ny\u00e1ga (2023)<\/p>\n<p>&nbsp;<\/p>\n<p><a href=\"https:\/\/semmelweis.hu\/bioinformatika\/files\/2023\/07\/Bioinformatika_2023.pdf\"><img loading=\"lazy\" decoding=\"async\" class=\"size-full wp-image-9606 aligncenter\" src=\"https:\/\/semmelweis.hu\/bioinformatika\/files\/2023\/09\/Bioinformatika_2023_cimoldal-260_367.11.jpg\" alt=\"\" width=\"260\" height=\"367\" \/><\/a><\/p>\n","protected":false},"excerpt":{"rendered":"<p>Bioinformatika &#8211; a j\u00f6v\u0151 \u00faj tudom\u00e1ny\u00e1ga (2023)<br \/>\n&nbsp;<br \/>\n<a href=\"https:\/\/semmelweis.hu\/bioinformatika\/files\/2023\/07\/Bioinformatika_2023.pdf\"><\/a><\/p>\n","protected":false},"author":102018,"featured_media":0,"parent":9377,"menu_order":3,"comment_status":"closed","ping_status":"closed","template":"","meta":{"_acf_changed":false,"footnotes":""},"categories":[],"tags":[],"class_list":["post-9476","page","type-page","status-publish","hentry"],"acf":[],"_links":{"self":[{"href":"https:\/\/semmelweis.hu\/bioinformatika\/wp-json\/wp\/v2\/pages\/9476","targetHints":{"allow":["GET"]}}],"collection":[{"href":"https:\/\/semmelweis.hu\/bioinformatika\/wp-json\/wp\/v2\/pages"}],"about":[{"href":"https:\/\/semmelweis.hu\/bioinformatika\/wp-json\/wp\/v2\/types\/page"}],"author":[{"embeddable":true,"href":"https:\/\/semmelweis.hu\/bioinformatika\/wp-json\/wp\/v2\/users\/102018"}],"replies":[{"embeddable":true,"href":"https:\/\/semmelweis.hu\/bioinformatika\/wp-json\/wp\/v2\/comments?post=9476"}],"version-history":[{"count":9,"href":"https:\/\/semmelweis.hu\/bioinformatika\/wp-json\/wp\/v2\/pages\/9476\/revisions"}],"predecessor-version":[{"id":9982,"href":"https:\/\/semmelweis.hu\/bioinformatika\/wp-json\/wp\/v2\/pages\/9476\/revisions\/9982"}],"up":[{"embeddable":true,"href":"https:\/\/semmelweis.hu\/bioinformatika\/wp-json\/wp\/v2\/pages\/9377"}],"wp:attachment":[{"href":"https:\/\/semmelweis.hu\/bioinformatika\/wp-json\/wp\/v2\/media?parent=9476"}],"wp:term":[{"taxonomy":"category","embeddable":true,"href":"https:\/\/semmelweis.hu\/bioinformatika\/wp-json\/wp\/v2\/categories?post=9476"},{"taxonomy":"post_tag","embeddable":true,"href":"https:\/\/semmelweis.hu\/bioinformatika\/wp-json\/wp\/v2\/tags?post=9476"}],"curies":[{"name":"wp","href":"https:\/\/api.w.org\/{rel}","templated":true}]}}