{"id":9418,"date":"2023-06-27T17:05:44","date_gmt":"2023-06-27T15:05:44","guid":{"rendered":"https:\/\/semmelweis.hu\/bioinformatika\/?page_id=9418"},"modified":"2024-04-04T09:30:34","modified_gmt":"2024-04-04T07:30:34","slug":"9418-2","status":"publish","type":"page","link":"https:\/\/semmelweis.hu\/bioinformatika\/9418-2\/","title":{"rendered":"2023-as tanulm\u00e1nyi verseny eredm\u00e9ny"},"content":{"rendered":"<p style=\"text-align: left\"><img loading=\"lazy\" decoding=\"async\" class=\"wp-image-9336 alignright\" src=\"https:\/\/semmelweis.hu\/bioinformatika\/files\/2023\/06\/Tanulmanyi-verseny-2023_300_220png.png\" alt=\"\" width=\"369\" height=\"270\" \/>A Semmelweis Egyetem Bioinformatika Tansz\u00e9k\u00e9nek idei versenyfelh\u00edv\u00e1s\u00e1ra\u00a0kilenc hallgat\u00f3 jelentkezett. A feladat rosszindulat\u00fa tumoros sejtvonalak kemorezisztenci\u00e1j\u00e1ban szerepet j\u00e1tsz\u00f3 g\u00e9nexpresszi\u00f3s mint\u00e1zat azonos\u00edt\u00e1sa volt mesters\u00e9ges intelligenci\u00e1t haszn\u00e1l\u00f3 alkalmaz\u00e1sok seg\u00edts\u00e9g\u00e9vel. Helyez\u00e9st el\u00e9rt hallgat\u00f3k:<\/p>\n<p>&nbsp;<\/p>\n<ol>\n<li>helyezett:\u00a0<strong>Hajnal Benj\u00e1min (PhD hallgat\u00f3)<\/strong><br \/>\nJutalma egy nemzetk\u00f6zi bioinformatika kurzuson vagy konferenci\u00e1n val\u00f3 r\u00e9szv\u00e9tel.<\/li>\n<li>helyezett:\u00a0<strong>Di Giovanni Mark (MD-PhD hallgat\u00f3)<\/strong><br \/>\nEgy hazai bioinformatika kurzuson vagy konferenci\u00e1n vehet r\u00e9szt.<\/li>\n<\/ol>\n<p>K\u00fcl\u00f6nd\u00edj: <strong>Bar\u00e1tosi Krist\u00f3f (k\u00f6z\u00e9piskolai tanul\u00f3)<\/strong><\/p>\n<p>A k\u00e9pen balr\u00f3l jobbra, Prof. Dr. Gy\u0151rffy Bal\u00e1zs,\u00a0a Semmelweis Egyetem Bioinformatika Tansz\u00e9k\u00e9nek vezet\u0151je, Bar\u00e1tosi Krist\u00f3f (k\u00fcl\u00f6nd\u00edj), Hajnal Benjamin (I. helyez\u00e9s), Di Giovanni M\u00e1rk (II. helyez\u00e9s), Dr. Fekete J\u00e1nos (adjunktus).<\/p>\n<p>Minden p\u00e1ly\u00e1z\u00f3 r\u00e9szv\u00e9tel\u00e9t k\u00f6sz\u00f6nj\u00fck, a nyerteseknek gratul\u00e1lunk!<\/p>\n<p>&nbsp;<\/p>\n","protected":false},"excerpt":{"rendered":"<p>A Semmelweis Egyetem Bioinformatika Tansz\u00e9k\u00e9nek idei versenyfelh\u00edv\u00e1s\u00e1ra\u00a0kilenc hallgat\u00f3 jelentkezett. A feladat rosszindulat\u00fa tumoros sejtvonalak kemorezisztenci\u00e1j\u00e1ban szerepet j\u00e1tsz\u00f3 g\u00e9nexpresszi\u00f3s mint\u00e1zat azonos\u00edt\u00e1sa volt mesters\u00e9ges intelligenci\u00e1t haszn\u00e1l\u00f3 alkalmaz\u00e1sok seg\u00edts\u00e9g\u00e9vel. Helyez\u00e9st el\u00e9rt hallgat\u00f3k: &nbsp; helyezett:\u00a0Hajnal Benj\u00e1min (PhD hallgat\u00f3) Jutalma egy nemzetk\u00f6zi bioinformatika kurzuson vagy konferenci\u00e1n val\u00f3 r\u00e9szv\u00e9tel. helyezett:\u00a0Di Giovanni Mark (MD-PhD hallgat\u00f3) Egy hazai bioinformatika kurzuson vagy konferenci\u00e1n vehet &hellip;<\/p>\n","protected":false},"author":102224,"featured_media":0,"parent":0,"menu_order":3,"comment_status":"closed","ping_status":"closed","template":"","meta":{"_acf_changed":false,"footnotes":""},"categories":[],"tags":[],"class_list":["post-9418","page","type-page","status-publish","hentry"],"acf":[],"_links":{"self":[{"href":"https:\/\/semmelweis.hu\/bioinformatika\/wp-json\/wp\/v2\/pages\/9418","targetHints":{"allow":["GET"]}}],"collection":[{"href":"https:\/\/semmelweis.hu\/bioinformatika\/wp-json\/wp\/v2\/pages"}],"about":[{"href":"https:\/\/semmelweis.hu\/bioinformatika\/wp-json\/wp\/v2\/types\/page"}],"author":[{"embeddable":true,"href":"https:\/\/semmelweis.hu\/bioinformatika\/wp-json\/wp\/v2\/users\/102224"}],"replies":[{"embeddable":true,"href":"https:\/\/semmelweis.hu\/bioinformatika\/wp-json\/wp\/v2\/comments?post=9418"}],"version-history":[{"count":4,"href":"https:\/\/semmelweis.hu\/bioinformatika\/wp-json\/wp\/v2\/pages\/9418\/revisions"}],"predecessor-version":[{"id":9430,"href":"https:\/\/semmelweis.hu\/bioinformatika\/wp-json\/wp\/v2\/pages\/9418\/revisions\/9430"}],"wp:attachment":[{"href":"https:\/\/semmelweis.hu\/bioinformatika\/wp-json\/wp\/v2\/media?parent=9418"}],"wp:term":[{"taxonomy":"category","embeddable":true,"href":"https:\/\/semmelweis.hu\/bioinformatika\/wp-json\/wp\/v2\/categories?post=9418"},{"taxonomy":"post_tag","embeddable":true,"href":"https:\/\/semmelweis.hu\/bioinformatika\/wp-json\/wp\/v2\/tags?post=9418"}],"curies":[{"name":"wp","href":"https:\/\/api.w.org\/{rel}","templated":true}]}}