{"id":9374,"date":"2023-06-23T09:40:15","date_gmt":"2023-06-23T07:40:15","guid":{"rendered":"https:\/\/semmelweis.hu\/bioinformatika\/?page_id=9374"},"modified":"2023-06-23T20:12:15","modified_gmt":"2023-06-23T18:12:15","slug":"practical-training","status":"publish","type":"page","link":"https:\/\/semmelweis.hu\/bioinformatika\/english-2\/clinical-bioinformatics\/practical-training\/","title":{"rendered":"Practical Training"},"content":{"rendered":"<p>In practical training, students will learn in more detail how to evaluate genomic data.<\/p>\n<p>They will learn all the steps of genomic data processing, either by evaluating their own DNA sample or by evaluating next-generation sequencing from a patient&#8217;s DNA sample. The evaluation of sequencing data from their own DNA sample will only be provided to students who have agreed to the necessary consent form and whose absence from theoretical and practical classes does not exceed 10%.<\/p>\n<p>The exercises will be led by Bal\u00e1zs Gy\u0151rffy, \u00c1ron Bartha, Tibor J\u00e1nos Fekete, Ot\u00edlia Menyh\u00e1rt, Gy\u00f6ngyi Munk\u00e1csy<\/p>\n<p>The last practical session will include a consultation.<\/p>\n","protected":false},"excerpt":{"rendered":"<p>In practical training, students will learn in more detail how to evaluate genomic data. They will learn all the steps of genomic data processing, either by evaluating their own DNA sample or by evaluating next-generation sequencing from a patient&#8217;s DNA sample. The evaluation of sequencing data from their own DNA sample will only be provided &hellip;<\/p>\n","protected":false},"author":102018,"featured_media":0,"parent":9194,"menu_order":2,"comment_status":"closed","ping_status":"closed","template":"","meta":{"_acf_changed":false,"footnotes":""},"categories":[],"tags":[],"class_list":["post-9374","page","type-page","status-publish","hentry"],"acf":[],"_links":{"self":[{"href":"https:\/\/semmelweis.hu\/bioinformatika\/wp-json\/wp\/v2\/pages\/9374","targetHints":{"allow":["GET"]}}],"collection":[{"href":"https:\/\/semmelweis.hu\/bioinformatika\/wp-json\/wp\/v2\/pages"}],"about":[{"href":"https:\/\/semmelweis.hu\/bioinformatika\/wp-json\/wp\/v2\/types\/page"}],"author":[{"embeddable":true,"href":"https:\/\/semmelweis.hu\/bioinformatika\/wp-json\/wp\/v2\/users\/102018"}],"replies":[{"embeddable":true,"href":"https:\/\/semmelweis.hu\/bioinformatika\/wp-json\/wp\/v2\/comments?post=9374"}],"version-history":[{"count":3,"href":"https:\/\/semmelweis.hu\/bioinformatika\/wp-json\/wp\/v2\/pages\/9374\/revisions"}],"predecessor-version":[{"id":9405,"href":"https:\/\/semmelweis.hu\/bioinformatika\/wp-json\/wp\/v2\/pages\/9374\/revisions\/9405"}],"up":[{"embeddable":true,"href":"https:\/\/semmelweis.hu\/bioinformatika\/wp-json\/wp\/v2\/pages\/9194"}],"wp:attachment":[{"href":"https:\/\/semmelweis.hu\/bioinformatika\/wp-json\/wp\/v2\/media?parent=9374"}],"wp:term":[{"taxonomy":"category","embeddable":true,"href":"https:\/\/semmelweis.hu\/bioinformatika\/wp-json\/wp\/v2\/categories?post=9374"},{"taxonomy":"post_tag","embeddable":true,"href":"https:\/\/semmelweis.hu\/bioinformatika\/wp-json\/wp\/v2\/tags?post=9374"}],"curies":[{"name":"wp","href":"https:\/\/api.w.org\/{rel}","templated":true}]}}