{"id":8925,"date":"2023-02-13T12:00:25","date_gmt":"2023-02-13T11:00:25","guid":{"rendered":"https:\/\/semmelweis.hu\/bioinformatika\/?page_id=8925"},"modified":"2024-09-26T12:28:12","modified_gmt":"2024-09-26T10:28:12","slug":"inancsi-evelin","status":"publish","type":"page","link":"https:\/\/semmelweis.hu\/bioinformatika\/tanszekunk-bemutatasa\/tdk-hallgatok\/inancsi-evelin\/","title":{"rendered":"In\u00e1ncsi Evelin"},"content":{"rendered":"<p><strong><img loading=\"lazy\" decoding=\"async\" class=\" wp-image-8929 alignleft\" src=\"https:\/\/semmelweis.hu\/bioinformatika\/files\/2023\/02\/Inancsi-Evelin_261_260.jpg\" alt=\"\" width=\"274\" height=\"274\" srcset=\"https:\/\/semmelweis.hu\/bioinformatika\/files\/2023\/02\/Inancsi-Evelin_261_260.jpg 260w, https:\/\/semmelweis.hu\/bioinformatika\/files\/2023\/02\/Inancsi-Evelin_261_260-150x150.jpg 150w\" sizes=\"auto, (max-width: 274px) 100vw, 274px\" \/>n\u00e9v:<\/strong> In\u00e1ncsi Evelin<\/p>\n<p><strong>t\u00e9ma:<\/strong> Biomarker azonos\u00edt\u00e1s gasztrointesztin\u00e1lis tumorokban g\u00e9nexpresszi\u00f3hoz kapcsol\u00f3d\u00f3 elemz\u00e9sek alapj\u00e1n<\/p>\n<p style=\"text-align: left\"><strong>t\u00e9mavezet\u0151:<\/strong> Dr. Bartha \u00c1ron<\/p>\n<p><strong>r\u00f6vid bemutatkoz\u00e1s:<\/strong> A P\u00e1zm\u00e1ny P\u00e9ter Katolikus Egyetemen szereztem az alapszakos diplom\u00e1mat Molekul\u00e1ris bionika m\u00e9rn\u00f6ki szakon. Jelenleg a Budapesti M\u0171szaki \u00e9s Gazdas\u00e1gtudom\u00e1nyi Egyetem Eg\u00e9szs\u00e9g\u00fcgyi m\u00e9rn\u00f6k mesterszak\u00e1n tanulok. T\u00e9mavezet\u0151mmel 2021 \u00f3ta dolgozom egy\u00fctt. Kutat\u00e1som c\u00e9lja olyan g\u00e9nek azonos\u00edt\u00e1sa, amelyek norm\u00e1l \u00e9s tumoros sz\u00f6vetekben elt\u00e9r\u0151 m\u00e9rt\u00e9k\u0171 kifejez\u0151d\u00e9st mutatnak. Munk\u00e1n sor\u00e1n ny\u00edlt adatb\u00e1zisokban el\u00e9rhet\u0151 transzkriptom szint\u0171 adatok feldolgoz\u00e1s\u00e1t v\u00e9gzem bioinformatikai eszk\u00f6z\u00f6kkel.<\/p>\n","protected":false},"excerpt":{"rendered":"<p>n\u00e9v: In\u00e1ncsi Evelin t\u00e9ma: Biomarker azonos\u00edt\u00e1s gasztrointesztin\u00e1lis tumorokban g\u00e9nexpresszi\u00f3hoz kapcsol\u00f3d\u00f3 elemz\u00e9sek alapj\u00e1n t\u00e9mavezet\u0151: Dr. Bartha \u00c1ron r\u00f6vid bemutatkoz\u00e1s: A P\u00e1zm\u00e1ny P\u00e9ter Katolikus Egyetemen szereztem az alapszakos diplom\u00e1mat Molekul\u00e1ris bionika m\u00e9rn\u00f6ki szakon. Jelenleg a Budapesti M\u0171szaki \u00e9s Gazdas\u00e1gtudom\u00e1nyi Egyetem Eg\u00e9szs\u00e9g\u00fcgyi m\u00e9rn\u00f6k mesterszak\u00e1n tanulok. T\u00e9mavezet\u0151mmel 2021 \u00f3ta dolgozom egy\u00fctt. Kutat\u00e1som c\u00e9lja olyan g\u00e9nek azonos\u00edt\u00e1sa, amelyek norm\u00e1l \u00e9s &hellip;<\/p>\n","protected":false},"author":102018,"featured_media":0,"parent":8760,"menu_order":5,"comment_status":"closed","ping_status":"closed","template":"","meta":{"_acf_changed":false,"footnotes":""},"categories":[],"tags":[],"class_list":["post-8925","page","type-page","status-publish","hentry"],"acf":[],"_links":{"self":[{"href":"https:\/\/semmelweis.hu\/bioinformatika\/wp-json\/wp\/v2\/pages\/8925","targetHints":{"allow":["GET"]}}],"collection":[{"href":"https:\/\/semmelweis.hu\/bioinformatika\/wp-json\/wp\/v2\/pages"}],"about":[{"href":"https:\/\/semmelweis.hu\/bioinformatika\/wp-json\/wp\/v2\/types\/page"}],"author":[{"embeddable":true,"href":"https:\/\/semmelweis.hu\/bioinformatika\/wp-json\/wp\/v2\/users\/102018"}],"replies":[{"embeddable":true,"href":"https:\/\/semmelweis.hu\/bioinformatika\/wp-json\/wp\/v2\/comments?post=8925"}],"version-history":[{"count":5,"href":"https:\/\/semmelweis.hu\/bioinformatika\/wp-json\/wp\/v2\/pages\/8925\/revisions"}],"predecessor-version":[{"id":8933,"href":"https:\/\/semmelweis.hu\/bioinformatika\/wp-json\/wp\/v2\/pages\/8925\/revisions\/8933"}],"up":[{"embeddable":true,"href":"https:\/\/semmelweis.hu\/bioinformatika\/wp-json\/wp\/v2\/pages\/8760"}],"wp:attachment":[{"href":"https:\/\/semmelweis.hu\/bioinformatika\/wp-json\/wp\/v2\/media?parent=8925"}],"wp:term":[{"taxonomy":"category","embeddable":true,"href":"https:\/\/semmelweis.hu\/bioinformatika\/wp-json\/wp\/v2\/categories?post=8925"},{"taxonomy":"post_tag","embeddable":true,"href":"https:\/\/semmelweis.hu\/bioinformatika\/wp-json\/wp\/v2\/tags?post=8925"}],"curies":[{"name":"wp","href":"https:\/\/api.w.org\/{rel}","templated":true}]}}

Ináncsi Evelin

<p><strong><img loading="lazy" decoding="async" class=" wp-image-8929 alignleft" src="https://semmelweis.hu/bioinformatika/files/2023/02/Inancsi-Evelin_261_260.jpg" alt="" width="274" height="274" srcset="https://semmelweis.hu/bioinformatika/files/2023/02/Inancsi-Evelin_261_260.jpg 260w, https://semmelweis.hu/bioinformatika/files/2023/02/Inancsi-Evelin_261_260-150x150.jpg 150w" sizes="auto, (max-width: 274px) 100vw, 274px" />név:</strong> Ináncsi Evelin</p>
<p><strong>téma:</strong> Biomarker azonosítás gasztrointesztinális tumorokban génexpresszióhoz kapcsolódó elemzések alapján</p>
<p style="text-align: left"><strong>témavezető:</strong> Dr. Bartha Áron</p>
<p><strong>rövid bemutatkozás:</strong> A Pázmány Péter Katolikus Egyetemen szereztem az alapszakos diplomámat Molekuláris bionika mérnöki szakon. Jelenleg a Budapesti Műszaki és Gazdaságtudományi Egyetem Egészségügyi mérnök mesterszakán tanulok. Témavezetőmmel 2021 óta dolgozom együtt. Kutatásom célja olyan gének azonosítása, amelyek normál és tumoros szövetekben eltérő mértékű kifejeződést mutatnak. Munkán során nyílt adatbázisokban elérhető transzkriptom szintű adatok feldolgozását végzem bioinformatikai eszközökkel.</p>

<p>név: Ináncsi Evelin téma: Biomarker azonosítás gasztrointesztinális tumorokban génexpresszióhoz kapcsolódó elemzések alapján témavezető: Dr. Bartha Áron rövid bemutatkozás: A Pázmány Péter Katolikus Egyetemen szereztem az alapszakos diplomámat Molekuláris bionika mérnöki szakon. Jelenleg a Budapesti Műszaki és Gazdaságtudományi Egyetem Egészségügyi mérnök mesterszakán tanulok. Témavezetőmmel 2021 óta dolgozom együtt. Kutatásom célja olyan gének azonosítása, amelyek normál és &hellip;</p>
