{"id":8760,"date":"2023-01-26T12:16:19","date_gmt":"2023-01-26T11:16:19","guid":{"rendered":"https:\/\/semmelweis.hu\/bioinformatika\/?page_id=8760"},"modified":"2023-07-25T15:14:51","modified_gmt":"2023-07-25T13:14:51","slug":"tdk-hallgatok","status":"publish","type":"page","link":"https:\/\/semmelweis.hu\/bioinformatika\/tanszekunk-bemutatasa\/tdk-hallgatok\/","title":{"rendered":"TDK Hallgat\u00f3k"},"content":{"rendered":"<p><strong>n\u00e9v:<\/strong>\u00a0Szigeti P\u00e9ter<\/p>\n<p><strong>t\u00e9ma:<\/strong>\u00a0H\u00c9VIA<\/p>\n<p><strong>t\u00e9mavezet\u0151<\/strong>: Prof. Dr. Gy\u0151rffy Bal\u00e1zs<\/p>\n<p><strong>r\u00f6vid bemutatkoz\u00e1s<\/strong>:<\/p>\n<p>Szigeti P\u00e9ter vagyok harmad\u00e9ves orvostanhallgat\u00f3.<\/p>\n<p>Jelenleg a f\u0151 \u00e9rdekl\u0151d\u00e9si ter\u00fcletem, a statisztikai tanul\u00e1s, ezen bel\u00fcl is a neur\u00e1lis h\u00e1l\u00f3k, \u00e9s ezen modellek orvosi \u00e9s kutat\u00e1shoz val\u00f3 felhaszn\u00e1l\u00e1sa<\/p>\n<p>&nbsp;<\/p>\n<p><strong>n\u00e9v:<\/strong>\u00a0Kardos Anna<\/p>\n<p><strong>t\u00e9ma:<\/strong>\u00a0A ter\u00e1pi\u00e1s v\u00e1lasz biomarkerei az onkol\u00f3gi\u00e1ban \/ Predictive biomarkers in oncology<\/p>\n<p><strong>t\u00e9mavezet\u0151:<\/strong>\u00a0Dr. Fekete J\u00e1nos Tibor PhD<\/p>\n<p><strong>bemutatkoz\u00e1s:<\/strong>\u00a02021 \u00f3ta dolgozom egy\u00fctt a t\u00e9mavezet\u0151mmel a tansz\u00e9ken. Jelenleg a P\u00e1zm\u00e1ny P\u00e9ter Katolikus Egyetemen tanulok Info-bionika m\u00e9rn\u00f6ki MSc-n. Az elm\u00falt f\u00e9l\u00e9vekben g\u00e9nexpresszi\u00f3 alap\u00fa potenci\u00e1lis predikt\u00edv biomarkerek keres\u00e9s\u00e9vel foglalkoztam. A mesterszakos diplomamunk\u00e1mat is ebben a t\u00e9m\u00e1ban szeretn\u00e9m \u00edrni.<\/p>\n<p>&nbsp;<\/p>\n<p><strong>n\u00e9v<\/strong>: Dolecsek Fanni<\/p>\n<p><strong>t\u00e9ma<\/strong>: Non-oncogenic vulnerabilities<\/p>\n<p><strong>t\u00e9mavezet\u0151:<\/strong>\u00a0Dr. Menyh\u00e1rt Ot\u00edlia<\/p>\n<p><strong>kutat\u00e1si t\u00e9ma \u00f6sszefoglal\u00e1sa:<\/strong>\u00a0Az eml\u0151tumor sejtteny\u00e9szetet k\u00fcl\u00f6nb\u00f6z\u0151 anyagokkal (gl\u00fck\u00f3z, C-vitamin) kezelj\u00fck, \u00e9s megfigyelj\u00fck, hogyan reag\u00e1lnak ezekre a sejtek. Olyan transzkriptomos v\u00e1ltoz\u00e1sokat keres\u00fcnk, amik a ter\u00e1pia alatt seg\u00edtik a tumorsejtek t\u00fal\u00e9l\u00e9s\u00e9t. Ezek t\u00e1mad\u00e1si pontk\u00e9nt szolg\u00e1lhatnak, \u00e9s felhaszn\u00e1lhat\u00f3ak lenn\u00e9nek a klinikumban.<\/p>\n<p>&nbsp;<\/p>\n<p><strong>n\u00e9v:<\/strong> Bohus Gyula<\/p>\n<p><strong>t\u00e9ma<\/strong>: Eml\u0151daganat t\u00fal\u00e9l\u00e9si id\u0151 becsl\u00e9se mesters\u00e9ges intelligencia seg\u00edts\u00e9g\u00e9vel<\/p>\n<p><strong>t\u00e9mavezet\u0151:<\/strong> Prof. Dr. Gy\u0151rffy Bal\u00e1zs<\/p>\n<p><strong>kutat\u00e1si t\u00e9ma \u00f6sszefoglal\u00e1sa: <\/strong><\/p>\n<p>Egy nagy adatb\u00e1zis alapj\u00e1n, mesters\u00e9ges intelligencia seg\u00edts\u00e9g\u00e9vel pr\u00f3b\u00e1ljuk meg min\u00e9l pontosabban meghat\u00e1rozni egyes eml\u0151daganattal diagnosztiz\u00e1lt betegek v\u00e1rhat\u00f3 t\u00fal\u00e9l\u00e9si idej\u00e9t. Ez a t\u00e9ma nagyon relev\u00e1ns, mivel az eml\u0151daganatok a n\u0151k daganatos hal\u00e1loz\u00e1s\u00e1nak vezet\u0151 okoz\u00f3i, valamint a kezel\u00e9si strat\u00e9gi\u00e1juk kialak\u00edt\u00e1s\u00e1ban kulcsfontoss\u00e1g\u00fa a beteg v\u00e1rhat\u00f3 \u00e9lettartalm\u00e1nak az ismerete. C\u00e9lunk, hogy ezt a probl\u00e9m\u00e1t min\u00e9l jobban megoldjuk, prospekt\u00edven valid\u00e1ljuk \u00e9s eredm\u00e9nyeinket el\u00e9rhet\u0151v\u00e9 tegy\u00fck a vil\u00e1g klinikusai sz\u00e1m\u00e1ra egy weboldal form\u00e1j\u00e1ban.<\/p>\n<p>&nbsp;<\/p>\n<p><strong>n\u00e9v:<\/strong> K\u00e9menes \u00c1ron<\/p>\n<p><strong>t\u00e9ma:<\/strong> Eml\u0151tumoros betegek t\u00fal\u00e9l\u00e9s\u00e9nek predikci\u00f3ja<\/p>\n<p><strong>t\u00e9mavezet\u0151:<\/strong> Prof. Dr. Gy\u0151rffy Bal\u00e1zs<\/p>\n<p><strong>r\u00f6vid bemutatkoz\u00e1s:<\/strong><\/p>\n<p>K\u00e9menes \u00c1ron vagyok negyed\u00e9ves hallgat\u00f3 a Semmelweis Egyetem \u00c1ltal\u00e1nos Orvostudom\u00e1nyi Kar\u00e1n. A programoz\u00e1s ir\u00e1nti \u00e9rdekl\u0151d\u00e9sem k\u00f6z\u00e9piskol\u00e1s korom \u00f3ta k\u00eds\u00e9r utamon, ahol szakk\u00f6r\u00f6n kezdtem el foglalkozni a t\u00e9m\u00e1val, majd k\u00e9s\u0151bb vend\u00e9ghallgat\u00f3k\u00e9nt a P\u00e1zm\u00e1ny P\u00e9ter Katolikus Egyetemen k\u00e9t f\u00e9l\u00e9vig tanultam a k\u00f3dol\u00e1s rejtelmeit. Jelenleg a mesters\u00e9ges intelligencia, \u00e9s ennek orvosi ter\u00fcleten val\u00f3 alkalmaz\u00e1sa foglalkoztat a legink\u00e1bb.\u00a0<\/p>\n<p>&nbsp;<\/p>\n<p><strong>n\u00e9v:<\/strong>\u00a0In\u00e1ncsi Evelin<\/p>\n<p><strong>t\u00e9ma:<\/strong>\u00a0Biomarker azonos\u00edt\u00e1s gasztrointesztin\u00e1lis tumorokban g\u00e9nexpresszi\u00f3hoz kapcsol\u00f3d\u00f3 elemz\u00e9sek alapj\u00e1n<\/p>\n<p><strong>t\u00e9mavezet\u0151:<\/strong>\u00a0Dr. Bartha \u00c1ron<\/p>\n<p><strong>r\u00f6vid bemutatkoz\u00e1s:<\/strong>\u00a0A P\u00e1zm\u00e1ny P\u00e9ter Katolikus Egyetemen szereztem az alapszakos diplom\u00e1mat Molekul\u00e1ris bionika m\u00e9rn\u00f6ki szakon. Jelenleg a Budapesti M\u0171szaki \u00e9s Gazdas\u00e1gtudom\u00e1nyi Egyetem Eg\u00e9szs\u00e9g\u00fcgyi m\u00e9rn\u00f6k mesterszak\u00e1n tanulok. T\u00e9mavezet\u0151mmel 2021 \u00f3ta dolgozom egy\u00fctt. Kutat\u00e1som c\u00e9lja olyan g\u00e9nek azonos\u00edt\u00e1sa, amelyek norm\u00e1l \u00e9s tumoros sz\u00f6vetekben elt\u00e9r\u0151 m\u00e9rt\u00e9k\u0171 kifejez\u0151d\u00e9st mutatnak. Munk\u00e1n sor\u00e1n ny\u00edlt adatb\u00e1zisokban el\u00e9rhet\u0151 transzkriptom szint\u0171 adatok feldolgoz\u00e1s\u00e1t v\u00e9gzem bioinformatikai eszk\u00f6z\u00f6kkel.<\/p>\n<p>&nbsp;<\/p>\n<p><strong>n\u00e9v<\/strong>: Dobolyi Zs\u00f3fia<\/p>\n<p><strong>t\u00e9ma<\/strong>: Eml\u0151tumor \u00e1ltal okozott hal\u00e1loz\u00e1s klinikai adatokb\u00f3l t\u00f6rt\u00e9n\u0151 predikci\u00f3ja g\u00e9pi tanul\u00e1ssal<\/p>\n<p><strong>t\u00e9mavezet\u0151:<\/strong> Dr. Menyh\u00e1rt Ot\u00edlia<\/p>\n<p><strong>r\u00f6vid bemutatkoz\u00e1s<\/strong>: 2023-ban v\u00e9geztem Molekul\u00e1ris Bionika M\u00e9rn\u00f6ki BSc szakon, a P\u00e1zm\u00e1ny P\u00e9ter Katolikus Egyetem Inform\u00e1ci\u00f3s Technol\u00f3giai-, \u00e9s Bionikai Kar\u00e1n. Jelenleg Orvosi Biotechnol\u00f3gia mesterk\u00e9pz\u00e9sre j\u00e1rok, Alkalmazott Bioinformatika szakir\u00e1nyon vagyok. Kutat\u00e1som c\u00e9lja, hogy nagy mennyis\u00e9g\u0171 &#8211; ny\u00edlt adatb\u00e1zisokban el\u00e9rhet\u0151 &#8211; klinikai adat alapj\u00e1n predikt\u00e1ljam eml\u0151tumoros p\u00e1ciensek visszaes\u00e9s-mentes t\u00fal\u00e9l\u00e9s\u00e9nek id\u0151beli hossz\u00e1t. Ehhez k\u00fcl\u00f6nf\u00e9le g\u00e9pi tanul\u00e1si algoritmusokat fejlesztek, \u00e9s \u00f6sszehasonl\u00edtom predikci\u00f3s teljes\u00edtm\u00e9ny\u00fcket.<\/p>\n<p>&nbsp;<\/p>\n<p><span style=\"font-size: 1rem\"><strong>n\u00e9v:<\/strong> Gy\u00f6rgy Dorka<\/span><\/p>\n<p><strong>t\u00e9ma:<\/strong> Eml\u0151r\u00e1kos sejtekben meleg\u00edt\u00e9s hat\u00e1s\u00e1ra bek\u00f6vetkez\u0151 v\u00e1ltoz\u00e1sok<\/p>\n<p><strong>t\u00e9mavezet\u0151:<\/strong> Dr. Menyh\u00e1rt Ot\u00edlia<\/p>\n<p><strong>r\u00f6vid bemutatkoz\u00e1s:<\/strong> <br \/>\nA SOTE \u00c1OK szak\u00e1n vagyok harmad\u00e9ves hallgat\u00f3. Jelenleg az onkol\u00f3gia \u00e9rdekel a legjobban, annak is ink\u00e1bb a kutat\u00e1si ir\u00e1nya. Egy most indul\u00f3 klinikai k\u00eds\u00e9rletben is r\u00e9szt veszek, melyben a modul\u00e1lt elektro-hipertermia ter\u00e1pi\u00e1s hat\u00e1s\u00e1t vizsg\u00e1ljuk eml\u0151r\u00e1kos betegeken.<\/p>\n<p>&nbsp;<\/p>\n<p>Li Anna<\/p>\n<p>Mocz\u00f3 Valentin<\/p>\n<p>Gonda R\u00e9ka<\/p>\n<p>Szathury M\u00e1rk<\/p>\n<p>&nbsp;<\/p>\n","protected":false},"excerpt":{"rendered":"<p>n\u00e9v:\u00a0Szigeti P\u00e9ter t\u00e9ma:\u00a0H\u00c9VIA t\u00e9mavezet\u0151: Prof. Dr. Gy\u0151rffy Bal\u00e1zs r\u00f6vid bemutatkoz\u00e1s: Szigeti P\u00e9ter vagyok harmad\u00e9ves orvostanhallgat\u00f3. Jelenleg a f\u0151 \u00e9rdekl\u0151d\u00e9si ter\u00fcletem, a statisztikai tanul\u00e1s, ezen bel\u00fcl is a neur\u00e1lis h\u00e1l\u00f3k, \u00e9s ezen modellek orvosi \u00e9s kutat\u00e1shoz val\u00f3 felhaszn\u00e1l\u00e1sa &nbsp; n\u00e9v:\u00a0Kardos Anna t\u00e9ma:\u00a0A ter\u00e1pi\u00e1s v\u00e1lasz biomarkerei az onkol\u00f3gi\u00e1ban \/ Predictive biomarkers in oncology t\u00e9mavezet\u0151:\u00a0Dr. Fekete J\u00e1nos Tibor &hellip;<\/p>\n","protected":false},"author":102018,"featured_media":0,"parent":6501,"menu_order":4,"comment_status":"closed","ping_status":"closed","template":"","meta":{"_acf_changed":false,"footnotes":""},"categories":[],"tags":[],"class_list":["post-8760","page","type-page","status-publish","hentry"],"acf":[],"_links":{"self":[{"href":"https:\/\/semmelweis.hu\/bioinformatika\/wp-json\/wp\/v2\/pages\/8760","targetHints":{"allow":["GET"]}}],"collection":[{"href":"https:\/\/semmelweis.hu\/bioinformatika\/wp-json\/wp\/v2\/pages"}],"about":[{"href":"https:\/\/semmelweis.hu\/bioinformatika\/wp-json\/wp\/v2\/types\/page"}],"author":[{"embeddable":true,"href":"https:\/\/semmelweis.hu\/bioinformatika\/wp-json\/wp\/v2\/users\/102018"}],"replies":[{"embeddable":true,"href":"https:\/\/semmelweis.hu\/bioinformatika\/wp-json\/wp\/v2\/comments?post=8760"}],"version-history":[{"count":11,"href":"https:\/\/semmelweis.hu\/bioinformatika\/wp-json\/wp\/v2\/pages\/8760\/revisions"}],"predecessor-version":[{"id":9157,"href":"https:\/\/semmelweis.hu\/bioinformatika\/wp-json\/wp\/v2\/pages\/8760\/revisions\/9157"}],"up":[{"embeddable":true,"href":"https:\/\/semmelweis.hu\/bioinformatika\/wp-json\/wp\/v2\/pages\/6501"}],"wp:attachment":[{"href":"https:\/\/semmelweis.hu\/bioinformatika\/wp-json\/wp\/v2\/media?parent=8760"}],"wp:term":[{"taxonomy":"category","embeddable":true,"href":"https:\/\/semmelweis.hu\/bioinformatika\/wp-json\/wp\/v2\/categories?post=8760"},{"taxonomy":"post_tag","embeddable":true,"href":"https:\/\/semmelweis.hu\/bioinformatika\/wp-json\/wp\/v2\/tags?post=8760"}],"curies":[{"name":"wp","href":"https:\/\/api.w.org\/{rel}","templated":true}]}}