{"id":8757,"date":"2023-01-26T12:12:17","date_gmt":"2023-01-26T11:12:17","guid":{"rendered":"https:\/\/semmelweis.hu\/bioinformatika\/?page_id=8757"},"modified":"2024-04-04T10:16:02","modified_gmt":"2024-04-04T08:16:02","slug":"ankita-murmu","status":"publish","type":"page","link":"https:\/\/semmelweis.hu\/bioinformatika\/tanszekunk-bemutatasa\/phd-hallgatok\/ankita-murmu\/","title":{"rendered":"Murmu, Ankita"},"content":{"rendered":"<p><strong><em><img loading=\"lazy\" decoding=\"async\" class=\"size-full wp-image-8850 alignleft\" src=\"https:\/\/semmelweis.hu\/bioinformatika\/files\/2023\/02\/Ankita_photo_260_247jpg.jpg\" alt=\"\" width=\"260\" height=\"247\" \/><\/em><\/strong><\/p>\n<p><strong>n\u00e9v: <\/strong>\u00a0Murmu, Ankita<\/p>\n<p><strong>t\u00e9ma:<\/strong> RNS-Seq \u00e9s mesters\u00e9ges intelligencia a r\u00e1kkezel\u00e9si strat\u00e9gi\u00e1khoz<\/p>\n<p><strong>t\u00e9mavezet\u0151:<\/strong>\u00a0Prof. Dr. Gy\u0151rffy Bal\u00e1zs<\/p>\n<p>&nbsp;<\/p>\n<p>&nbsp;<\/p>\n<p><strong>kutat\u00e1si t\u00e9ma \u00f6sszefoglal\u00e1sa<\/strong>:\u00a0<\/p>\n<p>R\u00e1kbetegek nyilv\u00e1nosan el\u00e9rhet\u0151 egysejtes RNS-Seq-adatk\u00e9szleteit elemzem az immunter\u00e1pia ter\u00e1pi\u00e1s c\u00e9lpontjainak azonos\u00edt\u00e1sa \u00e9rdek\u00e9ben. Klinikai adatokat haszn\u00e1lok tov\u00e1bb\u00e1 egy fejlett g\u00e9pi tanul\u00e1si modell kifejleszt\u00e9s\u00e9re a kemoter\u00e1pia potenci\u00e1lis el\u0151nyeinek vizsg\u00e1lat\u00e1ra r\u00e1kos betegekn\u00e9l. Kutat\u00e1som c\u00e9lja a r\u00e1kos betegek szem\u00e9lyre szabott ter\u00e1pi\u00e1s megk\u00f6zel\u00edt\u00e9seinek jav\u00edt\u00e1sa.<\/p>\n<p>&nbsp;<\/p>\n<p>&nbsp;<\/p>\n<p>&nbsp;<\/p>\n","protected":false},"excerpt":{"rendered":"<p>n\u00e9v: \u00a0Murmu, Ankita t\u00e9ma: RNS-Seq \u00e9s mesters\u00e9ges intelligencia a r\u00e1kkezel\u00e9si strat\u00e9gi\u00e1khoz t\u00e9mavezet\u0151:\u00a0Prof. Dr. Gy\u0151rffy Bal\u00e1zs &nbsp; &nbsp; kutat\u00e1si t\u00e9ma \u00f6sszefoglal\u00e1sa:\u00a0 R\u00e1kbetegek nyilv\u00e1nosan el\u00e9rhet\u0151 egysejtes RNS-Seq-adatk\u00e9szleteit elemzem az immunter\u00e1pia ter\u00e1pi\u00e1s c\u00e9lpontjainak azonos\u00edt\u00e1sa \u00e9rdek\u00e9ben. Klinikai adatokat haszn\u00e1lok tov\u00e1bb\u00e1 egy fejlett g\u00e9pi tanul\u00e1si modell kifejleszt\u00e9s\u00e9re a kemoter\u00e1pia potenci\u00e1lis el\u0151nyeinek vizsg\u00e1lat\u00e1ra r\u00e1kos betegekn\u00e9l. Kutat\u00e1som c\u00e9lja a r\u00e1kos betegek szem\u00e9lyre &hellip;<\/p>\n","protected":false},"author":102018,"featured_media":0,"parent":8727,"menu_order":6,"comment_status":"closed","ping_status":"closed","template":"","meta":{"_acf_changed":false,"footnotes":""},"categories":[],"tags":[],"class_list":["post-8757","page","type-page","status-publish","hentry"],"acf":[],"_links":{"self":[{"href":"https:\/\/semmelweis.hu\/bioinformatika\/wp-json\/wp\/v2\/pages\/8757","targetHints":{"allow":["GET"]}}],"collection":[{"href":"https:\/\/semmelweis.hu\/bioinformatika\/wp-json\/wp\/v2\/pages"}],"about":[{"href":"https:\/\/semmelweis.hu\/bioinformatika\/wp-json\/wp\/v2\/types\/page"}],"author":[{"embeddable":true,"href":"https:\/\/semmelweis.hu\/bioinformatika\/wp-json\/wp\/v2\/users\/102018"}],"replies":[{"embeddable":true,"href":"https:\/\/semmelweis.hu\/bioinformatika\/wp-json\/wp\/v2\/comments?post=8757"}],"version-history":[{"count":10,"href":"https:\/\/semmelweis.hu\/bioinformatika\/wp-json\/wp\/v2\/pages\/8757\/revisions"}],"predecessor-version":[{"id":10207,"href":"https:\/\/semmelweis.hu\/bioinformatika\/wp-json\/wp\/v2\/pages\/8757\/revisions\/10207"}],"up":[{"embeddable":true,"href":"https:\/\/semmelweis.hu\/bioinformatika\/wp-json\/wp\/v2\/pages\/8727"}],"wp:attachment":[{"href":"https:\/\/semmelweis.hu\/bioinformatika\/wp-json\/wp\/v2\/media?parent=8757"}],"wp:term":[{"taxonomy":"category","embeddable":true,"href":"https:\/\/semmelweis.hu\/bioinformatika\/wp-json\/wp\/v2\/categories?post=8757"},{"taxonomy":"post_tag","embeddable":true,"href":"https:\/\/semmelweis.hu\/bioinformatika\/wp-json\/wp\/v2\/tags?post=8757"}],"curies":[{"name":"wp","href":"https:\/\/api.w.org\/{rel}","templated":true}]}}