{"id":8178,"date":"2022-04-23T14:41:55","date_gmt":"2022-04-23T12:41:55","guid":{"rendered":"https:\/\/semmelweis.hu\/bioinformatika\/?page_id=8178"},"modified":"2022-06-28T14:29:53","modified_gmt":"2022-06-28T12:29:53","slug":"tapestation-4150","status":"publish","type":"page","link":"https:\/\/semmelweis.hu\/bioinformatika\/molekularis-genetika\/tapestation-4150\/","title":{"rendered":"Tapestation 4150"},"content":{"rendered":"<p><strong>TapeStation 4150 \u2013 automata elektrofor\u00e9zis rendszer<\/strong><\/p>\n<p style=\"text-align: justify\">Az Agilent \u00e1ltal forgalmazott 4150 TapeStation rendszer egy \u00faj, kompakt, alacsony \u00e1tereszt\u0151k\u00e9pess\u00e9g\u0171 automatiz\u00e1lt elektrofor\u00e9zis m\u0171szer. Az alkalmazott \u00fan. ScreenTape technol\u00f3gia lehet\u0151v\u00e9 teszi a nukleinsavak gyors, egyszer\u0171 \u00e9s megb\u00edzhat\u00f3 elemz\u00e9s\u00e9t ak\u00e1r futtat\u00e1sonk\u00e9nt 16 mint\u00e1n. Ide\u00e1lis megold\u00e1s az RNS- \u00e9s DNS-mint\u00e1k min\u0151s\u00e9g-ellen\u0151rz\u00e9s\u00e9re (QC) a k\u00f6vetkez\u0151 gener\u00e1ci\u00f3s szekven\u00e1l\u00e1s (NGS), microarray \u00e9s qPCR munkafolyamatokban.<\/p>\n<p><img loading=\"lazy\" decoding=\"async\" class=\"alignnone size-medium wp-image-8331\" src=\"https:\/\/semmelweis.hu\/bioinformatika\/files\/2022\/06\/20220620_112652-1-279x400.jpg\" alt=\"\" width=\"279\" height=\"400\" srcset=\"https:\/\/semmelweis.hu\/bioinformatika\/files\/2022\/06\/20220620_112652-1-279x400.jpg 279w, https:\/\/semmelweis.hu\/bioinformatika\/files\/2022\/06\/20220620_112652-1-716x1024.jpg 716w, https:\/\/semmelweis.hu\/bioinformatika\/files\/2022\/06\/20220620_112652-1-768x1099.jpg 768w, https:\/\/semmelweis.hu\/bioinformatika\/files\/2022\/06\/20220620_112652-1-1073x1536.jpg 1073w, https:\/\/semmelweis.hu\/bioinformatika\/files\/2022\/06\/20220620_112652-1-1431x2048.jpg 1431w, https:\/\/semmelweis.hu\/bioinformatika\/files\/2022\/06\/20220620_112652-1-753x1078.jpg 753w, https:\/\/semmelweis.hu\/bioinformatika\/files\/2022\/06\/20220620_112652-1-scaled.jpg 1789w\" sizes=\"auto, (max-width: 279px) 100vw, 279px\" \/><\/p>\n<p>Felel\u0151s: <a href=\"https:\/\/semmelweis.hu\/telefonkonyv\/?emp_id=16295\">Dr. Munk\u00e1csy Gy\u00f6ngyi<\/a><\/p>\n","protected":false},"excerpt":{"rendered":"<p>TapeStation 4150 \u2013 automata elektrofor\u00e9zis rendszer Az Agilent \u00e1ltal forgalmazott 4150 TapeStation rendszer egy \u00faj, kompakt, alacsony \u00e1tereszt\u0151k\u00e9pess\u00e9g\u0171 automatiz\u00e1lt elektrofor\u00e9zis m\u0171szer. Az alkalmazott \u00fan. ScreenTape technol\u00f3gia lehet\u0151v\u00e9 teszi a nukleinsavak gyors, egyszer\u0171 \u00e9s megb\u00edzhat\u00f3 elemz\u00e9s\u00e9t ak\u00e1r futtat\u00e1sonk\u00e9nt 16 mint\u00e1n. Ide\u00e1lis megold\u00e1s az RNS- \u00e9s DNS-mint\u00e1k min\u0151s\u00e9g-ellen\u0151rz\u00e9s\u00e9re (QC) a k\u00f6vetkez\u0151 gener\u00e1ci\u00f3s szekven\u00e1l\u00e1s (NGS), microarray \u00e9s qPCR &hellip;<\/p>\n","protected":false},"author":102055,"featured_media":0,"parent":8170,"menu_order":3,"comment_status":"closed","ping_status":"closed","template":"","meta":{"_acf_changed":false,"footnotes":""},"categories":[],"tags":[],"class_list":["post-8178","page","type-page","status-publish","hentry"],"acf":[],"_links":{"self":[{"href":"https:\/\/semmelweis.hu\/bioinformatika\/wp-json\/wp\/v2\/pages\/8178","targetHints":{"allow":["GET"]}}],"collection":[{"href":"https:\/\/semmelweis.hu\/bioinformatika\/wp-json\/wp\/v2\/pages"}],"about":[{"href":"https:\/\/semmelweis.hu\/bioinformatika\/wp-json\/wp\/v2\/types\/page"}],"author":[{"embeddable":true,"href":"https:\/\/semmelweis.hu\/bioinformatika\/wp-json\/wp\/v2\/users\/102055"}],"replies":[{"embeddable":true,"href":"https:\/\/semmelweis.hu\/bioinformatika\/wp-json\/wp\/v2\/comments?post=8178"}],"version-history":[{"count":6,"href":"https:\/\/semmelweis.hu\/bioinformatika\/wp-json\/wp\/v2\/pages\/8178\/revisions"}],"predecessor-version":[{"id":8332,"href":"https:\/\/semmelweis.hu\/bioinformatika\/wp-json\/wp\/v2\/pages\/8178\/revisions\/8332"}],"up":[{"embeddable":true,"href":"https:\/\/semmelweis.hu\/bioinformatika\/wp-json\/wp\/v2\/pages\/8170"}],"wp:attachment":[{"href":"https:\/\/semmelweis.hu\/bioinformatika\/wp-json\/wp\/v2\/media?parent=8178"}],"wp:term":[{"taxonomy":"category","embeddable":true,"href":"https:\/\/semmelweis.hu\/bioinformatika\/wp-json\/wp\/v2\/categories?post=8178"},{"taxonomy":"post_tag","embeddable":true,"href":"https:\/\/semmelweis.hu\/bioinformatika\/wp-json\/wp\/v2\/tags?post=8178"}],"curies":[{"name":"wp","href":"https:\/\/api.w.org\/{rel}","templated":true}]}}