{"id":8058,"date":"2022-02-25T10:41:27","date_gmt":"2022-02-25T09:41:27","guid":{"rendered":"https:\/\/semmelweis.hu\/bioinformatika\/?page_id=8058"},"modified":"2024-04-03T14:15:21","modified_gmt":"2024-04-03T12:15:21","slug":"zebradanio-halas-akvariumrendszer","status":"publish","type":"page","link":"https:\/\/semmelweis.hu\/bioinformatika\/zebradanio-halas-akvariumrendszer\/","title":{"rendered":"Zebrad\u00e1ni\u00f3 akv\u00e1riumrendszer"},"content":{"rendered":"<p style=\"text-align: justify\"><strong>Zebrad\u00e1ni\u00f3 halas akv\u00e1riumrendszer\u00a0<img loading=\"lazy\" decoding=\"async\" class=\"alignright\" src=\"https:\/\/semmelweis.hu\/bioinformatika\/files\/2021\/03\/IMG-ab8ed376c5f1b835eb8b38b18c1c3fb9-V-02.jpeg\" alt=\"\" width=\"452\" height=\"339\" \/><\/strong><\/p>\n<p style=\"text-align: justify\">A zebrad\u00e1ni\u00f3 (<em>Danio rerio<\/em>) egyre elterjedtebb gerinces modell\u00e1llat. Sz\u00e1mos\u00a0<br \/>\nel\u0151ny\u00f6s tulajdons\u00e1ga teszi alkalmass\u00e1 kutat\u00e1si c\u00e9lokra, mint a r\u00f6vid gener\u00e1ci\u00f3s id\u0151,<br \/>\nnagy ut\u00f3dsz\u00e1m, kis testm\u00e9ret, k\u00f6nny\u0171 teny\u00e9szthet\u0151s\u00e9g. A fejl\u0151d\u0151 embri\u00f3k \u00e9s l\u00e1rv\u00e1k<br \/>\nteste \u00e1tl\u00e1tsz\u00f3, \u00edgy mikroszk\u00f3ppal szabadon vizsg\u00e1lhat\u00f3ak \u00e9s fluoreszcensen jel\u00f6lt<br \/>\nfeh\u00e9rj\u00e9k k\u00f6vethet\u0151k az \u00e9l\u0151 \u00e1llatokban is. A halakat xenograft modellszervezetk\u00e9nt<br \/>\nhaszn\u00e1ljuk, amely sor\u00e1n az embri\u00f3kba hum\u00e1n eredet\u0171 tumorsejteket juttatunk be<br \/>\nautomata injektorral, majd ezen sejtek ellenanyag jel\u00f6l\u00e9s\u00e9t vizsg\u00e1ljuk<br \/>\nmikroszk\u00f3ppal.<\/p>\n<p>&nbsp;<\/p>\n<div>\n<p>Felel\u0151s: <a href=\"https:\/\/semmelweis.hu\/telefonkonyv\/?act=mt&amp;inst_id=449&amp;emp_id=17156\">M\u00fcller Dalma<\/a><\/p>\n<\/div>\n","protected":false},"excerpt":{"rendered":"<p>Zebrad\u00e1ni\u00f3 halas akv\u00e1riumrendszer\u00a0 A zebrad\u00e1ni\u00f3 (Danio rerio) egyre elterjedtebb gerinces modell\u00e1llat. Sz\u00e1mos\u00a0 el\u0151ny\u00f6s tulajdons\u00e1ga teszi alkalmass\u00e1 kutat\u00e1si c\u00e9lokra, mint a r\u00f6vid gener\u00e1ci\u00f3s id\u0151, nagy ut\u00f3dsz\u00e1m, kis testm\u00e9ret, k\u00f6nny\u0171 teny\u00e9szthet\u0151s\u00e9g. A fejl\u0151d\u0151 embri\u00f3k \u00e9s l\u00e1rv\u00e1k teste \u00e1tl\u00e1tsz\u00f3, \u00edgy mikroszk\u00f3ppal szabadon vizsg\u00e1lhat\u00f3ak \u00e9s fluoreszcensen jel\u00f6lt feh\u00e9rj\u00e9k k\u00f6vethet\u0151k az \u00e9l\u0151 \u00e1llatokban is. A halakat xenograft modellszervezetk\u00e9nt haszn\u00e1ljuk, amely &hellip;<\/p>\n","protected":false},"author":102019,"featured_media":0,"parent":0,"menu_order":0,"comment_status":"closed","ping_status":"closed","template":"","meta":{"_acf_changed":false,"footnotes":""},"categories":[],"tags":[],"class_list":["post-8058","page","type-page","status-publish","hentry"],"acf":[],"_links":{"self":[{"href":"https:\/\/semmelweis.hu\/bioinformatika\/wp-json\/wp\/v2\/pages\/8058","targetHints":{"allow":["GET"]}}],"collection":[{"href":"https:\/\/semmelweis.hu\/bioinformatika\/wp-json\/wp\/v2\/pages"}],"about":[{"href":"https:\/\/semmelweis.hu\/bioinformatika\/wp-json\/wp\/v2\/types\/page"}],"author":[{"embeddable":true,"href":"https:\/\/semmelweis.hu\/bioinformatika\/wp-json\/wp\/v2\/users\/102019"}],"replies":[{"embeddable":true,"href":"https:\/\/semmelweis.hu\/bioinformatika\/wp-json\/wp\/v2\/comments?post=8058"}],"version-history":[{"count":5,"href":"https:\/\/semmelweis.hu\/bioinformatika\/wp-json\/wp\/v2\/pages\/8058\/revisions"}],"predecessor-version":[{"id":8069,"href":"https:\/\/semmelweis.hu\/bioinformatika\/wp-json\/wp\/v2\/pages\/8058\/revisions\/8069"}],"wp:attachment":[{"href":"https:\/\/semmelweis.hu\/bioinformatika\/wp-json\/wp\/v2\/media?parent=8058"}],"wp:term":[{"taxonomy":"category","embeddable":true,"href":"https:\/\/semmelweis.hu\/bioinformatika\/wp-json\/wp\/v2\/categories?post=8058"},{"taxonomy":"post_tag","embeddable":true,"href":"https:\/\/semmelweis.hu\/bioinformatika\/wp-json\/wp\/v2\/tags?post=8058"}],"curies":[{"name":"wp","href":"https:\/\/api.w.org\/{rel}","templated":true}]}}

Zebradánió akváriumrendszer

<p style="text-align: justify"><strong>Zebradánió halas akváriumrendszer <img loading="lazy" decoding="async" class="alignright" src="https://semmelweis.hu/bioinformatika/files/2021/03/IMG-ab8ed376c5f1b835eb8b38b18c1c3fb9-V-02.jpeg" alt="" width="452" height="339" /></strong></p>
<p style="text-align: justify">A zebradánió (<em>Danio rerio</em>) egyre elterjedtebb gerinces modellállat. Számos <br />
előnyös tulajdonsága teszi alkalmassá kutatási célokra, mint a rövid generációs idő,<br />
nagy utódszám, kis testméret, könnyű tenyészthetőség. A fejlődő embriók és lárvák<br />
teste átlátszó, így mikroszkóppal szabadon vizsgálhatóak és fluoreszcensen jelölt<br />
fehérjék követhetők az élő állatokban is. A halakat xenograft modellszervezetként<br />
használjuk, amely során az embriókba humán eredetű tumorsejteket juttatunk be<br />
automata injektorral, majd ezen sejtek ellenanyag jelölését vizsgáljuk<br />
mikroszkóppal.</p>
<p>&nbsp;</p>
<div>
<p>Felelős: <a href="https://semmelweis.hu/telefonkonyv/?act=mt&amp;inst_id=449&amp;emp_id=17156">Müller Dalma</a></p>
</div>

<p>Zebradánió halas akváriumrendszer  A zebradánió (Danio rerio) egyre elterjedtebb gerinces modellállat. Számos  előnyös tulajdonsága teszi alkalmassá kutatási célokra, mint a rövid generációs idő, nagy utódszám, kis testméret, könnyű tenyészthetőség. A fejlődő embriók és lárvák teste átlátszó, így mikroszkóppal szabadon vizsgálhatóak és fluoreszcensen jelölt fehérjék követhetők az élő állatokban is. A halakat xenograft modellszervezetként használjuk, amely &hellip;</p>
