{"id":7704,"date":"2021-12-17T16:53:48","date_gmt":"2021-12-17T15:53:48","guid":{"rendered":"https:\/\/semmelweis.hu\/bioinformatika\/?page_id=7704"},"modified":"2022-01-06T21:09:04","modified_gmt":"2022-01-06T20:09:04","slug":"onkologiai-betegprofilok-a-szemelyreszabott-klinikai-donteshozatalhoz","status":"publish","type":"page","link":"https:\/\/semmelweis.hu\/bioinformatika\/kutatas\/uj-kutatasi-temak\/onlab-temak\/onkologiai-betegprofilok-a-szemelyreszabott-klinikai-donteshozatalhoz\/","title":{"rendered":"Onkol\u00f3giai betegprofilok a  klinikai d\u00f6nt\u00e9shozatban"},"content":{"rendered":"<p style=\"text-align: center\"><strong>Onkol\u00f3giai betegprofilok a szem\u00e9lyreszabott klinikai d\u00f6nt\u00e9shozatalhoz<\/strong><\/p>\n<p><strong>Le\u00edr\u00e1s:<\/strong>\u00a0Az elm\u00falt \u00e9vt\u00edzed sor\u00e1n nagy mennyis\u00e9g\u0171 onkobiol\u00f3giai adat ker\u00fclt r\u00f6gz\u00edt\u00e9sre, \u00faj ter\u00e1pi\u00e1k jelentek meg \u00e9s folyamatosan k\u00f6zelebb ker\u00fcl\u00fcnk ahhoz, hogy a daganat egy kr\u00f3nikus betegs\u00e9gnek legyen tekinthet\u0151.<\/p>\n<p>Az \u00f6n\u00e1ll\u00f3 laborat\u00f3riumi munka sor\u00e1n a hallgat\u00f3 onkol\u00f3giai beteg profilokat fog meghat\u00e1rozni a rendelkez\u00e9sre \u00e1ll\u00f3 nyilv\u00e1nos adatszettek alapj\u00e1n. A profil felv\u00e9tel sor\u00e1n a beteg sz\u00e1m\u00e1ra inform\u00e1ci\u00f3 \u00e1tad\u00e1s is t\u00f6rt\u00e9nik. C\u00e9l, hogy a betegek kiszolg\u00e1ltatotts\u00e1g\u00e1t \u00e9s ez\u00e1ltal szorong\u00e1s\u00e1t cs\u00f6kkents\u00fck, az orvos-beteg kapcsolatot meger\u0151s\u00edts\u00fck, a kezel\u00e9shez val\u00f3 adherenci\u00e1t jav\u00edtsuk \u00e9s olyan \u00e9letviteli d\u00f6nt\u00e9sek meghozatal\u00e1hoz seg\u00edts\u00fck hozz\u00e1 melyek jav\u00edtj\u00e1k a gy\u00f3gyul\u00e1s es\u00e9ly\u00e9t \u00e9s az \u00e9letmin\u0151s\u00e9g roml\u00e1s\u00e1t megel\u0151zik.<\/p>\n<p><strong>T\u00e9mavezet\u0151:<\/strong>\u00a0Dr B\u00e1lint B\u00e1lint L\u00e1szl\u00f3, habilit\u00e1lt egyetemi adjunktus<\/p>\n<p><strong>Beoszt\u00e1s:<\/strong>\u00a0Semmelweis Egyetem Bioinformatika Tansz\u00e9k, tudom\u00e1nyos tan\u00e1csad\u00f3<\/p>\n<p><strong>Jelentkez\u00e9si c\u00edm:<\/strong><a href=\"mailto:balintblaszlo@gmail.com\">\u00a0balintblaszlo@gmail.com<\/a><\/p>\n<p><strong>Elv\u00e1r\u00e1sok:<\/strong>\u00a0kutat\u00e1s-fejleszt\u00e9s \u00e9s bioinformatika ir\u00e1nti \u00e9rdekl\u0151d\u00e9s, onkol\u00f3giai t\u00e9ma ir\u00e1nti \u00e9rdekl\u0151d\u00e9s, az R\/Python programnyelv alapszint\u0171 ismerete<\/p>\n<p>Meghirdet\u00e9s: molekul\u00e1ris bionikusok (BSc),\u00a0 a orvos-biotechnol\u00f3gusok (MSc), \u00e9s info-bionikusok (MSc)\u00a0<\/p>\n","protected":false},"excerpt":{"rendered":"<p>Onkol\u00f3giai betegprofilok a szem\u00e9lyreszabott klinikai d\u00f6nt\u00e9shozatalhoz Le\u00edr\u00e1s:\u00a0Az elm\u00falt \u00e9vt\u00edzed sor\u00e1n nagy mennyis\u00e9g\u0171 onkobiol\u00f3giai adat ker\u00fclt r\u00f6gz\u00edt\u00e9sre, \u00faj ter\u00e1pi\u00e1k jelentek meg \u00e9s folyamatosan k\u00f6zelebb ker\u00fcl\u00fcnk ahhoz, hogy a daganat egy kr\u00f3nikus betegs\u00e9gnek legyen tekinthet\u0151. Az \u00f6n\u00e1ll\u00f3 laborat\u00f3riumi munka sor\u00e1n a hallgat\u00f3 onkol\u00f3giai beteg profilokat fog meghat\u00e1rozni a rendelkez\u00e9sre \u00e1ll\u00f3 nyilv\u00e1nos adatszettek alapj\u00e1n. A profil felv\u00e9tel sor\u00e1n &hellip;<\/p>\n","protected":false},"author":101779,"featured_media":0,"parent":7287,"menu_order":7,"comment_status":"closed","ping_status":"closed","template":"","meta":{"_acf_changed":false,"footnotes":""},"categories":[],"tags":[],"class_list":["post-7704","page","type-page","status-publish","hentry"],"acf":[],"_links":{"self":[{"href":"https:\/\/semmelweis.hu\/bioinformatika\/wp-json\/wp\/v2\/pages\/7704","targetHints":{"allow":["GET"]}}],"collection":[{"href":"https:\/\/semmelweis.hu\/bioinformatika\/wp-json\/wp\/v2\/pages"}],"about":[{"href":"https:\/\/semmelweis.hu\/bioinformatika\/wp-json\/wp\/v2\/types\/page"}],"author":[{"embeddable":true,"href":"https:\/\/semmelweis.hu\/bioinformatika\/wp-json\/wp\/v2\/users\/101779"}],"replies":[{"embeddable":true,"href":"https:\/\/semmelweis.hu\/bioinformatika\/wp-json\/wp\/v2\/comments?post=7704"}],"version-history":[{"count":3,"href":"https:\/\/semmelweis.hu\/bioinformatika\/wp-json\/wp\/v2\/pages\/7704\/revisions"}],"predecessor-version":[{"id":7743,"href":"https:\/\/semmelweis.hu\/bioinformatika\/wp-json\/wp\/v2\/pages\/7704\/revisions\/7743"}],"up":[{"embeddable":true,"href":"https:\/\/semmelweis.hu\/bioinformatika\/wp-json\/wp\/v2\/pages\/7287"}],"wp:attachment":[{"href":"https:\/\/semmelweis.hu\/bioinformatika\/wp-json\/wp\/v2\/media?parent=7704"}],"wp:term":[{"taxonomy":"category","embeddable":true,"href":"https:\/\/semmelweis.hu\/bioinformatika\/wp-json\/wp\/v2\/categories?post=7704"},{"taxonomy":"post_tag","embeddable":true,"href":"https:\/\/semmelweis.hu\/bioinformatika\/wp-json\/wp\/v2\/tags?post=7704"}],"curies":[{"name":"wp","href":"https:\/\/api.w.org\/{rel}","templated":true}]}}

Onkológiai betegprofilok a  klinikai döntéshozatban

<p style="text-align: center"><strong>Onkológiai betegprofilok a személyreszabott klinikai döntéshozatalhoz</strong></p>
<p><strong>Leírás:</strong> Az elmúlt évtízed során nagy mennyiségű onkobiológiai adat került rögzítésre, új terápiák jelentek meg és folyamatosan közelebb kerülünk ahhoz, hogy a daganat egy krónikus betegségnek legyen tekinthető.</p>
<p>Az önálló laboratóriumi munka során a hallgató onkológiai beteg profilokat fog meghatározni a rendelkezésre álló nyilvános adatszettek alapján. A profil felvétel során a beteg számára információ átadás is történik. Cél, hogy a betegek kiszolgáltatottságát és ezáltal szorongását csökkentsük, az orvos-beteg kapcsolatot megerősítsük, a kezeléshez való adherenciát javítsuk és olyan életviteli döntések meghozatalához segítsük hozzá melyek javítják a gyógyulás esélyét és az életminőség romlását megelőzik.</p>
<p><strong>Témavezető:</strong> Dr Bálint Bálint László, habilitált egyetemi adjunktus</p>
<p><strong>Beosztás:</strong> Semmelweis Egyetem Bioinformatika Tanszék, tudományos tanácsadó</p>
<p><strong>Jelentkezési cím:</strong><a href="mailto:balintblaszlo@gmail.com"> balintblaszlo@gmail.com</a></p>
<p><strong>Elvárások:</strong> kutatás-fejlesztés és bioinformatika iránti érdeklődés, onkológiai téma iránti érdeklődés, az R/Python programnyelv alapszintű ismerete</p>
<p>Meghirdetés: molekuláris bionikusok (BSc),  a orvos-biotechnológusok (MSc), és info-bionikusok (MSc) </p>

<p>Onkológiai betegprofilok a személyreszabott klinikai döntéshozatalhoz Leírás: Az elmúlt évtízed során nagy mennyiségű onkobiológiai adat került rögzítésre, új terápiák jelentek meg és folyamatosan közelebb kerülünk ahhoz, hogy a daganat egy krónikus betegségnek legyen tekinthető. Az önálló laboratóriumi munka során a hallgató onkológiai beteg profilokat fog meghatározni a rendelkezésre álló nyilvános adatszettek alapján. A profil felvétel során &hellip;</p>
