{"id":7701,"date":"2021-12-17T16:53:48","date_gmt":"2021-12-17T15:53:48","guid":{"rendered":"https:\/\/semmelweis.hu\/bioinformatika\/?page_id=7701"},"modified":"2022-01-06T21:08:26","modified_gmt":"2022-01-06T20:08:26","slug":"izotermalis-nukleinsav-meresi-technologiak-info-bionikai-fejlesztese","status":"publish","type":"page","link":"https:\/\/semmelweis.hu\/bioinformatika\/kutatas\/uj-kutatasi-temak\/onlab-temak\/izotermalis-nukleinsav-meresi-technologiak-info-bionikai-fejlesztese\/","title":{"rendered":"Izoterm\u00e1lis nukleinsav m\u00e9r\u00e9si technol\u00f3gi\u00e1k fejleszt\u00e9se"},"content":{"rendered":"<p style=\"text-align: center\"><strong>Izoterm\u00e1lis nukleinsav m\u00e9r\u00e9si technol\u00f3gi\u00e1k info-bionikai fejleszt\u00e9se<\/strong><\/p>\n<p><strong>Le\u00edr\u00e1s:<\/strong>\u00a0A COVID-19 j\u00e1rv\u00e1ny nagyban felgyors\u00edtotta a kutat\u00e1si szint\u0171 technol\u00f3gi\u00e1k diagnosztikai alkalmaz\u00e1s\u00e1t. P\u00e9lda erre az izoterm\u00e1lis DNS amplifik\u00e1ci\u00f3s technol\u00f3gi\u00e1k (pl LAMP-PCR) diagnosztikai megjelen\u00e9se. A technol\u00f3gia lehet\u0151v\u00e9 teszi a beteg\u00e1gy melletti (POCT: point-of-care) nukleinsav meghat\u00e1roz\u00e1st olyan lehet\u0151s\u00e9geket nyitva meg a diagnosztikai fejleszt\u00e9seknek amelyek kor\u00e1bban nem voltak el\u00e9rhet\u0151ek.\u00a0<\/p>\n<p>Az \u00f6n\u00e1ll\u00f3 laborat\u00f3riumi munka sor\u00e1n a hallgat\u00f3 a LAMP PCR technol\u00f3gi\u00e1hoz kapcsol\u00f3d\u00f3 fejleszt\u00e9si tev\u00e9kenys\u00e9gekbe fog bekapcsol\u00f3dni, pl primer tervez\u00e9s szoftveres t\u00e1mogat\u00e1sa, g\u00e9npanelekhez oligotervez\u00e9s, mikro RNS detekt\u00e1l\u00e1s izoterm\u00e1lis PCR technik\u00e1kkal.<\/p>\n<p><strong>T\u00e9mavezet\u0151:<\/strong>\u00a0Dr B\u00e1lint B\u00e1lint L\u00e1szl\u00f3, habilit\u00e1lt egyetemi adjunktus<\/p>\n<p><strong>Beoszt\u00e1s:<\/strong>\u00a0Semmelweis Egyetem Bioinformatika Tansz\u00e9k, tudom\u00e1nyos tan\u00e1csad\u00f3<\/p>\n<p><strong>Jelentkez\u00e9si c\u00edm:<\/strong>\u00a0<a href=\"mailto:balintblaszlo@gmail.com\">balintblaszlo@gmail.com<\/a><\/p>\n<p><strong>Elv\u00e1r\u00e1sok:<\/strong>\u00a0kutat\u00e1s-fejleszt\u00e9s \u00e9s bioinformatika ir\u00e1nti \u00e9rdekl\u0151d\u00e9s, diagnosztikai t\u00e9ma ir\u00e1nti \u00e9rdekl\u0151d\u00e9s, az R\/Python programnyelv alapszint\u0171 ismerete<\/p>\n<p><strong>Meghirdet\u00e9s:<\/strong>\u00a0molekul\u00e1ris bionikusok (BSc),\u00a0 a orvos-biotechnol\u00f3gusok (MSc), \u00e9s info-bionikusok (MSc)\u00a0<\/p>\n","protected":false},"excerpt":{"rendered":"<p>Izoterm\u00e1lis nukleinsav m\u00e9r\u00e9si technol\u00f3gi\u00e1k info-bionikai fejleszt\u00e9se Le\u00edr\u00e1s:\u00a0A COVID-19 j\u00e1rv\u00e1ny nagyban felgyors\u00edtotta a kutat\u00e1si szint\u0171 technol\u00f3gi\u00e1k diagnosztikai alkalmaz\u00e1s\u00e1t. P\u00e9lda erre az izoterm\u00e1lis DNS amplifik\u00e1ci\u00f3s technol\u00f3gi\u00e1k (pl LAMP-PCR) diagnosztikai megjelen\u00e9se. A technol\u00f3gia lehet\u0151v\u00e9 teszi a beteg\u00e1gy melletti (POCT: point-of-care) nukleinsav meghat\u00e1roz\u00e1st olyan lehet\u0151s\u00e9geket nyitva meg a diagnosztikai fejleszt\u00e9seknek amelyek kor\u00e1bban nem voltak el\u00e9rhet\u0151ek.\u00a0 Az \u00f6n\u00e1ll\u00f3 laborat\u00f3riumi munka &hellip;<\/p>\n","protected":false},"author":101779,"featured_media":0,"parent":7287,"menu_order":5,"comment_status":"closed","ping_status":"closed","template":"","meta":{"_acf_changed":false,"footnotes":""},"categories":[],"tags":[],"class_list":["post-7701","page","type-page","status-publish","hentry"],"acf":[],"_links":{"self":[{"href":"https:\/\/semmelweis.hu\/bioinformatika\/wp-json\/wp\/v2\/pages\/7701","targetHints":{"allow":["GET"]}}],"collection":[{"href":"https:\/\/semmelweis.hu\/bioinformatika\/wp-json\/wp\/v2\/pages"}],"about":[{"href":"https:\/\/semmelweis.hu\/bioinformatika\/wp-json\/wp\/v2\/types\/page"}],"author":[{"embeddable":true,"href":"https:\/\/semmelweis.hu\/bioinformatika\/wp-json\/wp\/v2\/users\/101779"}],"replies":[{"embeddable":true,"href":"https:\/\/semmelweis.hu\/bioinformatika\/wp-json\/wp\/v2\/comments?post=7701"}],"version-history":[{"count":3,"href":"https:\/\/semmelweis.hu\/bioinformatika\/wp-json\/wp\/v2\/pages\/7701\/revisions"}],"predecessor-version":[{"id":7742,"href":"https:\/\/semmelweis.hu\/bioinformatika\/wp-json\/wp\/v2\/pages\/7701\/revisions\/7742"}],"up":[{"embeddable":true,"href":"https:\/\/semmelweis.hu\/bioinformatika\/wp-json\/wp\/v2\/pages\/7287"}],"wp:attachment":[{"href":"https:\/\/semmelweis.hu\/bioinformatika\/wp-json\/wp\/v2\/media?parent=7701"}],"wp:term":[{"taxonomy":"category","embeddable":true,"href":"https:\/\/semmelweis.hu\/bioinformatika\/wp-json\/wp\/v2\/categories?post=7701"},{"taxonomy":"post_tag","embeddable":true,"href":"https:\/\/semmelweis.hu\/bioinformatika\/wp-json\/wp\/v2\/tags?post=7701"}],"curies":[{"name":"wp","href":"https:\/\/api.w.org\/{rel}","templated":true}]}}