{"id":7681,"date":"2021-12-09T18:53:20","date_gmt":"2021-12-09T17:53:20","guid":{"rendered":"https:\/\/semmelweis.hu\/bioinformatika\/?page_id=7681"},"modified":"2021-12-09T18:56:00","modified_gmt":"2021-12-09T17:56:00","slug":"mutaciok-transzkriptomikus-hatasanak-vizsgalata-szolid-tumorokban","status":"publish","type":"page","link":"https:\/\/semmelweis.hu\/bioinformatika\/kutatas\/uj-kutatasi-temak\/onlab-temak\/mutaciok-transzkriptomikus-hatasanak-vizsgalata-szolid-tumorokban\/","title":{"rendered":"Mut\u00e1ci\u00f3k transzkriptomikus hat\u00e1s\u00e1nak vizsg\u00e1lata szolid tumorokban"},"content":{"rendered":"<p style=\"text-align: center\"><strong>Mut\u00e1ci\u00f3k transzkriptomikus hat\u00e1s\u00e1nak vizsg\u00e1lata szolid tumorokban<\/strong><\/p>\n<p><strong>Le\u00edr\u00e1s:<\/strong>\u00a0A mut\u00e1ci\u00f3k g\u00e9nexpresszi\u00f3ra gyakorolt hat\u00e1s\u00e1nak meg\u00e9rt\u00e9se a rosszindulat\u00fa daganatos betegs\u00e9gekben egy meglehet\u0151sen \u00f6sszetett feleadat. Egyes esetekben a mut\u00e1ci\u00f3knak nincsen k\u00f6zvetlen hat\u00e1sa a daganatos betegek t\u00fal\u00e9l\u00e9sre, azonban a mut\u00e1ci\u00f3 \u00e1ltal befoly\u00e1solt g\u00e9nexpresszi\u00f3s v\u00e1ltoz\u00e1sok sz\u00e1mos daganatt\u00edpus eset\u00e9n jelent\u0151sen befoly\u00e1solj\u00e1k a betegek t\u00fal\u00e9l\u00e9s\u00e9t. Ezen g\u00e9nkifejez\u0151d\u00e9si v\u00e1ltoz\u00e1sok vizsg\u00e1lat\u00e1hoz teljes exom \u00e9s RNS szekven\u00e1l\u00e1si, valamint microarray adatokat haszn\u00e1lunk fel.<\/p>\n<p><strong>T\u00e9mavezet\u0151:<\/strong>\u00a0Dr. Gy\u0151rffy Bal\u00e1zs<\/p>\n<p><strong>Beoszt\u00e1s:<\/strong>\u00a0Semmelweis Egyetem Bioinformatika Tansz\u00e9k, tansz\u00e9kvezet\u0151 egyetemi tan\u00e1r<\/p>\n<p><strong>Az ide\u00e1lis hallgat\u00f3:<\/strong>\u00a0medikus\/biol\u00f3gus\/biom\u00e9rn\u00f6k\/bioinikus<\/p>\n<p><strong>Elv\u00e1r\u00e1sok:\u00a0<\/strong>bioinformatikai \u00e9rdekl\u0151d\u00e9s, az R programnyelv alapszint\u0171 ismerete<\/p>\n<p><strong>Jelentkez\u00e9si c\u00edm:<\/strong>\u00a0<a href=\"mailto:gyorffy.balazs@med.semmelweis-univ.hu\">gyorffy.balazs@med.semmelweis-univ.hu<\/a><\/p>\n","protected":false},"excerpt":{"rendered":"<p>Mut\u00e1ci\u00f3k transzkriptomikus hat\u00e1s\u00e1nak vizsg\u00e1lata szolid tumorokban Le\u00edr\u00e1s:\u00a0A mut\u00e1ci\u00f3k g\u00e9nexpresszi\u00f3ra gyakorolt hat\u00e1s\u00e1nak meg\u00e9rt\u00e9se a rosszindulat\u00fa daganatos betegs\u00e9gekben egy meglehet\u0151sen \u00f6sszetett feleadat. Egyes esetekben a mut\u00e1ci\u00f3knak nincsen k\u00f6zvetlen hat\u00e1sa a daganatos betegek t\u00fal\u00e9l\u00e9sre, azonban a mut\u00e1ci\u00f3 \u00e1ltal befoly\u00e1solt g\u00e9nexpresszi\u00f3s v\u00e1ltoz\u00e1sok sz\u00e1mos daganatt\u00edpus eset\u00e9n jelent\u0151sen befoly\u00e1solj\u00e1k a betegek t\u00fal\u00e9l\u00e9s\u00e9t. Ezen g\u00e9nkifejez\u0151d\u00e9si v\u00e1ltoz\u00e1sok vizsg\u00e1lat\u00e1hoz teljes exom \u00e9s RNS szekven\u00e1l\u00e1si, &hellip;<\/p>\n","protected":false},"author":101779,"featured_media":0,"parent":7287,"menu_order":3,"comment_status":"closed","ping_status":"closed","template":"","meta":{"_acf_changed":false,"footnotes":""},"categories":[],"tags":[],"class_list":["post-7681","page","type-page","status-publish","hentry"],"acf":[],"_links":{"self":[{"href":"https:\/\/semmelweis.hu\/bioinformatika\/wp-json\/wp\/v2\/pages\/7681","targetHints":{"allow":["GET"]}}],"collection":[{"href":"https:\/\/semmelweis.hu\/bioinformatika\/wp-json\/wp\/v2\/pages"}],"about":[{"href":"https:\/\/semmelweis.hu\/bioinformatika\/wp-json\/wp\/v2\/types\/page"}],"author":[{"embeddable":true,"href":"https:\/\/semmelweis.hu\/bioinformatika\/wp-json\/wp\/v2\/users\/101779"}],"replies":[{"embeddable":true,"href":"https:\/\/semmelweis.hu\/bioinformatika\/wp-json\/wp\/v2\/comments?post=7681"}],"version-history":[{"count":2,"href":"https:\/\/semmelweis.hu\/bioinformatika\/wp-json\/wp\/v2\/pages\/7681\/revisions"}],"predecessor-version":[{"id":7693,"href":"https:\/\/semmelweis.hu\/bioinformatika\/wp-json\/wp\/v2\/pages\/7681\/revisions\/7693"}],"up":[{"embeddable":true,"href":"https:\/\/semmelweis.hu\/bioinformatika\/wp-json\/wp\/v2\/pages\/7287"}],"wp:attachment":[{"href":"https:\/\/semmelweis.hu\/bioinformatika\/wp-json\/wp\/v2\/media?parent=7681"}],"wp:term":[{"taxonomy":"category","embeddable":true,"href":"https:\/\/semmelweis.hu\/bioinformatika\/wp-json\/wp\/v2\/categories?post=7681"},{"taxonomy":"post_tag","embeddable":true,"href":"https:\/\/semmelweis.hu\/bioinformatika\/wp-json\/wp\/v2\/tags?post=7681"}],"curies":[{"name":"wp","href":"https:\/\/api.w.org\/{rel}","templated":true}]}}