{"id":7664,"date":"2021-12-09T18:45:47","date_gmt":"2021-12-09T17:45:47","guid":{"rendered":"https:\/\/semmelweis.hu\/bioinformatika\/?page_id=7664"},"modified":"2023-05-05T14:42:32","modified_gmt":"2023-05-05T12:42:32","slug":"mono-es-multigenes-onkologiai-biomakerek","status":"publish","type":"page","link":"https:\/\/semmelweis.hu\/bioinformatika\/kutatas\/phd\/mono-es-multigenes-onkologiai-biomakerek\/","title":{"rendered":"Mono- \u00e9s multig\u00e9nes onkol\u00f3giai biomarkerek"},"content":{"rendered":"<div>\n<p style=\"text-align: center\"><b>Mono- \u00e9s multig\u00e9nes onkol\u00f3giai biomarkerek<\/b><\/p>\n<p>A rosszindulat\u00fa daganatos betegs\u00e9gek jobb gy\u00f3gy\u00edt\u00e1s\u00e1hoz h\u00e1rom k\u00fcl\u00f6nb\u00f6z\u0151 t\u00edpus\u00fa biomarker haszn\u00e1lata ny\u00fajthat seg\u00edts\u00e9get. A diagnosztikai biomarkerek a betegs\u00e9g korai azonos\u00edt\u00e1s\u00e1t teszik lehet\u0151v\u00e9 v\u00e9r-, vizelet-, vagy sz\u00e9klet-mint\u00e1kb\u00f3l. A prognosztikus biomarkerek a betegs\u00e9g v\u00e1rhat\u00f3 lefoly\u00e1s\u00e1t jelzik el\u0151re, vagyis az adott kezel\u00e9s eset\u00e9n v\u00e1rhat\u00f3 t\u00fal\u00e9l\u00e9st. A predikt\u00edv biomarkerek egy adott kezel\u00e9s eset\u00e9n a v\u00e1rhat\u00f3 ter\u00e1pi\u00e1s v\u00e1lasszal f\u00fcggenek \u00f6ssze, \u00e9s megmutatj\u00e1k, hogy ki milyen kezel\u00e9st kapjon. A kutat\u00e1s sor\u00e1n egy vagy t\u00f6bb g\u00e9nt tartalmaz\u00f3 biomarker-jel\u00f6ltek kifejleszt\u00e9se, \u00e9s klinikai mint\u00e1kban t\u00f6rt\u00e9n\u0151 kipr\u00f3b\u00e1l\u00e1sa a c\u00e9l.<\/p>\n<\/div>\n<div>\u00a0<\/div>\n<div>A t\u00e9ma els\u0151sorban a klinikai kutat\u00e1s, m\u00e1sodsorban a bioinformatika ir\u00e1nt \u00e9rdekl\u0151d\u0151 hallgat\u00f3k sz\u00e1m\u00e1ra optim\u00e1lis.<\/div>\n<div>\u00a0<\/div>\n<div>T\u00e9mavezet\u0151:\u00a0<a href=\"https:\/\/semmelweis.hu\/telefonkonyv\/?emp_id=16274\">Prof. Dr. Gy\u0151rffy Bal\u00e1zs<\/a><\/div>\n","protected":false},"excerpt":{"rendered":"<p>Mono- \u00e9s multig\u00e9nes onkol\u00f3giai biomarkerek A rosszindulat\u00fa daganatos betegs\u00e9gek jobb gy\u00f3gy\u00edt\u00e1s\u00e1hoz h\u00e1rom k\u00fcl\u00f6nb\u00f6z\u0151 t\u00edpus\u00fa biomarker haszn\u00e1lata ny\u00fajthat seg\u00edts\u00e9get. A diagnosztikai biomarkerek a betegs\u00e9g korai azonos\u00edt\u00e1s\u00e1t teszik lehet\u0151v\u00e9 v\u00e9r-, vizelet-, vagy sz\u00e9klet-mint\u00e1kb\u00f3l. A prognosztikus biomarkerek a betegs\u00e9g v\u00e1rhat\u00f3 lefoly\u00e1s\u00e1t jelzik el\u0151re, vagyis az adott kezel\u00e9s eset\u00e9n v\u00e1rhat\u00f3 t\u00fal\u00e9l\u00e9st. A predikt\u00edv biomarkerek egy adott kezel\u00e9s eset\u00e9n a &hellip;<\/p>\n","protected":false},"author":101779,"featured_media":0,"parent":6972,"menu_order":1,"comment_status":"closed","ping_status":"closed","template":"","meta":{"_acf_changed":false,"footnotes":""},"categories":[],"tags":[],"class_list":["post-7664","page","type-page","status-publish","hentry"],"acf":[],"_links":{"self":[{"href":"https:\/\/semmelweis.hu\/bioinformatika\/wp-json\/wp\/v2\/pages\/7664","targetHints":{"allow":["GET"]}}],"collection":[{"href":"https:\/\/semmelweis.hu\/bioinformatika\/wp-json\/wp\/v2\/pages"}],"about":[{"href":"https:\/\/semmelweis.hu\/bioinformatika\/wp-json\/wp\/v2\/types\/page"}],"author":[{"embeddable":true,"href":"https:\/\/semmelweis.hu\/bioinformatika\/wp-json\/wp\/v2\/users\/101779"}],"replies":[{"embeddable":true,"href":"https:\/\/semmelweis.hu\/bioinformatika\/wp-json\/wp\/v2\/comments?post=7664"}],"version-history":[{"count":5,"href":"https:\/\/semmelweis.hu\/bioinformatika\/wp-json\/wp\/v2\/pages\/7664\/revisions"}],"predecessor-version":[{"id":9020,"href":"https:\/\/semmelweis.hu\/bioinformatika\/wp-json\/wp\/v2\/pages\/7664\/revisions\/9020"}],"up":[{"embeddable":true,"href":"https:\/\/semmelweis.hu\/bioinformatika\/wp-json\/wp\/v2\/pages\/6972"}],"wp:attachment":[{"href":"https:\/\/semmelweis.hu\/bioinformatika\/wp-json\/wp\/v2\/media?parent=7664"}],"wp:term":[{"taxonomy":"category","embeddable":true,"href":"https:\/\/semmelweis.hu\/bioinformatika\/wp-json\/wp\/v2\/categories?post=7664"},{"taxonomy":"post_tag","embeddable":true,"href":"https:\/\/semmelweis.hu\/bioinformatika\/wp-json\/wp\/v2\/tags?post=7664"}],"curies":[{"name":"wp","href":"https:\/\/api.w.org\/{rel}","templated":true}]}}

Mono- és multigénes onkológiai biomarkerek

<div>
<p style="text-align: center"><b>Mono- és multigénes onkológiai biomarkerek</b></p>
<p>A rosszindulatú daganatos betegségek jobb gyógyításához három különböző típusú biomarker használata nyújthat segítséget. A diagnosztikai biomarkerek a betegség korai azonosítását teszik lehetővé vér-, vizelet-, vagy széklet-mintákból. A prognosztikus biomarkerek a betegség várható lefolyását jelzik előre, vagyis az adott kezelés esetén várható túlélést. A prediktív biomarkerek egy adott kezelés esetén a várható terápiás válasszal függenek össze, és megmutatják, hogy ki milyen kezelést kapjon. A kutatás során egy vagy több gént tartalmazó biomarker-jelöltek kifejlesztése, és klinikai mintákban történő kipróbálása a cél.</p>
</div>
<div> </div>
<div>A téma elsősorban a klinikai kutatás, másodsorban a bioinformatika iránt érdeklődő hallgatók számára optimális.</div>
<div> </div>
<div>Témavezető: <a href="https://semmelweis.hu/telefonkonyv/?emp_id=16274">Prof. Dr. Győrffy Balázs</a></div>

<p>Mono- és multigénes onkológiai biomarkerek A rosszindulatú daganatos betegségek jobb gyógyításához három különböző típusú biomarker használata nyújthat segítséget. A diagnosztikai biomarkerek a betegség korai azonosítását teszik lehetővé vér-, vizelet-, vagy széklet-mintákból. A prognosztikus biomarkerek a betegség várható lefolyását jelzik előre, vagyis az adott kezelés esetén várható túlélést. A prediktív biomarkerek egy adott kezelés esetén a &hellip;</p>
