{"id":7660,"date":"2021-12-09T18:44:26","date_gmt":"2021-12-09T17:44:26","guid":{"rendered":"https:\/\/semmelweis.hu\/bioinformatika\/?page_id=7660"},"modified":"2023-05-05T14:42:09","modified_gmt":"2023-05-05T12:42:09","slug":"multi-omikai-vizsgalatok-onkologiaban","status":"publish","type":"page","link":"https:\/\/semmelweis.hu\/bioinformatika\/kutatas\/phd\/multi-omikai-vizsgalatok-onkologiaban\/","title":{"rendered":"Multi-omikai vizsg\u00e1latok onkol\u00f3gi\u00e1ban"},"content":{"rendered":"<div style=\"text-align: center\"><b>Multi-omikai vizsg\u00e1latok onkol\u00f3gi\u00e1ban<\/b><\/div>\n<div>\n<p>&nbsp;<\/p>\n<p>Egy adott minta eset\u00e9n az omikai adatok k\u00fcl\u00f6nb\u00f6z\u0151 szintje \u00e9rhet\u0151 el, mint a genomikai, transzkriptomikai, proteomikai, metabolomikai, stb. adatok. A tudom\u00e1nyos kutat\u00e1sokban ezen szinteket tipikusan egym\u00e1st\u00f3l f\u00fcggetlen\u00fcl vizsg\u00e1lj\u00e1k, pld egy feh\u00e9rje alap\u00fa biomarkert n\u00e9znek egy adott betegs\u00e9gben. A k\u00f3rlefoly\u00e1st jobban meg lehetne \u00e9rteni, illetve hat\u00e9konyabb ter\u00e1pi\u00e1t lehetne kidolgozni, ha az adatok t\u00f6bb szintj\u00e9t tudn\u00e1nk egyszerre elemezni. Az egyes szintek egym\u00e1st befoly\u00e1solhatj\u00e1k, valamint visszacsatol\u00e1sos mechanizmusok is m\u0171k\u00f6dhetnek. A kutat\u00e1s sor\u00e1n az onkol\u00f3gia ter\u00fclet\u00e9n fogunk multi-omikai kutat\u00e1sokat v\u00e9gezni.<\/p>\n<\/div>\n<div>\u00a0<\/div>\n<div>A t\u00e9ma alapkutat\u00e1s vagy bioinformatika ir\u00e1nt \u00e9rdekl\u0151d\u0151 hallgat\u00f3k sz\u00e1m\u00e1ra optim\u00e1lis.<\/div>\n<div>\u00a0<\/div>\n<div>T\u00e9mavezet\u0151:\u00a0<a href=\"https:\/\/semmelweis.hu\/telefonkonyv\/?emp_id=16274\">Prof. Dr. Gy\u0151rffy Bal\u00e1zs<\/a><\/div>\n","protected":false},"excerpt":{"rendered":"<p>Multi-omikai vizsg\u00e1latok onkol\u00f3gi\u00e1ban &nbsp; Egy adott minta eset\u00e9n az omikai adatok k\u00fcl\u00f6nb\u00f6z\u0151 szintje \u00e9rhet\u0151 el, mint a genomikai, transzkriptomikai, proteomikai, metabolomikai, stb. adatok. A tudom\u00e1nyos kutat\u00e1sokban ezen szinteket tipikusan egym\u00e1st\u00f3l f\u00fcggetlen\u00fcl vizsg\u00e1lj\u00e1k, pld egy feh\u00e9rje alap\u00fa biomarkert n\u00e9znek egy adott betegs\u00e9gben. A k\u00f3rlefoly\u00e1st jobban meg lehetne \u00e9rteni, illetve hat\u00e9konyabb ter\u00e1pi\u00e1t lehetne kidolgozni, ha az adatok &hellip;<\/p>\n","protected":false},"author":101779,"featured_media":0,"parent":6972,"menu_order":0,"comment_status":"closed","ping_status":"closed","template":"","meta":{"_acf_changed":false,"footnotes":""},"categories":[],"tags":[],"class_list":["post-7660","page","type-page","status-publish","hentry"],"acf":[],"_links":{"self":[{"href":"https:\/\/semmelweis.hu\/bioinformatika\/wp-json\/wp\/v2\/pages\/7660","targetHints":{"allow":["GET"]}}],"collection":[{"href":"https:\/\/semmelweis.hu\/bioinformatika\/wp-json\/wp\/v2\/pages"}],"about":[{"href":"https:\/\/semmelweis.hu\/bioinformatika\/wp-json\/wp\/v2\/types\/page"}],"author":[{"embeddable":true,"href":"https:\/\/semmelweis.hu\/bioinformatika\/wp-json\/wp\/v2\/users\/101779"}],"replies":[{"embeddable":true,"href":"https:\/\/semmelweis.hu\/bioinformatika\/wp-json\/wp\/v2\/comments?post=7660"}],"version-history":[{"count":3,"href":"https:\/\/semmelweis.hu\/bioinformatika\/wp-json\/wp\/v2\/pages\/7660\/revisions"}],"predecessor-version":[{"id":7695,"href":"https:\/\/semmelweis.hu\/bioinformatika\/wp-json\/wp\/v2\/pages\/7660\/revisions\/7695"}],"up":[{"embeddable":true,"href":"https:\/\/semmelweis.hu\/bioinformatika\/wp-json\/wp\/v2\/pages\/6972"}],"wp:attachment":[{"href":"https:\/\/semmelweis.hu\/bioinformatika\/wp-json\/wp\/v2\/media?parent=7660"}],"wp:term":[{"taxonomy":"category","embeddable":true,"href":"https:\/\/semmelweis.hu\/bioinformatika\/wp-json\/wp\/v2\/categories?post=7660"},{"taxonomy":"post_tag","embeddable":true,"href":"https:\/\/semmelweis.hu\/bioinformatika\/wp-json\/wp\/v2\/tags?post=7660"}],"curies":[{"name":"wp","href":"https:\/\/api.w.org\/{rel}","templated":true}]}}