{"id":7370,"date":"2021-02-15T12:02:41","date_gmt":"2021-02-15T11:02:41","guid":{"rendered":"https:\/\/semmelweis.hu\/bioinformatika\/?page_id=7370"},"modified":"2022-02-11T11:11:35","modified_gmt":"2022-02-11T10:11:35","slug":"immunterapias-kezelesek-hatekonysaganak-vizsgalata","status":"publish","type":"page","link":"https:\/\/semmelweis.hu\/bioinformatika\/kutatas\/uj-kutatasi-temak\/tdk-temak\/immunterapias-kezelesek-hatekonysaganak-vizsgalata\/","title":{"rendered":"Az immunter\u00e1pi\u00e1s kezel\u00e9sek hat\u00e9konys\u00e1g\u00e1nak vizsg\u00e1lata melanom\u00e1s betegekben"},"content":{"rendered":"<p><b>T\u00e9ma c\u00edme:<\/b><span style=\"font-weight: 400\"> Az immunter\u00e1pi\u00e1s kezel\u00e9sek hat\u00e9konys\u00e1g\u00e1nak vizsg\u00e1lata melanom\u00e1s betegekben genomikai \u00e9s proteomikai eszk\u00f6z\u00f6kkel<\/span><\/p>\n<p><b>T\u00e9mavezet\u0151:<\/b><span style=\"font-weight: 400\"> Dr. Bartha \u00c1ron, Kov\u00e1cs Szonja Anna<\/span><\/p>\n<p><b>Le\u00edr\u00e1s:<\/b><span style=\"font-weight: 400\"> A melan\u00f3ma a leggyakrabban el\u0151fordul\u00f3 rosszindulat\u00fa daganat a b\u0151r\u00f6n. Az el\u00e9rhet\u0151 ter\u00e1pi\u00e1s lehet\u0151s\u00e9gek mennyis\u00e9ge \u00e9s hat\u00e9konys\u00e1ga egyre n\u00f6vekszik, a kezel\u00e9sekkel szembeni rezisztencia tov\u00e1bbra is komoly probl\u00e9ma. A t\u00e1voli \u00e1tt\u00e9tes betegek t\u00fal\u00e9l\u00e9si es\u00e9lyeit tekintve j\u00f3l l\u00e1that\u00f3, hogy a jelenleg elterjedt ter\u00e1pi\u00e1s lehet\u0151s\u00e9gek tov\u00e1bb b\u0151v\u00edthet\u0151ek \u00e9s \u00fajragondolhat\u00f3ak. A vizsg\u00e1lat c\u00e9lja, hogy ter\u00e1pi\u00e1s v\u00e1laszban potenci\u00e1lisan r\u00e9szt vev\u0151 \u00e9s a t\u00fal\u00e9l\u00e9shez k\u00f6thet\u0151 genetikai faktorokat, biomarkereket felm\u00e9rj\u00fck.<\/span><\/p>\n<p><b>T\u00e9ma jellege:<\/b><span style=\"font-weight: 400\"> betegkapcsolat (mintagy\u0171jt\u00e9s, adatgy\u0171jt\u00e9s) \u00e9s\/vagy bioinformatika<\/span><\/p>\n<p><b>Kapcsolat:<\/b> <a href=\"mailto:bartha.aron@med.semmelweis-univ.hu\"><span style=\"font-weight: 400\">bartha.aron@med.semmelweis-univ.hu <\/span><\/a><a href=\"mailto:kovacs.szonja@phd.semmelweis.hu\" target=\"_blank\" rel=\"noopener\">kovacs.szonja@phd.semmelweis.hu<\/a><\/p>\n","protected":false},"excerpt":{"rendered":"<p>T\u00e9ma c\u00edme: Az immunter\u00e1pi\u00e1s kezel\u00e9sek hat\u00e9konys\u00e1g\u00e1nak vizsg\u00e1lata melanom\u00e1s betegekben genomikai \u00e9s proteomikai eszk\u00f6z\u00f6kkel T\u00e9mavezet\u0151: Dr. Bartha \u00c1ron, Kov\u00e1cs Szonja Anna Le\u00edr\u00e1s: A melan\u00f3ma a leggyakrabban el\u0151fordul\u00f3 rosszindulat\u00fa daganat a b\u0151r\u00f6n. Az el\u00e9rhet\u0151 ter\u00e1pi\u00e1s lehet\u0151s\u00e9gek mennyis\u00e9ge \u00e9s hat\u00e9konys\u00e1ga egyre n\u00f6vekszik, a kezel\u00e9sekkel szembeni rezisztencia tov\u00e1bbra is komoly probl\u00e9ma. A t\u00e1voli \u00e1tt\u00e9tes betegek t\u00fal\u00e9l\u00e9si es\u00e9lyeit tekintve j\u00f3l &hellip;<\/p>\n","protected":false},"author":101779,"featured_media":0,"parent":6989,"menu_order":0,"comment_status":"closed","ping_status":"closed","template":"","meta":{"_acf_changed":false,"footnotes":""},"categories":[],"tags":[],"class_list":["post-7370","page","type-page","status-publish","hentry"],"acf":[],"_links":{"self":[{"href":"https:\/\/semmelweis.hu\/bioinformatika\/wp-json\/wp\/v2\/pages\/7370","targetHints":{"allow":["GET"]}}],"collection":[{"href":"https:\/\/semmelweis.hu\/bioinformatika\/wp-json\/wp\/v2\/pages"}],"about":[{"href":"https:\/\/semmelweis.hu\/bioinformatika\/wp-json\/wp\/v2\/types\/page"}],"author":[{"embeddable":true,"href":"https:\/\/semmelweis.hu\/bioinformatika\/wp-json\/wp\/v2\/users\/101779"}],"replies":[{"embeddable":true,"href":"https:\/\/semmelweis.hu\/bioinformatika\/wp-json\/wp\/v2\/comments?post=7370"}],"version-history":[{"count":8,"href":"https:\/\/semmelweis.hu\/bioinformatika\/wp-json\/wp\/v2\/pages\/7370\/revisions"}],"predecessor-version":[{"id":7960,"href":"https:\/\/semmelweis.hu\/bioinformatika\/wp-json\/wp\/v2\/pages\/7370\/revisions\/7960"}],"up":[{"embeddable":true,"href":"https:\/\/semmelweis.hu\/bioinformatika\/wp-json\/wp\/v2\/pages\/6989"}],"wp:attachment":[{"href":"https:\/\/semmelweis.hu\/bioinformatika\/wp-json\/wp\/v2\/media?parent=7370"}],"wp:term":[{"taxonomy":"category","embeddable":true,"href":"https:\/\/semmelweis.hu\/bioinformatika\/wp-json\/wp\/v2\/categories?post=7370"},{"taxonomy":"post_tag","embeddable":true,"href":"https:\/\/semmelweis.hu\/bioinformatika\/wp-json\/wp\/v2\/tags?post=7370"}],"curies":[{"name":"wp","href":"https:\/\/api.w.org\/{rel}","templated":true}]}}

Az immunterápiás kezelések hatékonyságának vizsgálata melanomás betegekben

<p><b>Téma címe:</b><span style="font-weight: 400"> Az immunterápiás kezelések hatékonyságának vizsgálata melanomás betegekben genomikai és proteomikai eszközökkel</span></p>
<p><b>Témavezető:</b><span style="font-weight: 400"> Dr. Bartha Áron, Kovács Szonja Anna</span></p>
<p><b>Leírás:</b><span style="font-weight: 400"> A melanóma a leggyakrabban előforduló rosszindulatú daganat a bőrön. Az elérhető terápiás lehetőségek mennyisége és hatékonysága egyre növekszik, a kezelésekkel szembeni rezisztencia továbbra is komoly probléma. A távoli áttétes betegek túlélési esélyeit tekintve jól látható, hogy a jelenleg elterjedt terápiás lehetőségek tovább bővíthetőek és újragondolhatóak. A vizsgálat célja, hogy terápiás válaszban potenciálisan részt vevő és a túléléshez köthető genetikai faktorokat, biomarkereket felmérjük.</span></p>
<p><b>Téma jellege:</b><span style="font-weight: 400"> betegkapcsolat (mintagyűjtés, adatgyűjtés) és/vagy bioinformatika</span></p>
<p><b>Kapcsolat:</b> <a href="mailto:bartha.aron@med.semmelweis-univ.hu"><span style="font-weight: 400">bartha.aron@med.semmelweis-univ.hu </span></a><a href="mailto:kovacs.szonja@phd.semmelweis.hu" target="_blank" rel="noopener">kovacs.szonja@phd.semmelweis.hu</a></p>

<p>Téma címe: Az immunterápiás kezelések hatékonyságának vizsgálata melanomás betegekben genomikai és proteomikai eszközökkel Témavezető: Dr. Bartha Áron, Kovács Szonja Anna Leírás: A melanóma a leggyakrabban előforduló rosszindulatú daganat a bőrön. Az elérhető terápiás lehetőségek mennyisége és hatékonysága egyre növekszik, a kezelésekkel szembeni rezisztencia továbbra is komoly probléma. A távoli áttétes betegek túlélési esélyeit tekintve jól &hellip;</p>
