{"id":6989,"date":"2020-05-11T16:03:18","date_gmt":"2020-05-11T14:03:18","guid":{"rendered":"https:\/\/semmelweis.hu\/bioinformatika\/?page_id=6989"},"modified":"2026-02-02T09:32:30","modified_gmt":"2026-02-02T08:32:30","slug":"tdk-temak","status":"publish","type":"page","link":"https:\/\/semmelweis.hu\/bioinformatika\/kutatas\/uj-kutatasi-temak\/tdk-temak\/","title":{"rendered":"TDK t\u00e9m\u00e1k"},"content":{"rendered":"<p style=\"text-align: center\"><span style=\"font-size: 18pt\"><strong>A Bioinformatika Tansz\u00e9ken meghirdetett TDK<\/strong><strong> t\u00e9m\u00e1k<\/strong><\/span><\/p>\n<hr \/>\n<p><b>T\u00e9ma c\u00edme:<\/b><span style=\"font-weight: 400\"> A ter\u00e1pi\u00e1s v\u00e1lasz biomarkerei<\/span><\/p>\n<p><b>T\u00e9mavezet\u0151:<\/b><span style=\"font-weight: 400\"> Dr. Fekete J\u00e1nos Tibor<\/span><\/p>\n<p><b>Le\u00edr\u00e1s:<\/b><span style=\"font-weight: 400\"> A predikt\u00edv biomarkerek a ter\u00e1pi\u00e1s v\u00e1lasz el\u0151rejelz\u00e9s\u00e9re szolg\u00e1lnak a kezel\u00e9s megkezd\u00e9se el\u0151tt. C\u00e9lunk az, hogy g\u00e9nexpresszi\u00f3s adatokon alapul\u00f3 elemz\u00e9s seg\u00edts\u00e9g\u00e9vel \u00fajabb potenci\u00e1lis biomarker jel\u00f6lteket azonos\u00edtsunk els\u0151sorban onkol\u00f3giai ter\u00fcleten.<\/span><\/p>\n<p><b>T\u00e9ma jellege:<\/b><span style=\"font-weight: 400\"> bioinformatika<\/span><\/p>\n<p><b>Kapcsolat:<\/b> <a href=\"mailto:fekete.janos@semmelweis.hu\"><span style=\"font-weight: 400\"><a href=\"mailto:fekete.janos.tibor@semmelweis.hu\" target=\"_blank\" rel=\"noopener\">fekete.janos.tibor@semmelweis.hu<\/a><\/span><\/a><\/p>\n<hr \/>\n<p><b>T\u00e9ma c\u00edme:<\/b><span style=\"font-weight: 400\"> Mut\u00e1ci\u00f3k transzkriptomikus hat\u00e1s\u00e1nak vizsg\u00e1lata szolid tumorokban<\/span><\/p>\n<p><b>T\u00e9mavezet\u0151:<\/b><span style=\"font-weight: 400\"> Prof. Dr. Gy\u0151rffy Bal\u00e1zs<\/span><\/p>\n<p><b>Le\u00edr\u00e1s:<\/b><span style=\"font-weight: 400\"> A mut\u00e1ci\u00f3k g\u00e9nexpresszi\u00f3ra gyakorolt hat\u00e1s\u00e1nak meg\u00e9rt\u00e9se a rosszindulat\u00fa daganatos betegs\u00e9gekben egy \u00f6sszetett feleadat. Egyes esetekben a mut\u00e1ci\u00f3knak nincsen k\u00f6zvetlen hat\u00e1sa a daganatos betegek t\u00fal\u00e9l\u00e9sre, azonban a mut\u00e1ci\u00f3 \u00e1ltal befoly\u00e1solt g\u00e9nexpresszi\u00f3s v\u00e1ltoz\u00e1sok sz\u00e1mos daganatt\u00edpus eset\u00e9n jelent\u0151sen befoly\u00e1solj\u00e1k a betegek t\u00fal\u00e9l\u00e9s\u00e9t. Ezen g\u00e9nkifejez\u0151d\u00e9si v\u00e1ltoz\u00e1sok vizsg\u00e1lat\u00e1hoz teljes exom \u00e9s RNS szekven\u00e1l\u00e1si, valamint microarray adatokat haszn\u00e1lunk fel.<\/span><\/p>\n<p><b>T\u00e9ma jellege:<\/b><span style=\"font-weight: 400\"> programoz\u00e1s, bioinformatika<\/span><\/p>\n<p><b>Kapcsolat:<\/b> <a href=\"mailto:gyorffy.balazs@semmelweis.hu\"><span style=\"font-weight: 400\">gyorffy<\/span><span style=\"font-weight: 400\">.balazs<\/span><span style=\"font-weight: 400\">@semmelweis.hu<\/span><\/a><\/p>\n<hr \/>\n<p><b>T\u00e9ma c\u00edme:<\/b><span style=\"font-weight: 400\"> Az immunter\u00e1pi\u00e1s kezel\u00e9sek hat\u00e9konys\u00e1g\u00e1nak vizsg\u00e1lata melanom\u00e1s betegekben genomikai \u00e9s proteomikai eszk\u00f6z\u00f6kkel<\/span><\/p>\n<p><b>T\u00e9mavezet\u0151:<\/b><span style=\"font-weight: 400\"> Dr. Bartha \u00c1ron, Kov\u00e1cs Szonja Anna<\/span><\/p>\n<p><b>Le\u00edr\u00e1s:<\/b><span style=\"font-weight: 400\"> A melan\u00f3ma a leggyakrabban el\u0151fordul\u00f3 rosszindulat\u00fa daganat a b\u0151r\u00f6n. Az el\u00e9rhet\u0151 ter\u00e1pi\u00e1s lehet\u0151s\u00e9gek mennyis\u00e9ge \u00e9s hat\u00e9konys\u00e1ga egyre n\u00f6vekszik, a kezel\u00e9sekkel szembeni rezisztencia tov\u00e1bbra is komoly probl\u00e9ma. A t\u00e1voli \u00e1tt\u00e9tes betegek t\u00fal\u00e9l\u00e9si es\u00e9lyeit tekintve j\u00f3l l\u00e1that\u00f3, hogy a jelenleg elterjedt ter\u00e1pi\u00e1s lehet\u0151s\u00e9gek tov\u00e1bb b\u0151v\u00edthet\u0151ek \u00e9s \u00fajragondolhat\u00f3ak. A vizsg\u00e1lat c\u00e9lja, hogy ter\u00e1pi\u00e1s v\u00e1laszban potenci\u00e1lisan r\u00e9szt vev\u0151 \u00e9s a t\u00fal\u00e9l\u00e9shez k\u00f6thet\u0151 genetikai faktorokat, biomarkereket felm\u00e9rj\u00fck.<\/span><\/p>\n<p><b>T\u00e9ma jellege:<\/b><span style=\"font-weight: 400\"> betegkapcsolat (mintagy\u0171jt\u00e9s, adatgy\u0171jt\u00e9s) \u00e9s\/vagy bioniformatika<\/span><\/p>\n<p><b>Kapcsolat:<\/b> <a href=\"mailto:bartha.aron@semmelweis.hu\"><span style=\"font-weight: 400\">bartha.<\/span><span style=\"font-weight: 400\">aron<\/span><span style=\"font-weight: 400\">@<\/span><span style=\"font-weight: 400\">semme<\/span><span style=\"font-weight: 400\">lweis.hu<\/span><\/a><\/p>\n<hr \/>\n<p><strong>T\u00e9ma c\u00edme:<\/strong>\u00a0Gyermekkorban el\u0151fordul\u00f3 idegrendszeri malignit\u00e1sok proteotranszkriptomikai elemz\u00e9se.<\/p>\n<p><strong>T\u00e9mavezet\u0151:<\/strong>\u00a0Dr. Bartha \u00c1ron<\/p>\n<p><strong>Le\u00edr\u00e1s:<\/strong>\u00a0A gyermekkori hematoonkol\u00f3giai betegs\u00e9gek k\u00f6z\u00fcl jelenleg a neuroonkol\u00f3giai elt\u00e9r\u00e9sek rendelkeznek az egyik legrosszabb progn\u00f3zissal. A kutat\u00e1s c\u00e9lja, hogy transzkriptom \u00e9s proteom szint\u0171 adatok integr\u00e1lt felhaszn\u00e1l\u00e1s\u00e1val olyan \u00faj potenci\u00e1lis biomarkereket keress\u00fcnk, amelyek seg\u00edthetik a mindennapi klinikai d\u00f6nt\u00e9shozatalokat.<\/p>\n<p><strong>T\u00e9ma jellege:<\/strong>\u00a0betegkapcsolat (mintagy\u0171jt\u00e9s, adatgy\u0171jt\u00e9s) \u00e9s\/vagy adatelemz\u00e9s<\/p>\n<p><strong>Kapcsolat:<\/strong>\u00a0<a href=\"mailto:bartha.aron@semmelweis.hu\">bartha.aron@semmelweis.hu<\/a><\/p>\n<hr \/>\n<p><b>T\u00e9ma c\u00edme:<\/b><span style=\"font-weight: 400\"> Hordhat\u00f3 bioszenzorok szerepe gyakori betegs\u00e9gek \u00e1llapotk\u00f6vet\u00e9s\u00e9ben<\/span><\/p>\n<p><b>T\u00e9mavezet\u0151:<\/b><span style=\"font-weight: 400\"> Prof. Dr. Gy\u0151rffy Bal\u00e1zs<\/span><\/p>\n<p><b>Le\u00edr\u00e1s:<\/b><span style=\"font-weight: 400\"> Kereskedelmi forgalomban kaphat\u00f3 kar\u00f3r\u00e1kba \u00e9p\u00edtett, a fotopletizmogr\u00e1fia elv\u00e9n m\u0171k\u00f6d\u0151 bioszenzorok regisztr\u00e1tumainak korrel\u00e1ci\u00f3j\u00e1t vizsg\u00e1ljuk az adott param\u00e9ter vizsg\u00e1lat\u00e1ra valid\u00e1lt, standardnak min\u0151s\u00fcl\u0151 diagnosztikai vizsg\u00e1latok eredm\u00e9ny\u00e9vel. A nyert adatokat a hordhat\u00f3 bioszenzorokon alapul\u00f3 alkalmaz\u00e1sok sz\u00edv-\u00e9rrendszeri \u00e9s anyagcserebetegs\u00e9gek korai diagnosztik\u00e1j\u00e1ban bet\u00f6lt\u00f6tt szerep\u00e9nek vizsg\u00e1lat\u00e1ra, pontoss\u00e1guk objekt\u00edv meghat\u00e1roz\u00e1s\u00e1ra \u00e9s n\u00f6vel\u00e9s\u00e9re ir\u00e1nyul\u00f3 kutat\u00e1sban haszn\u00e1ljuk fel.<\/span><\/p>\n<p><b>T\u00e9ma jellege:<\/b><span style=\"font-weight: 400\"> Kapcsolattart\u00e1s a vizsg\u00e1latban r\u00e9sztvev\u0151 betegekkel, partner klinikai ambulanci\u00e1kon mintagy\u0171jt\u00e9s, adatgy\u0171jt\u00e9s elektronikus eg\u00e9szs\u00e9g\u00fcgyi dokument\u00e1ci\u00f3b\u00f3l.<\/span><\/p>\n<p><b>Kapcsolat:<\/b> <span style=\"font-weight: 400\"><a href=\"mailto:gyorffy.balazs@semmelweis.hu\">gyorffy.balazs@semmelweis.hu<\/a>\u00a0\u00a0<\/span><\/p>\n<hr \/>\n<p><b>T\u00e9ma c\u00edme:<\/b><span style=\"font-weight: 400\"> Kemoter\u00e1pi\u00e1s szerekkel szembeni rezisztenciamarkerek vizsg\u00e1lata eml\u0151r\u00e1kos sejtvonalakon<\/span><\/p>\n<p><b>T\u00e9mavezet\u0151:<\/b><span style=\"font-weight: 400\"> Dr. Munk\u00e1csy Gy\u00f6ngyi, Kov\u00e1cs Szonja Anna<\/span><\/p>\n<p><b>Le\u00edr\u00e1s:<\/b><span style=\"font-weight: 400\"> A rosszindulat\u00fa daganatok kezel\u00e9s\u00e9hez haszn\u00e1lt ter\u00e1pi\u00e1s szerekkel szembeni rezisztencia markerei bioinformatikai adatb\u00e1zisokb\u00f3l kinyerhet\u0151k. A kiv\u00e1lasztott markereket sejtkult\u00far\u00e1s modellen igazoljuk, mik\u00f6zben a hallgat\u00f3 elsaj\u00e1t\u00edtja az alapkutat\u00e1sokhoz n\u00e9lk\u00fcl\u00f6zhetetlen laborat\u00f3riumi m\u00f3dszereket.<\/span><\/p>\n<p><b>T\u00e9ma jellege:<\/b><span style=\"font-weight: 400\"> labormunka\u00a0<\/span><\/p>\n<p><b>Kapcsolat:<\/b> <a href=\"mailto:munkacsy.gyongyi@semmelweis.hu\"><span style=\"font-weight: 400\">munkacsy.gyongyi@semmelweis.hu<\/span><\/a><span style=\"font-weight: 400\">;<\/span> <span style=\"font-weight: 400\">\u00a0<\/span><span style=\"font-weight: 400\"><a href=\"mailto:kovacs.szonja@semmelweis.hu\">kovacs.szonja@semmelweis.hu<\/a>\u00a0\u00a0<\/span><\/p>\n<hr \/>\n<p><b>T\u00e9ma c\u00edme:<\/b><span style=\"font-weight: 400\"> Klinikai kimenet \u00e9s diagn\u00f3zis modellez\u00e9se sokdimenzi\u00f3s adatokon<\/span><\/p>\n<p><b>T\u00e9mavezet\u0151:<\/b><span style=\"font-weight: 400\"> Dr. Menyh\u00e1rt Ot\u00edlia<\/span><\/p>\n<p><b>Le\u00edr\u00e1s:<\/b><span style=\"font-weight: 400\"> A klinikai vizsg\u00e1latok sor\u00e1n gy\u0171jt\u00f6tt hatalmas adatmennyis\u00e9gb\u0151l a megfelel\u0151 eszk\u00f6z\u00f6kkel diagn\u00f3zist valamint el\u0151rejelz\u00e9st el\u0151seg\u00edt\u0151 inform\u00e1ci\u00f3 nyerhet\u0151 ki.\u00a0 A TDK munka keret\u00e9ben a g\u00e9pi tanul\u00e1s eszk\u00f6zeivel a klinikai kimenet el\u0151rejelz\u00e9s\u00e9re alkalmas predikt\u00edv modellek kidolgoz\u00e1s\u00e1ra f\u00f3kusz\u00e1lunk sokdimenzi\u00f3s adatokb\u00f3l kiindulva. El\u0151ny a bioinformatikai \u00e9rdekl\u0151d\u00e9s, R vagy Galaxy ismerete.<\/span><\/p>\n<p><b>T\u00e9ma jellege:<\/b><span style=\"font-weight: 400\"> bioinformatika<\/span><\/p>\n<p><b>Kapcsolat:<\/b> <a href=\"mailto:menyhart.otilia@semmelweis.hu\"><span style=\"font-weight: 400\">menyhart.otilia@semmelweis.hu\u00a0\u00a0<\/span><\/a><\/p>\n<hr \/>\n<p>&nbsp;<\/p>\n<p style=\"text-align: left\">\n","protected":false},"excerpt":{"rendered":"<p>A Bioinformatika Tansz\u00e9ken meghirdetett TDK t\u00e9m\u00e1k T\u00e9ma c\u00edme: A ter\u00e1pi\u00e1s v\u00e1lasz biomarkerei T\u00e9mavezet\u0151: Dr. Fekete J\u00e1nos Tibor Le\u00edr\u00e1s: A predikt\u00edv biomarkerek a ter\u00e1pi\u00e1s v\u00e1lasz el\u0151rejelz\u00e9s\u00e9re szolg\u00e1lnak a kezel\u00e9s megkezd\u00e9se el\u0151tt. C\u00e9lunk az, hogy g\u00e9nexpresszi\u00f3s adatokon alapul\u00f3 elemz\u00e9s seg\u00edts\u00e9g\u00e9vel \u00fajabb potenci\u00e1lis biomarker jel\u00f6lteket azonos\u00edtsunk els\u0151sorban onkol\u00f3giai ter\u00fcleten. T\u00e9ma jellege: bioinformatika Kapcsolat: <a href=\"mailto:fekete.janos@semmelweis.hu\"><a href=\"mailto:fekete.janos.tibor@semmelweis.hu\" target=\"_blank\" rel=\"noopener\">fekete.janos.tibor@semmelweis.hu<\/a> <\/a> T\u00e9ma c\u00edme: Mut\u00e1ci\u00f3k transzkriptomikus &hellip;<\/p>\n","protected":false},"author":101687,"featured_media":0,"parent":8780,"menu_order":0,"comment_status":"closed","ping_status":"closed","template":"","meta":{"_acf_changed":false,"footnotes":""},"categories":[],"tags":[],"class_list":["post-6989","page","type-page","status-publish","hentry"],"acf":[],"_links":{"self":[{"href":"https:\/\/semmelweis.hu\/bioinformatika\/wp-json\/wp\/v2\/pages\/6989","targetHints":{"allow":["GET"]}}],"collection":[{"href":"https:\/\/semmelweis.hu\/bioinformatika\/wp-json\/wp\/v2\/pages"}],"about":[{"href":"https:\/\/semmelweis.hu\/bioinformatika\/wp-json\/wp\/v2\/types\/page"}],"author":[{"embeddable":true,"href":"https:\/\/semmelweis.hu\/bioinformatika\/wp-json\/wp\/v2\/users\/101687"}],"replies":[{"embeddable":true,"href":"https:\/\/semmelweis.hu\/bioinformatika\/wp-json\/wp\/v2\/comments?post=6989"}],"version-history":[{"count":14,"href":"https:\/\/semmelweis.hu\/bioinformatika\/wp-json\/wp\/v2\/pages\/6989\/revisions"}],"predecessor-version":[{"id":11407,"href":"https:\/\/semmelweis.hu\/bioinformatika\/wp-json\/wp\/v2\/pages\/6989\/revisions\/11407"}],"up":[{"embeddable":true,"href":"https:\/\/semmelweis.hu\/bioinformatika\/wp-json\/wp\/v2\/pages\/8780"}],"wp:attachment":[{"href":"https:\/\/semmelweis.hu\/bioinformatika\/wp-json\/wp\/v2\/media?parent=6989"}],"wp:term":[{"taxonomy":"category","embeddable":true,"href":"https:\/\/semmelweis.hu\/bioinformatika\/wp-json\/wp\/v2\/categories?post=6989"},{"taxonomy":"post_tag","embeddable":true,"href":"https:\/\/semmelweis.hu\/bioinformatika\/wp-json\/wp\/v2\/tags?post=6989"}],"curies":[{"name":"wp","href":"https:\/\/api.w.org\/{rel}","templated":true}]}}