{"id":6867,"date":"2020-02-19T17:00:30","date_gmt":"2020-02-19T16:00:30","guid":{"rendered":"http:\/\/semmelweis.hu\/bioinformatika\/?page_id=6867"},"modified":"2021-02-15T11:55:23","modified_gmt":"2021-02-15T10:55:23","slug":"hallgato-felmeres","status":"publish","type":"page","link":"https:\/\/semmelweis.hu\/bioinformatika\/oktatas\/bioinformatika-targy\/hallgato-felmeres\/","title":{"rendered":"Hallgat\u00f3i felm\u00e9r\u00e9s"},"content":{"rendered":"<p>K\u00f6sz\u00f6nj\u00fck azoknak a hallgat\u00f3knak, akik v\u00e1laszukkal seg\u00edtett\u00e9k a tant\u00e1rgy tervez\u00e9s\u00e9t. <strong>Az eddigi v\u00e1laszok \u00f6sszes\u00edtett eredm\u00e9nyei:<\/strong><\/p>\n<p><img loading=\"lazy\" decoding=\"async\" class=\"alignnone size-full wp-image-6871\" src=\"https:\/\/semmelweis.hu\/bioinformatika\/files\/2020\/02\/beosztas.png\" alt=\"\" width=\"650\" height=\"285\" srcset=\"https:\/\/semmelweis.hu\/bioinformatika\/files\/2020\/02\/beosztas.png 650w, https:\/\/semmelweis.hu\/bioinformatika\/files\/2020\/02\/beosztas-400x175.png 400w\" sizes=\"auto, (max-width: 650px) 100vw, 650px\" \/><\/p>\n<p>&nbsp;<\/p>\n<p><img loading=\"lazy\" decoding=\"async\" class=\"alignnone size-full wp-image-6872\" src=\"https:\/\/semmelweis.hu\/bioinformatika\/files\/2020\/02\/elmeleti.png\" alt=\"\" width=\"850\" height=\"1180\" srcset=\"https:\/\/semmelweis.hu\/bioinformatika\/files\/2020\/02\/elmeleti.png 850w, https:\/\/semmelweis.hu\/bioinformatika\/files\/2020\/02\/elmeleti-288x400.png 288w, https:\/\/semmelweis.hu\/bioinformatika\/files\/2020\/02\/elmeleti-738x1024.png 738w, https:\/\/semmelweis.hu\/bioinformatika\/files\/2020\/02\/elmeleti-768x1066.png 768w, https:\/\/semmelweis.hu\/bioinformatika\/files\/2020\/02\/elmeleti-753x1045.png 753w\" sizes=\"auto, (max-width: 850px) 100vw, 850px\" \/><\/p>\n<p>&nbsp;<\/p>\n<p><img loading=\"lazy\" decoding=\"async\" class=\"alignnone size-full wp-image-6873\" src=\"https:\/\/semmelweis.hu\/bioinformatika\/files\/2020\/02\/gyakorlati.png\" alt=\"\" width=\"918\" height=\"425\" srcset=\"https:\/\/semmelweis.hu\/bioinformatika\/files\/2020\/02\/gyakorlati.png 918w, https:\/\/semmelweis.hu\/bioinformatika\/files\/2020\/02\/gyakorlati-400x185.png 400w, https:\/\/semmelweis.hu\/bioinformatika\/files\/2020\/02\/gyakorlati-768x356.png 768w, https:\/\/semmelweis.hu\/bioinformatika\/files\/2020\/02\/gyakorlati-753x349.png 753w\" sizes=\"auto, (max-width: 918px) 100vw, 918px\" \/><\/p>\n","protected":false},"excerpt":{"rendered":"<p>K\u00f6sz\u00f6nj\u00fck azoknak a hallgat\u00f3knak, akik v\u00e1laszukkal seg\u00edtett\u00e9k a tant\u00e1rgy tervez\u00e9s\u00e9t. Az eddigi v\u00e1laszok \u00f6sszes\u00edtett eredm\u00e9nyei:<\/p>\n<p>&nbsp;<\/p>\n<p>&nbsp;<\/p>\n","protected":false},"author":101687,"featured_media":0,"parent":6522,"menu_order":0,"comment_status":"closed","ping_status":"closed","template":"","meta":{"_acf_changed":false,"footnotes":""},"categories":[],"tags":[],"class_list":["post-6867","page","type-page","status-publish","hentry"],"acf":[],"_links":{"self":[{"href":"https:\/\/semmelweis.hu\/bioinformatika\/wp-json\/wp\/v2\/pages\/6867","targetHints":{"allow":["GET"]}}],"collection":[{"href":"https:\/\/semmelweis.hu\/bioinformatika\/wp-json\/wp\/v2\/pages"}],"about":[{"href":"https:\/\/semmelweis.hu\/bioinformatika\/wp-json\/wp\/v2\/types\/page"}],"author":[{"embeddable":true,"href":"https:\/\/semmelweis.hu\/bioinformatika\/wp-json\/wp\/v2\/users\/101687"}],"replies":[{"embeddable":true,"href":"https:\/\/semmelweis.hu\/bioinformatika\/wp-json\/wp\/v2\/comments?post=6867"}],"version-history":[{"count":6,"href":"https:\/\/semmelweis.hu\/bioinformatika\/wp-json\/wp\/v2\/pages\/6867\/revisions"}],"predecessor-version":[{"id":7369,"href":"https:\/\/semmelweis.hu\/bioinformatika\/wp-json\/wp\/v2\/pages\/6867\/revisions\/7369"}],"up":[{"embeddable":true,"href":"https:\/\/semmelweis.hu\/bioinformatika\/wp-json\/wp\/v2\/pages\/6522"}],"wp:attachment":[{"href":"https:\/\/semmelweis.hu\/bioinformatika\/wp-json\/wp\/v2\/media?parent=6867"}],"wp:term":[{"taxonomy":"category","embeddable":true,"href":"https:\/\/semmelweis.hu\/bioinformatika\/wp-json\/wp\/v2\/categories?post=6867"},{"taxonomy":"post_tag","embeddable":true,"href":"https:\/\/semmelweis.hu\/bioinformatika\/wp-json\/wp\/v2\/tags?post=6867"}],"curies":[{"name":"wp","href":"https:\/\/api.w.org\/{rel}","templated":true}]}}

Hallgatói felmérés

<p>Köszönjük azoknak a hallgatóknak, akik válaszukkal segítették a tantárgy tervezését. <strong>Az eddigi válaszok összesített eredményei:</strong></p>
<p><img loading="lazy" decoding="async" class="alignnone size-full wp-image-6871" src="https://semmelweis.hu/bioinformatika/files/2020/02/beosztas.png" alt="" width="650" height="285" srcset="https://semmelweis.hu/bioinformatika/files/2020/02/beosztas.png 650w, https://semmelweis.hu/bioinformatika/files/2020/02/beosztas-400x175.png 400w" sizes="auto, (max-width: 650px) 100vw, 650px" /></p>
<p>&nbsp;</p>
<p><img loading="lazy" decoding="async" class="alignnone size-full wp-image-6872" src="https://semmelweis.hu/bioinformatika/files/2020/02/elmeleti.png" alt="" width="850" height="1180" srcset="https://semmelweis.hu/bioinformatika/files/2020/02/elmeleti.png 850w, https://semmelweis.hu/bioinformatika/files/2020/02/elmeleti-288x400.png 288w, https://semmelweis.hu/bioinformatika/files/2020/02/elmeleti-738x1024.png 738w, https://semmelweis.hu/bioinformatika/files/2020/02/elmeleti-768x1066.png 768w, https://semmelweis.hu/bioinformatika/files/2020/02/elmeleti-753x1045.png 753w" sizes="auto, (max-width: 850px) 100vw, 850px" /></p>
<p>&nbsp;</p>
<p><img loading="lazy" decoding="async" class="alignnone size-full wp-image-6873" src="https://semmelweis.hu/bioinformatika/files/2020/02/gyakorlati.png" alt="" width="918" height="425" srcset="https://semmelweis.hu/bioinformatika/files/2020/02/gyakorlati.png 918w, https://semmelweis.hu/bioinformatika/files/2020/02/gyakorlati-400x185.png 400w, https://semmelweis.hu/bioinformatika/files/2020/02/gyakorlati-768x356.png 768w, https://semmelweis.hu/bioinformatika/files/2020/02/gyakorlati-753x349.png 753w" sizes="auto, (max-width: 918px) 100vw, 918px" /></p>

<p>Köszönjük azoknak a hallgatóknak, akik válaszukkal segítették a tantárgy tervezését. Az eddigi válaszok összesített eredményei:</p>
<p>&nbsp;</p>
<p>&nbsp;</p>
