{"id":6849,"date":"2020-02-17T12:04:33","date_gmt":"2020-02-17T11:04:33","guid":{"rendered":"http:\/\/semmelweis.hu\/bioinformatika\/?page_id=6849"},"modified":"2025-05-21T10:59:16","modified_gmt":"2025-05-21T08:59:16","slug":"videok","status":"publish","type":"page","link":"https:\/\/semmelweis.hu\/bioinformatika\/videok\/","title":{"rendered":"Vide\u00f3k"},"content":{"rendered":"<h1 class=\"entry-title text-uppercase\">\u00a0<\/h1>\n<p><strong>Az EpigenPlot bemutat\u00e1sa<\/strong><\/p>\n<p><iframe loading=\"lazy\" title=\"EpigenPlot.com: user-friendly methylation analysis\" width=\"753\" height=\"424\" src=\"https:\/\/www.youtube.com\/embed\/pPyKStqeKXE?feature=oembed\" frameborder=\"0\" allow=\"accelerometer; autoplay; clipboard-write; encrypted-media; gyroscope; picture-in-picture; web-share\" referrerpolicy=\"strict-origin-when-cross-origin\" allowfullscreen><\/iframe><\/p>\n<p><strong>Semmelweis Onkobank a youtube-on<\/strong><\/p>\n<p><iframe loading=\"lazy\" title=\"\u00cdgy GY\u0150ZIK le a HAL\u00c1LOS betegs\u00e9geket!!\" width=\"753\" height=\"424\" src=\"https:\/\/www.youtube.com\/embed\/T9UKla8syPM?feature=oembed\" frameborder=\"0\" allow=\"accelerometer; autoplay; clipboard-write; encrypted-media; gyroscope; picture-in-picture; web-share\" referrerpolicy=\"strict-origin-when-cross-origin\" allowfullscreen><\/iframe><\/p>\n<p><strong>A Semmelweis Egyetem Bioinformatikai Tansz\u00e9k\u00e9nek\u00a0 bemutatkoz\u00e1sa<\/strong><\/p>\n<div style=\"width: 753px;\" class=\"wp-video\"><!--[if lt IE 9]><script>document.createElement('video');<\/script><![endif]-->\n<video class=\"wp-video-shortcode\" id=\"video-6849-1\" width=\"753\" height=\"424\" preload=\"metadata\" controls=\"controls\"><source type=\"video\/mp4\" src=\"https:\/\/semmelweis.hu\/bioinformatika\/files\/2022\/07\/Bioinformatika-Tanszek-Semmelweis-Egyetem-bemutatkozo-video-.mp4?_=1\" \/><a href=\"https:\/\/semmelweis.hu\/bioinformatika\/files\/2022\/07\/Bioinformatika-Tanszek-Semmelweis-Egyetem-bemutatkozo-video-.mp4\">https:\/\/semmelweis.hu\/bioinformatika\/files\/2022\/07\/Bioinformatika-Tanszek-Semmelweis-Egyetem-bemutatkozo-video-.mp4<\/a><\/video><\/div>\n<p>&nbsp;<\/p>\n<p><strong>Kutat\u00f3i Szalon 2021:<\/strong><\/p>\n<p><strong>Dr. Gy\u0151rffy Bal\u00e1zs: A tudom\u00e1nymetria.com projekt:<\/strong><\/p>\n<p><iframe loading=\"lazy\" title=\"Dr  Gy\u0151rffy Bal\u00e1zs: A tudom\u00e1nymetria com projekt\" width=\"753\" height=\"424\" src=\"https:\/\/www.youtube.com\/embed\/4irruTudB2w?feature=oembed\" frameborder=\"0\" allow=\"accelerometer; autoplay; clipboard-write; encrypted-media; gyroscope; picture-in-picture; web-share\" referrerpolicy=\"strict-origin-when-cross-origin\" allowfullscreen><\/iframe><\/p>\n<p>&nbsp;<\/p>\n<p>Dr. Gy\u0151rffy Bal\u00e1zs: Omikai adatok alkalmaz\u00e1sa prognosztikus \u00e9s predikt\u00edv onkol\u00f3giai biomarkerek azonos\u00edt\u00e1s\u00e1ra:<\/p>\n<p><iframe loading=\"lazy\" src=\"https:\/\/www.youtube.com\/embed\/7OVRaETC7ao?start=1\" width=\"560\" height=\"315\"><\/iframe><\/p>\n<hr \/>\n<p style=\"text-align: left\"><strong>BIT 2020 Kutat\u00f3k \u00c9jszak\u00e1ja El\u0151ad\u00e1sok:<\/strong><\/p>\n<p>&nbsp;<\/p>\n<p>dr. Bartha \u00c1ron: Norm\u00e1l \u00e9s tumoros sz\u00f6vetek \u00f6sszehasonl\u00edt\u00e1sa (bioinformatika):<\/p>\n<p><iframe loading=\"lazy\" src=\"https:\/\/www.youtube.com\/embed\/0uPaivmF6tk?start=1\" width=\"560\" height=\"315\"><\/iframe><\/p>\n<p>&nbsp;<\/p>\n<p>Fekete J\u00e1nos Tibor: ROC elemz\u00e9s (bioinformatika):<\/p>\n<p><iframe loading=\"lazy\" src=\"https:\/\/www.youtube.com\/embed\/pd0bYhYjP7Y?start=3\" width=\"560\" height=\"315\"><\/iframe><\/p>\n<p>&nbsp;<\/p>\n<p>Kov\u00e1cs Szonja Anna: Biobankok \u00e9p\u00edt\u00e9se:<\/p>\n<p><iframe loading=\"lazy\" src=\"https:\/\/www.youtube.com\/embed\/rogS4oqph8A?start=2\" width=\"560\" height=\"315\"><\/iframe><\/p>\n<p>&nbsp;<\/p>\n<p>Nagy \u00c1d\u00e1m: Mut\u00e1ci\u00f3 \u00e9s g\u00e9nexpresszi\u00f3 \u00f6sszekapcsol\u00e1sa (bioinformatika):\u00a0<\/p>\n<p><iframe loading=\"lazy\" src=\"https:\/\/www.youtube.com\/embed\/eTYbIuYgN5o\" width=\"560\" height=\"315\"><\/iframe><\/p>\n<p>&nbsp;<\/p>\n<p>Somodi Csenge: Zebrad\u00e1ni\u00f3 modell rendszer<\/p>\n<p><iframe loading=\"lazy\" src=\"https:\/\/www.youtube.com\/embed\/UK3nzbI5nmY?start=2\" width=\"560\" height=\"315\"><\/iframe><\/p>\n<p>&nbsp;<\/p>\n","protected":false},"excerpt":{"rendered":"<p>\u00a0 Az EpigenPlot bemutat\u00e1sa Semmelweis Onkobank a youtube-on A Semmelweis Egyetem Bioinformatikai Tansz\u00e9k\u00e9nek\u00a0 bemutatkoz\u00e1sa &nbsp; Kutat\u00f3i Szalon 2021: Dr. Gy\u0151rffy Bal\u00e1zs: A tudom\u00e1nymetria.com projekt: &nbsp; Dr. Gy\u0151rffy Bal\u00e1zs: Omikai adatok alkalmaz\u00e1sa prognosztikus \u00e9s predikt\u00edv onkol\u00f3giai biomarkerek azonos\u00edt\u00e1s\u00e1ra: BIT 2020 Kutat\u00f3k \u00c9jszak\u00e1ja El\u0151ad\u00e1sok: &nbsp; dr. Bartha \u00c1ron: Norm\u00e1l \u00e9s tumoros sz\u00f6vetek \u00f6sszehasonl\u00edt\u00e1sa (bioinformatika): &nbsp; Fekete J\u00e1nos &hellip;<\/p>\n","protected":false},"author":101687,"featured_media":0,"parent":0,"menu_order":4,"comment_status":"closed","ping_status":"closed","template":"","meta":{"_acf_changed":false,"footnotes":""},"categories":[],"tags":[],"class_list":["post-6849","page","type-page","status-publish","hentry"],"acf":[],"_links":{"self":[{"href":"https:\/\/semmelweis.hu\/bioinformatika\/wp-json\/wp\/v2\/pages\/6849","targetHints":{"allow":["GET"]}}],"collection":[{"href":"https:\/\/semmelweis.hu\/bioinformatika\/wp-json\/wp\/v2\/pages"}],"about":[{"href":"https:\/\/semmelweis.hu\/bioinformatika\/wp-json\/wp\/v2\/types\/page"}],"author":[{"embeddable":true,"href":"https:\/\/semmelweis.hu\/bioinformatika\/wp-json\/wp\/v2\/users\/101687"}],"replies":[{"embeddable":true,"href":"https:\/\/semmelweis.hu\/bioinformatika\/wp-json\/wp\/v2\/comments?post=6849"}],"version-history":[{"count":12,"href":"https:\/\/semmelweis.hu\/bioinformatika\/wp-json\/wp\/v2\/pages\/6849\/revisions"}],"predecessor-version":[{"id":11003,"href":"https:\/\/semmelweis.hu\/bioinformatika\/wp-json\/wp\/v2\/pages\/6849\/revisions\/11003"}],"wp:attachment":[{"href":"https:\/\/semmelweis.hu\/bioinformatika\/wp-json\/wp\/v2\/media?parent=6849"}],"wp:term":[{"taxonomy":"category","embeddable":true,"href":"https:\/\/semmelweis.hu\/bioinformatika\/wp-json\/wp\/v2\/categories?post=6849"},{"taxonomy":"post_tag","embeddable":true,"href":"https:\/\/semmelweis.hu\/bioinformatika\/wp-json\/wp\/v2\/tags?post=6849"}],"curies":[{"name":"wp","href":"https:\/\/api.w.org\/{rel}","templated":true}]}}