{"id":6818,"date":"2020-02-10T15:37:07","date_gmt":"2020-02-10T14:37:07","guid":{"rendered":"http:\/\/semmelweis.hu\/bioinformatika\/?page_id=6818"},"modified":"2023-10-03T11:06:17","modified_gmt":"2023-10-03T09:06:17","slug":"gyakorlati-oktatas","status":"publish","type":"page","link":"https:\/\/semmelweis.hu\/bioinformatika\/oktatas\/bioinformatika-targy\/gyakorlati-oktatas\/","title":{"rendered":"Gyakorlati oktat\u00e1s"},"content":{"rendered":"<p>A gyakorlati oktat\u00e1son a hallgat\u00f3k r\u00e9szletesebben elsaj\u00e1t\u00edtj\u00e1k a genomi adatok ki\u00e9rt\u00e9kel\u00e9s\u00e9t.<\/p>\n<p>Ennek sor\u00e1n vagy a saj\u00e1t vagy egy betegb\u0151l sz\u00e1rmaz\u00f3 DNS mint\u00e1b\u00f3l k\u00e9sz\u00fclt k\u00f6vetkez\u0151 gener\u00e1ci\u00f3s szekven\u00e1l\u00e1s ki\u00e9rt\u00e9kel\u00e9s\u00e9n kereszt\u00fcl megtanulj\u00e1k a genomi adatfeldolgoz\u00e1s valamennyi l\u00e9p\u00e9s\u00e9t.\u00a0<\/p>\n<p><strong>A gyakorlatokat vezetik:<\/strong> Prof. Dr. Gy\u0151rffy Bal\u00e1zs, Dr. Bartha \u00c1ron, Dr. Fekete J\u00e1nos Tibor, Dr. Menyh\u00e1rt Ot\u00edlia, Dr. Munk\u00e1csy Gy\u00f6ngyi<\/p>\n<p>Az utols\u00f3 gyakorlati alkalom sor\u00e1n konzult\u00e1ci\u00f3ra van lehet\u0151s\u00e9g.<\/p>\n","protected":false},"excerpt":{"rendered":"<p>A gyakorlati oktat\u00e1son a hallgat\u00f3k r\u00e9szletesebben elsaj\u00e1t\u00edtj\u00e1k a genomi adatok ki\u00e9rt\u00e9kel\u00e9s\u00e9t. Ennek sor\u00e1n vagy a saj\u00e1t vagy egy betegb\u0151l sz\u00e1rmaz\u00f3 DNS mint\u00e1b\u00f3l k\u00e9sz\u00fclt k\u00f6vetkez\u0151 gener\u00e1ci\u00f3s szekven\u00e1l\u00e1s ki\u00e9rt\u00e9kel\u00e9s\u00e9n kereszt\u00fcl megtanulj\u00e1k a genomi adatfeldolgoz\u00e1s valamennyi l\u00e9p\u00e9s\u00e9t.\u00a0 A gyakorlatokat vezetik: Prof. Dr. Gy\u0151rffy Bal\u00e1zs, Dr. Bartha \u00c1ron, Dr. Fekete J\u00e1nos Tibor, Dr. Menyh\u00e1rt Ot\u00edlia, Dr. Munk\u00e1csy Gy\u00f6ngyi Az &hellip;<\/p>\n","protected":false},"author":101687,"featured_media":0,"parent":6522,"menu_order":2,"comment_status":"closed","ping_status":"closed","template":"","meta":{"_acf_changed":false,"footnotes":""},"categories":[],"tags":[],"class_list":["post-6818","page","type-page","status-publish","hentry"],"acf":[],"_links":{"self":[{"href":"https:\/\/semmelweis.hu\/bioinformatika\/wp-json\/wp\/v2\/pages\/6818","targetHints":{"allow":["GET"]}}],"collection":[{"href":"https:\/\/semmelweis.hu\/bioinformatika\/wp-json\/wp\/v2\/pages"}],"about":[{"href":"https:\/\/semmelweis.hu\/bioinformatika\/wp-json\/wp\/v2\/types\/page"}],"author":[{"embeddable":true,"href":"https:\/\/semmelweis.hu\/bioinformatika\/wp-json\/wp\/v2\/users\/101687"}],"replies":[{"embeddable":true,"href":"https:\/\/semmelweis.hu\/bioinformatika\/wp-json\/wp\/v2\/comments?post=6818"}],"version-history":[{"count":10,"href":"https:\/\/semmelweis.hu\/bioinformatika\/wp-json\/wp\/v2\/pages\/6818\/revisions"}],"predecessor-version":[{"id":9631,"href":"https:\/\/semmelweis.hu\/bioinformatika\/wp-json\/wp\/v2\/pages\/6818\/revisions\/9631"}],"up":[{"embeddable":true,"href":"https:\/\/semmelweis.hu\/bioinformatika\/wp-json\/wp\/v2\/pages\/6522"}],"wp:attachment":[{"href":"https:\/\/semmelweis.hu\/bioinformatika\/wp-json\/wp\/v2\/media?parent=6818"}],"wp:term":[{"taxonomy":"category","embeddable":true,"href":"https:\/\/semmelweis.hu\/bioinformatika\/wp-json\/wp\/v2\/categories?post=6818"},{"taxonomy":"post_tag","embeddable":true,"href":"https:\/\/semmelweis.hu\/bioinformatika\/wp-json\/wp\/v2\/tags?post=6818"}],"curies":[{"name":"wp","href":"https:\/\/api.w.org\/{rel}","templated":true}]}}