{"id":11063,"date":"2025-06-04T08:58:54","date_gmt":"2025-06-04T06:58:54","guid":{"rendered":"https:\/\/semmelweis.hu\/bioinformatika\/?page_id=11063"},"modified":"2025-06-04T08:58:54","modified_gmt":"2025-06-04T06:58:54","slug":"laczko-albert-laura","status":"publish","type":"page","link":"https:\/\/semmelweis.hu\/bioinformatika\/tanszekunk-bemutatasa\/phd-hallgatok\/laczko-albert-laura\/","title":{"rendered":"Laczk\u00f3-Albert Laura"},"content":{"rendered":"<p style=\"text-align: justify\"><img loading=\"lazy\" decoding=\"async\" class=\"size-medium wp-image-11047 alignleft\" src=\"https:\/\/semmelweis.hu\/bioinformatika\/files\/2025\/06\/Lack-267x400.jpg\" alt=\"\" width=\"267\" height=\"400\" srcset=\"https:\/\/semmelweis.hu\/bioinformatika\/files\/2025\/06\/Lack-267x400.jpg 267w, https:\/\/semmelweis.hu\/bioinformatika\/files\/2025\/06\/Lack.jpg 600w\" sizes=\"auto, (max-width: 267px) 100vw, 267px\" \/><strong>N\u00e9v:<\/strong> Laczk\u00f3-Albert Laura<\/p>\n<p style=\"text-align: justify\"><strong>T\u00e9ma:<\/strong> Biomarker azonos\u00edt\u00e1s \u00fajgener\u00e1ci\u00f3s szekven\u00e1l\u00e1ssal nyert adatokb\u00f3l a szolid tumorok szem\u00e9lyre szabott ter\u00e1pi\u00e1s d\u00f6nt\u00e9st\u00e1mogat\u00e1s\u00e1\u00e9rt<\/p>\n<p style=\"text-align: justify\"><strong>T\u00e9mavezet\u0151:<\/strong> Dr. Fekete J\u00e1nos, Dr. Munk\u00e1csy Gy\u00f6ngyi<\/p>\n<p style=\"text-align: justify\"><strong>Kutat\u00e1si t\u00e9ma r\u00f6vid \u00f6sszefoglal\u00e1sa:<\/strong> Munk\u00e1m sor\u00e1n petef\u00e9szek tumoros betegek mint\u00e1ib\u00f3l sz\u00e1rmaz\u00f3 RNS izol\u00e1l\u00e1s\u00e1val \u00e9s az \u00edgy nyert transzkriptomikai adatok bioinformatikai elemz\u00e9s\u00e9vel foglalkozom. C\u00e9lom olyan prognosztikus \u00e9s predikt\u00edv biomarkerek azonos\u00edt\u00e1sa, amelyek seg\u00edthetik a szem\u00e9lyre szabott ter\u00e1pi\u00e1s d\u00f6nt\u00e9sek meghozatal\u00e1t. Az OnkoBankb\u00f3l sz\u00e1rmaz\u00f3 sz\u00f6vetmint\u00e1k feldolgoz\u00e1sa r\u00e9v\u00e9n t\u00f6rekszem a petef\u00e9szekr\u00e1k molekul\u00e1ris h\u00e1tter\u00e9nek m\u00e9lyebb meg\u00e9rt\u00e9s\u00e9re \u00e9s a betegek t\u00fal\u00e9l\u00e9si es\u00e9lyeinek jav\u00edt\u00e1s\u00e1ra<\/p>\n","protected":false},"excerpt":{"rendered":"<p>N\u00e9v: Laczk\u00f3-Albert Laura T\u00e9ma: Biomarker azonos\u00edt\u00e1s \u00fajgener\u00e1ci\u00f3s szekven\u00e1l\u00e1ssal nyert adatokb\u00f3l a szolid tumorok szem\u00e9lyre szabott ter\u00e1pi\u00e1s d\u00f6nt\u00e9st\u00e1mogat\u00e1s\u00e1\u00e9rt T\u00e9mavezet\u0151: Dr. Fekete J\u00e1nos, Dr. Munk\u00e1csy Gy\u00f6ngyi Kutat\u00e1si t\u00e9ma r\u00f6vid \u00f6sszefoglal\u00e1sa: Munk\u00e1m sor\u00e1n petef\u00e9szek tumoros betegek mint\u00e1ib\u00f3l sz\u00e1rmaz\u00f3 RNS izol\u00e1l\u00e1s\u00e1val \u00e9s az \u00edgy nyert transzkriptomikai adatok bioinformatikai elemz\u00e9s\u00e9vel foglalkozom. C\u00e9lom olyan prognosztikus \u00e9s predikt\u00edv biomarkerek azonos\u00edt\u00e1sa, amelyek seg\u00edthetik &hellip;<\/p>\n","protected":false},"author":102440,"featured_media":0,"parent":8727,"menu_order":12,"comment_status":"closed","ping_status":"closed","template":"","meta":{"_acf_changed":false,"footnotes":""},"categories":[],"tags":[],"class_list":["post-11063","page","type-page","status-publish","hentry"],"acf":[],"_links":{"self":[{"href":"https:\/\/semmelweis.hu\/bioinformatika\/wp-json\/wp\/v2\/pages\/11063","targetHints":{"allow":["GET"]}}],"collection":[{"href":"https:\/\/semmelweis.hu\/bioinformatika\/wp-json\/wp\/v2\/pages"}],"about":[{"href":"https:\/\/semmelweis.hu\/bioinformatika\/wp-json\/wp\/v2\/types\/page"}],"author":[{"embeddable":true,"href":"https:\/\/semmelweis.hu\/bioinformatika\/wp-json\/wp\/v2\/users\/102440"}],"replies":[{"embeddable":true,"href":"https:\/\/semmelweis.hu\/bioinformatika\/wp-json\/wp\/v2\/comments?post=11063"}],"version-history":[{"count":4,"href":"https:\/\/semmelweis.hu\/bioinformatika\/wp-json\/wp\/v2\/pages\/11063\/revisions"}],"predecessor-version":[{"id":11067,"href":"https:\/\/semmelweis.hu\/bioinformatika\/wp-json\/wp\/v2\/pages\/11063\/revisions\/11067"}],"up":[{"embeddable":true,"href":"https:\/\/semmelweis.hu\/bioinformatika\/wp-json\/wp\/v2\/pages\/8727"}],"wp:attachment":[{"href":"https:\/\/semmelweis.hu\/bioinformatika\/wp-json\/wp\/v2\/media?parent=11063"}],"wp:term":[{"taxonomy":"category","embeddable":true,"href":"https:\/\/semmelweis.hu\/bioinformatika\/wp-json\/wp\/v2\/categories?post=11063"},{"taxonomy":"post_tag","embeddable":true,"href":"https:\/\/semmelweis.hu\/bioinformatika\/wp-json\/wp\/v2\/tags?post=11063"}],"curies":[{"name":"wp","href":"https:\/\/api.w.org\/{rel}","templated":true}]}}