{"id":10168,"date":"2024-03-28T12:47:11","date_gmt":"2024-03-28T11:47:11","guid":{"rendered":"https:\/\/semmelweis.hu\/bioinformatika\/?page_id=10168"},"modified":"2024-04-03T13:43:28","modified_gmt":"2024-04-03T11:43:28","slug":"a-tantargy-ismertetese-advanced-ai","status":"publish","type":"page","link":"https:\/\/semmelweis.hu\/bioinformatika\/oktatas\/advanced-ai\/a-tantargy-ismertetese-advanced-ai\/","title":{"rendered":"A tant\u00e1rgy ismertet\u00e9se"},"content":{"rendered":"<p><strong>A tant\u00e1rgy oktat\u00e1s\u00e1nak c\u00e9lkit\u0171z\u00e9se, helye az orvosk\u00e9pz\u00e9s kurrikulum\u00e1ban: <br \/>\n<\/strong>A mesters\u00e9ges intelligencia eg\u00e9szs\u00e9g\u00fcgyi alkalmaz\u00e1sainak sz\u00e9les sk\u00e1l\u00e1ja olyan eszk\u00f6z\u00f6ket \u00e9s m\u00f3dszereket foglal mag\u00e1ban, amelyek megk\u00f6nny\u00edtik az orvosbiol\u00f3giai kutat\u00e1sokat \u00e9s gyakorlatot. Az \u00fajabb nagy nyelvi modellek, p\u00e9ld\u00e1ul a GPT, tov\u00e1bbi lehet\u0151s\u00e9geket k\u00edn\u00e1lnak a klasszikus g\u00e9pi tanul\u00e1si m\u00f3dszerek mellett, amelyek alkalmaz\u00e1sa jelent\u0151s hat\u00e1ssal lehet a klinikumra. Kurzusunk gyakorlati jelleg\u0171 foglalkoz\u00e1sokkal szeretn\u00e9 elm\u00e9ly\u00edteni a hallgat\u00f3k ismereteit a g\u00e9pi tanul\u00e1st haszn\u00e1l\u00f3 alkalmaz\u00e1sokat illet\u0151en, de kiemelten fontosnak tartjuk azt is, hogy megtanulj\u00e1k az MI publik\u00e1ci\u00f3k megfelel\u0151en kritikus szeml\u00e9let\u0171 feldolgoz\u00e1s\u00e1t, ill. az MI megold\u00e1sok hat\u00e9kony tesztel\u00e9s\u00e9hez, &#8222;\u00e9rt\u00e9kbecsl\u00e9s\u00e9hez&#8221; kapjanak seg\u00edts\u00e9get.<\/p>\n<hr \/>\n<p><strong>A t\u00e1rgy sikeres elv\u00e9gz\u00e9se milyen kompetenci\u00e1k megszerz\u00e9s\u00e9t eredm\u00e9nyezi: <br \/>\n<\/strong>A hallgat\u00f3 megismeri a rendelkez\u00e9sre \u00e1ll\u00f3 mesters\u00e9ges intelligencia alkalmaz\u00e1sokat \u00e9s k\u00e9pess\u00e9 v\u00e1lik az ezek alkalmaz\u00e1s\u00e1ra.<\/p>\n<p>&nbsp;<\/p>\n","protected":false},"excerpt":{"rendered":"<p>A tant\u00e1rgy oktat\u00e1s\u00e1nak c\u00e9lkit\u0171z\u00e9se, helye az orvosk\u00e9pz\u00e9s kurrikulum\u00e1ban: A mesters\u00e9ges intelligencia eg\u00e9szs\u00e9g\u00fcgyi alkalmaz\u00e1sainak sz\u00e9les sk\u00e1l\u00e1ja olyan eszk\u00f6z\u00f6ket \u00e9s m\u00f3dszereket foglal mag\u00e1ban, amelyek megk\u00f6nny\u00edtik az orvosbiol\u00f3giai kutat\u00e1sokat \u00e9s gyakorlatot. Az \u00fajabb nagy nyelvi modellek, p\u00e9ld\u00e1ul a GPT, tov\u00e1bbi lehet\u0151s\u00e9geket k\u00edn\u00e1lnak a klasszikus g\u00e9pi tanul\u00e1si m\u00f3dszerek mellett, amelyek alkalmaz\u00e1sa jelent\u0151s hat\u00e1ssal lehet a klinikumra. Kurzusunk gyakorlati jelleg\u0171 &hellip;<\/p>\n","protected":false},"author":102018,"featured_media":0,"parent":10201,"menu_order":0,"comment_status":"closed","ping_status":"closed","template":"","meta":{"_acf_changed":false,"footnotes":""},"categories":[],"tags":[],"class_list":["post-10168","page","type-page","status-publish","hentry"],"acf":[],"_links":{"self":[{"href":"https:\/\/semmelweis.hu\/bioinformatika\/wp-json\/wp\/v2\/pages\/10168","targetHints":{"allow":["GET"]}}],"collection":[{"href":"https:\/\/semmelweis.hu\/bioinformatika\/wp-json\/wp\/v2\/pages"}],"about":[{"href":"https:\/\/semmelweis.hu\/bioinformatika\/wp-json\/wp\/v2\/types\/page"}],"author":[{"embeddable":true,"href":"https:\/\/semmelweis.hu\/bioinformatika\/wp-json\/wp\/v2\/users\/102018"}],"replies":[{"embeddable":true,"href":"https:\/\/semmelweis.hu\/bioinformatika\/wp-json\/wp\/v2\/comments?post=10168"}],"version-history":[{"count":8,"href":"https:\/\/semmelweis.hu\/bioinformatika\/wp-json\/wp\/v2\/pages\/10168\/revisions"}],"predecessor-version":[{"id":10190,"href":"https:\/\/semmelweis.hu\/bioinformatika\/wp-json\/wp\/v2\/pages\/10168\/revisions\/10190"}],"up":[{"embeddable":true,"href":"https:\/\/semmelweis.hu\/bioinformatika\/wp-json\/wp\/v2\/pages\/10201"}],"wp:attachment":[{"href":"https:\/\/semmelweis.hu\/bioinformatika\/wp-json\/wp\/v2\/media?parent=10168"}],"wp:term":[{"taxonomy":"category","embeddable":true,"href":"https:\/\/semmelweis.hu\/bioinformatika\/wp-json\/wp\/v2\/categories?post=10168"},{"taxonomy":"post_tag","embeddable":true,"href":"https:\/\/semmelweis.hu\/bioinformatika\/wp-json\/wp\/v2\/tags?post=10168"}],"curies":[{"name":"wp","href":"https:\/\/api.w.org\/{rel}","templated":true}]}}