{"id":10090,"date":"2024-02-21T10:20:48","date_gmt":"2024-02-21T09:20:48","guid":{"rendered":"https:\/\/semmelweis.hu\/bioinformatika\/?page_id=10090"},"modified":"2024-02-21T10:40:57","modified_gmt":"2024-02-21T09:40:57","slug":"prediktiv-biomarkerek-az-onkologiaban","status":"publish","type":"page","link":"https:\/\/semmelweis.hu\/bioinformatika\/kutatas\/phd\/prediktiv-biomarkerek-az-onkologiaban\/","title":{"rendered":"Predikt\u00edv biomarkerek az onkol\u00f3gi\u00e1ban"},"content":{"rendered":"<p style=\"text-align: center\"><strong>Predikt\u00edv biomarkerek az onkol\u00f3gi\u00e1ban<\/strong><\/p>\n<p>A daganatos megbeteged\u00e9sek jelent\u0151s eg\u00e9szs\u00e9g\u00fcgyi terhet k\u00e9pviselnek mind a t\u00e1rsadalom, mind az egy\u00e9nek sz\u00e1m\u00e1ra. Hab\u00e1r a megbeteged\u00e9sek sz\u00e1ma nem cs\u00f6kken, az elm\u00falt \u00e9vtizedekben egyes tumoros megbeteged\u00e9sek eset\u00e9ben a betegek progn\u00f3zisa javul\u00f3 tendenci\u00e1t mutat a c\u00e9lzott, szem\u00e9lyre szabott ter\u00e1pi\u00e1knak k\u00f6sz\u00f6nhet\u0151en. A szem\u00e9lyre szabott orvosl\u00e1s egyik alappill\u00e9r\u00e9t a biomarkerek jelentik, ezek egyik t\u00edpus\u00e1t k\u00e9pviselik a predikt\u00edv biomarkerek, melyek alkalmaz\u00e1sa, p\u00e9ld\u00e1ul a genetikai mut\u00e1ci\u00f3k, a g\u00e9nexpresszi\u00f3s \u00e9s epigenetikai profilok oszt\u00e1lyoz\u00e1sa seg\u00edts\u00e9get ny\u00fajthatnak a beteg sz\u00e1m\u00e1ra optim\u00e1lis kezel\u00e9s kiv\u00e1laszt\u00e1s\u00e1ban, el\u0151re jelezhetik a kezel\u00e9sre adott v\u00e1laszt.<\/p>\n<p>A projekt c\u00e9lkit\u0171z\u00e9se, hogy bioinformatikai anal\u00edzissel olyan predikt\u00edv biomarkereket t\u00e1rjunk fel, amelyek a gyakorlatban is haszn\u00e1lhat\u00f3 inform\u00e1ci\u00f3t ny\u00fajthatnak a klinikai d\u00f6nt\u00e9shozatalban. A megval\u00f3s\u00edt\u00e1s els\u0151dlegesen bioinformatikai elemz\u00e9ssel t\u00f6rt\u00e9nik a mesters\u00e9ges intelligencia \u00e9s a g\u00e9pi tanul\u00e1s eszk\u00f6zeivel.<\/p>\n<p>A projekt t\u00f6bb l\u00e9p\u00e9sben val\u00f3sul meg: els\u0151 l\u00e9p\u00e9sben k\u00fcl\u00f6nb\u00f6z\u0151 forr\u00e1sokb\u00f3l sz\u00e1rmaz\u00f3 omikai, klinikai adatok gy\u0171jt\u00e9se t\u00f6rt\u00e9nik meg. Az ezt k\u00f6vet\u0151 adatintegr\u00e1ci\u00f3 sor\u00e1n az adatok min\u0151s\u00e9gellen\u0151rz\u00e9s\u00e9t, el\u0151zetes feldolgoz\u00e1s\u00e1t v\u00e9gezz\u00fck el. A k\u00f6vetkez\u0151 l\u00e9p\u00e9sben g\u00e9pi tanul\u00e1st megval\u00f3s\u00edt\u00f3 algoritmusokat alkalmazunk az integr\u00e1lt adathalmazban tal\u00e1lhat\u00f3 mint\u00e1k \u00e9s \u00f6sszef\u00fcgg\u00e9sek azonos\u00edt\u00e1s\u00e1ra. V\u00e9g\u00fcl az eredm\u00e9nyek robusztuss\u00e1g\u00e1nak a meg\u00edt\u00e9l\u00e9s\u00e9hez az elk\u00e9sz\u00edtett predikt\u00edv modellek valid\u00e1l\u00e1s\u00e1t v\u00e9gezz\u00fck el f\u00fcggetlen mint\u00e1kon.<\/p>\n<p>A t\u00e9ma els\u0151sorban a bioinformatika \/ mesters\u00e9ges intelligencia eg\u00e9szs\u00e9g\u00fcgyi alkalmaz\u00e1sa ir\u00e1nt \u00e9rdekl\u0151d\u0151 hallgat\u00f3k sz\u00e1m\u00e1ra lehet \u00e9rdekes.<\/p>\n<p>T\u00e9mavezet\u0151: <a href=\"https:\/\/semmelweis.hu\/telefonkonyv\/?emp_id=16288\">Dr. Fekete J\u00e1nos Tibor<\/a><\/p>\n","protected":false},"excerpt":{"rendered":"<p>Predikt\u00edv biomarkerek az onkol\u00f3gi\u00e1ban A daganatos megbeteged\u00e9sek jelent\u0151s eg\u00e9szs\u00e9g\u00fcgyi terhet k\u00e9pviselnek mind a t\u00e1rsadalom, mind az egy\u00e9nek sz\u00e1m\u00e1ra. Hab\u00e1r a megbeteged\u00e9sek sz\u00e1ma nem cs\u00f6kken, az elm\u00falt \u00e9vtizedekben egyes tumoros megbeteged\u00e9sek eset\u00e9ben a betegek progn\u00f3zisa javul\u00f3 tendenci\u00e1t mutat a c\u00e9lzott, szem\u00e9lyre szabott ter\u00e1pi\u00e1knak k\u00f6sz\u00f6nhet\u0151en. A szem\u00e9lyre szabott orvosl\u00e1s egyik alappill\u00e9r\u00e9t a biomarkerek jelentik, ezek egyik t\u00edpus\u00e1t &hellip;<\/p>\n","protected":false},"author":102018,"featured_media":0,"parent":6972,"menu_order":5,"comment_status":"closed","ping_status":"closed","template":"","meta":{"_acf_changed":false,"footnotes":""},"categories":[],"tags":[],"class_list":["post-10090","page","type-page","status-publish","hentry"],"acf":[],"_links":{"self":[{"href":"https:\/\/semmelweis.hu\/bioinformatika\/wp-json\/wp\/v2\/pages\/10090","targetHints":{"allow":["GET"]}}],"collection":[{"href":"https:\/\/semmelweis.hu\/bioinformatika\/wp-json\/wp\/v2\/pages"}],"about":[{"href":"https:\/\/semmelweis.hu\/bioinformatika\/wp-json\/wp\/v2\/types\/page"}],"author":[{"embeddable":true,"href":"https:\/\/semmelweis.hu\/bioinformatika\/wp-json\/wp\/v2\/users\/102018"}],"replies":[{"embeddable":true,"href":"https:\/\/semmelweis.hu\/bioinformatika\/wp-json\/wp\/v2\/comments?post=10090"}],"version-history":[{"count":4,"href":"https:\/\/semmelweis.hu\/bioinformatika\/wp-json\/wp\/v2\/pages\/10090\/revisions"}],"predecessor-version":[{"id":10095,"href":"https:\/\/semmelweis.hu\/bioinformatika\/wp-json\/wp\/v2\/pages\/10090\/revisions\/10095"}],"up":[{"embeddable":true,"href":"https:\/\/semmelweis.hu\/bioinformatika\/wp-json\/wp\/v2\/pages\/6972"}],"wp:attachment":[{"href":"https:\/\/semmelweis.hu\/bioinformatika\/wp-json\/wp\/v2\/media?parent=10090"}],"wp:term":[{"taxonomy":"category","embeddable":true,"href":"https:\/\/semmelweis.hu\/bioinformatika\/wp-json\/wp\/v2\/categories?post=10090"},{"taxonomy":"post_tag","embeddable":true,"href":"https:\/\/semmelweis.hu\/bioinformatika\/wp-json\/wp\/v2\/tags?post=10090"}],"curies":[{"name":"wp","href":"https:\/\/api.w.org\/{rel}","templated":true}]}}

Prediktív biomarkerek az onkológiában

<p style="text-align: center"><strong>Prediktív biomarkerek az onkológiában</strong></p>
<p>A daganatos megbetegedések jelentős egészségügyi terhet képviselnek mind a társadalom, mind az egyének számára. Habár a megbetegedések száma nem csökken, az elmúlt évtizedekben egyes tumoros megbetegedések esetében a betegek prognózisa javuló tendenciát mutat a célzott, személyre szabott terápiáknak köszönhetően. A személyre szabott orvoslás egyik alappillérét a biomarkerek jelentik, ezek egyik típusát képviselik a prediktív biomarkerek, melyek alkalmazása, például a genetikai mutációk, a génexpressziós és epigenetikai profilok osztályozása segítséget nyújthatnak a beteg számára optimális kezelés kiválasztásában, előre jelezhetik a kezelésre adott választ.</p>
<p>A projekt célkitűzése, hogy bioinformatikai analízissel olyan prediktív biomarkereket tárjunk fel, amelyek a gyakorlatban is használható információt nyújthatnak a klinikai döntéshozatalban. A megvalósítás elsődlegesen bioinformatikai elemzéssel történik a mesterséges intelligencia és a gépi tanulás eszközeivel.</p>
<p>A projekt több lépésben valósul meg: első lépésben különböző forrásokból származó omikai, klinikai adatok gyűjtése történik meg. Az ezt követő adatintegráció során az adatok minőségellenőrzését, előzetes feldolgozását végezzük el. A következő lépésben gépi tanulást megvalósító algoritmusokat alkalmazunk az integrált adathalmazban található minták és összefüggések azonosítására. Végül az eredmények robusztusságának a megítéléséhez az elkészített prediktív modellek validálását végezzük el független mintákon.</p>
<p>A téma elsősorban a bioinformatika / mesterséges intelligencia egészségügyi alkalmazása iránt érdeklődő hallgatók számára lehet érdekes.</p>
<p>Témavezető: <a href="https://semmelweis.hu/telefonkonyv/?emp_id=16288">Dr. Fekete János Tibor</a></p>

<p>Prediktív biomarkerek az onkológiában A daganatos megbetegedések jelentős egészségügyi terhet képviselnek mind a társadalom, mind az egyének számára. Habár a megbetegedések száma nem csökken, az elmúlt évtizedekben egyes tumoros megbetegedések esetében a betegek prognózisa javuló tendenciát mutat a célzott, személyre szabott terápiáknak köszönhetően. A személyre szabott orvoslás egyik alappillérét a biomarkerek jelentik, ezek egyik típusát &hellip;</p>
