{"id":10057,"date":"2024-02-12T10:37:32","date_gmt":"2024-02-12T09:37:32","guid":{"rendered":"https:\/\/semmelweis.hu\/bioinformatika\/?page_id=10057"},"modified":"2024-02-21T14:19:19","modified_gmt":"2024-02-21T13:19:19","slug":"dr-dobson-laszlo-imre","status":"publish","type":"page","link":"https:\/\/semmelweis.hu\/bioinformatika\/tanszekunk-bemutatasa\/oktato-kutatok\/dr-dobson-laszlo-imre\/","title":{"rendered":"Dr. Dobson L\u00e1szl\u00f3 Imre"},"content":{"rendered":"<p><img loading=\"lazy\" decoding=\"async\" class=\"size-full wp-image-10043 alignleft\" src=\"https:\/\/semmelweis.hu\/bioinformatika\/files\/2024\/02\/Dobson-Laszlo_270_323.png\" alt=\"\" width=\"270\" height=\"323\" \/><\/p>\n<div dir=\"ltr\">\n<p><b>N\u00e9v:<\/b> Dobson L\u00e1szl\u00f3<\/p>\n<p><b>T\u00e9ma:<\/b> Line\u00e1ris mot\u00edvumok azonos\u00edt\u00e1sa eukari\u00f3ta k\u00f3rokoz\u00f3 feh\u00e9rj\u00e9kben<\/p>\n<p><b>Beoszt\u00e1s: <\/b>tudom\u00e1nyos munkat\u00e1rs<\/p>\n<p><b>Bemutatkoz\u00e1s:<\/b><\/p>\n<p>Dobson L\u00e1szl\u00f3 Imre a P\u00e1zm\u00e1ny P\u00e9ter Katolikus Egyetemen szerezte a diplom\u00e1j\u00e1t, majd az az ELTE Biol\u00f3giai Doktori Iskol\u00e1j\u00e1ban a Szerkezeti biok\u00e9mia programban a PhD fokozat\u00e1t. 2024-ben csatlakozott a Semmelweis Egyetem Bioinformatika tansz\u00e9k\u00e9hez. Az elm\u00falt 10 \u00e9vben a sz\u00e1mos betegs\u00e9ggel kapcsolatba hozhat\u00f3 transzmembr\u00e1n feh\u00e9rj\u00e9ket vizsg\u00e1lta biofizikai \u00e9s mesters\u00e9ges intelligenci\u00e1t haszn\u00e1l\u00f3 m\u00f3dszerekkel. Legfontosabb eredm\u00e9nye egy olyan topol\u00f3giabecsl\u0151 m\u00f3dszer kidolgoz\u00e1sa, amely k\u00e9pes megbecs\u00fclni, mely szegmensek \u00e1gyaz\u00f3dnak be a membr\u00e1nba, illetve megadja a k\u00f6ztes r\u00e9gi\u00f3k membr\u00e1nhoz viszony\u00edtott helyzet\u00e9t. Munk\u00e1j\u00e1t sz\u00e1mos d\u00edjjal ismert\u00e9k el (Akad\u00e9miai Ifj\u00fas\u00e1gi D\u00edj, Farkas Tibor Plakett, B\u00e1r\u00e1ny R\u00f3bert D\u00edj). Eredm\u00e9nyeinek k\u00f6sz\u00f6nhet\u0151en t\u00f6bb nemzetk\u00f6zi p\u00e1ly\u00e1zatot is elnyert, Marie Curie \u00f6szt\u00f6nd\u00edjask\u00e9nt 2 \u00e9vig dolgozott az Eur\u00f3pai Molekul\u00e1ris Biol\u00f3giai Laborat\u00f3riumban. Jelenlegi kutat\u00e1sa eukari\u00f3ta patog\u00e9n k\u00f3rokoz\u00f3k feh\u00e9rj\u00e9ire f\u00f3kusz\u00e1l, ahol c\u00e9lja a betegs\u00e9g lefoly\u00e1s\u00e1ban kulcsszerepet j\u00e1tsz\u00f3 feh\u00e9rj\u00e9k azonos\u00edt\u00e1sa \u00e9s vizsg\u00e1lata bioinformatikai m\u00f3dszerekkel.<\/p>\n<\/div>\n","protected":false},"excerpt":{"rendered":"<p>N\u00e9v: Dobson L\u00e1szl\u00f3 T\u00e9ma: Line\u00e1ris mot\u00edvumok azonos\u00edt\u00e1sa eukari\u00f3ta k\u00f3rokoz\u00f3 feh\u00e9rj\u00e9kben Beoszt\u00e1s: tudom\u00e1nyos munkat\u00e1rs Bemutatkoz\u00e1s: Dobson L\u00e1szl\u00f3 Imre a P\u00e1zm\u00e1ny P\u00e9ter Katolikus Egyetemen szerezte a diplom\u00e1j\u00e1t, majd az az ELTE Biol\u00f3giai Doktori Iskol\u00e1j\u00e1ban a Szerkezeti biok\u00e9mia programban a PhD fokozat\u00e1t. 2024-ben csatlakozott a Semmelweis Egyetem Bioinformatika tansz\u00e9k\u00e9hez. Az elm\u00falt 10 \u00e9vben a sz\u00e1mos betegs\u00e9ggel kapcsolatba hozhat\u00f3 &hellip;<\/p>\n","protected":false},"author":102018,"featured_media":0,"parent":9740,"menu_order":11,"comment_status":"closed","ping_status":"closed","template":"","meta":{"_acf_changed":false,"footnotes":""},"categories":[],"tags":[],"class_list":["post-10057","page","type-page","status-publish","hentry"],"acf":[],"_links":{"self":[{"href":"https:\/\/semmelweis.hu\/bioinformatika\/wp-json\/wp\/v2\/pages\/10057","targetHints":{"allow":["GET"]}}],"collection":[{"href":"https:\/\/semmelweis.hu\/bioinformatika\/wp-json\/wp\/v2\/pages"}],"about":[{"href":"https:\/\/semmelweis.hu\/bioinformatika\/wp-json\/wp\/v2\/types\/page"}],"author":[{"embeddable":true,"href":"https:\/\/semmelweis.hu\/bioinformatika\/wp-json\/wp\/v2\/users\/102018"}],"replies":[{"embeddable":true,"href":"https:\/\/semmelweis.hu\/bioinformatika\/wp-json\/wp\/v2\/comments?post=10057"}],"version-history":[{"count":3,"href":"https:\/\/semmelweis.hu\/bioinformatika\/wp-json\/wp\/v2\/pages\/10057\/revisions"}],"predecessor-version":[{"id":10098,"href":"https:\/\/semmelweis.hu\/bioinformatika\/wp-json\/wp\/v2\/pages\/10057\/revisions\/10098"}],"up":[{"embeddable":true,"href":"https:\/\/semmelweis.hu\/bioinformatika\/wp-json\/wp\/v2\/pages\/9740"}],"wp:attachment":[{"href":"https:\/\/semmelweis.hu\/bioinformatika\/wp-json\/wp\/v2\/media?parent=10057"}],"wp:term":[{"taxonomy":"category","embeddable":true,"href":"https:\/\/semmelweis.hu\/bioinformatika\/wp-json\/wp\/v2\/categories?post=10057"},{"taxonomy":"post_tag","embeddable":true,"href":"https:\/\/semmelweis.hu\/bioinformatika\/wp-json\/wp\/v2\/tags?post=10057"}],"curies":[{"name":"wp","href":"https:\/\/api.w.org\/{rel}","templated":true}]}}

Dr. Dobson László Imre

<p><img loading="lazy" decoding="async" class="size-full wp-image-10043 alignleft" src="https://semmelweis.hu/bioinformatika/files/2024/02/Dobson-Laszlo_270_323.png" alt="" width="270" height="323" /></p>
<div dir="ltr">
<p><b>Név:</b> Dobson László</p>
<p><b>Téma:</b> Lineáris motívumok azonosítása eukarióta kórokozó fehérjékben</p>
<p><b>Beosztás: </b>tudományos munkatárs</p>
<p><b>Bemutatkozás:</b></p>
<p>Dobson László Imre a Pázmány Péter Katolikus Egyetemen szerezte a diplomáját, majd az az ELTE Biológiai Doktori Iskolájában a Szerkezeti biokémia programban a PhD fokozatát. 2024-ben csatlakozott a Semmelweis Egyetem Bioinformatika tanszékéhez. Az elmúlt 10 évben a számos betegséggel kapcsolatba hozható transzmembrán fehérjéket vizsgálta biofizikai és mesterséges intelligenciát használó módszerekkel. Legfontosabb eredménye egy olyan topológiabecslő módszer kidolgozása, amely képes megbecsülni, mely szegmensek ágyazódnak be a membránba, illetve megadja a köztes régiók membránhoz viszonyított helyzetét. Munkáját számos díjjal ismerték el (Akadémiai Ifjúsági Díj, Farkas Tibor Plakett, Bárány Róbert Díj). Eredményeinek köszönhetően több nemzetközi pályázatot is elnyert, Marie Curie ösztöndíjasként 2 évig dolgozott az Európai Molekuláris Biológiai Laboratóriumban. Jelenlegi kutatása eukarióta patogén kórokozók fehérjéire fókuszál, ahol célja a betegség lefolyásában kulcsszerepet játszó fehérjék azonosítása és vizsgálata bioinformatikai módszerekkel.</p>
</div>

<p>Név: Dobson László Téma: Lineáris motívumok azonosítása eukarióta kórokozó fehérjékben Beosztás: tudományos munkatárs Bemutatkozás: Dobson László Imre a Pázmány Péter Katolikus Egyetemen szerezte a diplomáját, majd az az ELTE Biológiai Doktori Iskolájában a Szerkezeti biokémia programban a PhD fokozatát. 2024-ben csatlakozott a Semmelweis Egyetem Bioinformatika tanszékéhez. Az elmúlt 10 évben a számos betegséggel kapcsolatba hozható &hellip;</p>
