{"id":566,"date":"2023-04-30T21:19:39","date_gmt":"2023-04-30T19:19:39","guid":{"rendered":"https:\/\/semmelweis.hu\/belonko\/?page_id=566"},"modified":"2024-04-24T11:31:59","modified_gmt":"2024-04-24T09:31:59","slug":"molekularis-gasztroenterologiai-kutato-csoport","status":"publish","type":"page","link":"https:\/\/semmelweis.hu\/belonko\/kutatas\/molekularis-gasztroenterologiai-kutato-csoport\/","title":{"rendered":"Molekul\u00e1ris Gasztroenterol\u00f3giai Kutat\u00f3 Csoport"},"content":{"rendered":"<p style=\"text-align: justify\">A kutat\u00f3 laborat\u00f3rium a vastagb\u00e9l daganatok kifejl\u0151d\u00e9s\u00e9nek DNS, RNS, feh\u00e9rje szint\u0171 elt\u00e9r\u00e9seit kutatja. A vastagb\u00e9l daganat progreszi\u00f3 egyes fejl\u0151d\u00e9si st\u00e1diumainak a sz\u00f6veti elv\u00e1ltoz\u00e1sai mellett a kering\u0151 v\u00e9rben megtal\u00e1lhat\u00f3\u00a0 biomarkerek is a vizsg\u00e1latok c\u00e9lpontjai. A kutat\u00f3 laborat\u00f3rium szoros egy\u00fcttm\u0171k\u00f6d\u00e9sben dolgozik a gasztroenterol\u00f3giai az laborat\u00f3riummal. A kutat\u00e1sok eszk\u00f6zt\u00e1ra vil\u00e1gszint\u0171 \u00faj gener\u00e1ci\u00f3s DNS szekven\u00e1l\u00e1s, RNS expresszi\u00f3s chipek, PCR, digit\u00e1lis pCR, immunhisztok\u00e9mia, mikroszk\u00f3pos \u00e9s sejt izol\u00e1ci\u00f3s technik\u00e1k. A laborat\u00f3rium vizsg\u00e1lati ter\u00fclete kiterjed az \u00f6reged\u00e9s, id\u0151skori megbeteged\u00e9sek\u00a0 molekul\u00e1ris vizsg\u00e1lataira. A leg\u00fajabb \u00faj m\u00f3dszer a biol\u00f3giai kor meghat\u00e1roz\u00e1s methylacios epigenetikei m\u00f3dszerekkel \u00e9s bioinformatikai anal\u00edzissel.<\/p>\n<div class=\"keretes w-100\">\n<p><strong>Vezet\u0151:<\/strong> Prof. Dr. Moln\u00e1r B\u00e9la\u00a0 \u00a0 \u00a0 \u00a0 \u00a0 \u00a0 \u00a0 \u00a0 \u00a0 \u00a0 \u00a0\u00a0<\/p>\n<\/div>\n<p><strong>Tudom\u00e1nyos kutat\u00f3k:\u00a0<\/strong> \u00a0 \u00a0 \u00a0<\/p>\n<ul>\n<li>Dr. Valcz G\u00e1bor<\/li>\n<li>Dr. Kalm\u00e1r-S\u00f6pk\u00e9z Alexandra<\/li>\n<li>Dr. Moln\u00e1r Barbara Kinga<\/li>\n<li>Dr. Nagy Zs\u00f3fia<\/li>\n<li>Dr. Zsigrai S\u00e1ra<\/li>\n<\/ul>\n<p><strong>PhD hallgat\u00f3k:\u00a0<\/strong><\/p>\n<ul>\n<li>Szigeti Krisztina<\/li>\n<li>Dr. William Kothalawala<\/li>\n<\/ul>\n<p><strong>Asszisztens:<\/strong>\u00a0 Berczik M\u00e1ria<\/p>\n<p><strong>Laborasszisztens:<\/strong> Fellet\u00e1r Ildik\u00f3<\/p>\n","protected":false},"excerpt":{"rendered":"<p>A kutat\u00f3 laborat\u00f3rium a vastagb\u00e9l daganatok kifejl\u0151d\u00e9s\u00e9nek DNS, RNS, feh\u00e9rje szint\u0171 elt\u00e9r\u00e9seit kutatja. A vastagb\u00e9l daganat progreszi\u00f3 egyes fejl\u0151d\u00e9si st\u00e1diumainak a sz\u00f6veti elv\u00e1ltoz\u00e1sai mellett a kering\u0151 v\u00e9rben megtal\u00e1lhat\u00f3\u00a0 biomarkerek is a vizsg\u00e1latok c\u00e9lpontjai. A kutat\u00f3 laborat\u00f3rium szoros egy\u00fcttm\u0171k\u00f6d\u00e9sben dolgozik a gasztroenterol\u00f3giai az laborat\u00f3riummal. A kutat\u00e1sok eszk\u00f6zt\u00e1ra vil\u00e1gszint\u0171 \u00faj gener\u00e1ci\u00f3s DNS szekven\u00e1l\u00e1s, RNS expresszi\u00f3s chipek, PCR, &hellip;<\/p>\n","protected":false},"author":102173,"featured_media":0,"parent":42,"menu_order":4,"comment_status":"closed","ping_status":"closed","template":"","meta":{"_acf_changed":false,"footnotes":""},"categories":[],"tags":[],"class_list":["post-566","page","type-page","status-publish","hentry"],"acf":[],"_links":{"self":[{"href":"https:\/\/semmelweis.hu\/belonko\/wp-json\/wp\/v2\/pages\/566","targetHints":{"allow":["GET"]}}],"collection":[{"href":"https:\/\/semmelweis.hu\/belonko\/wp-json\/wp\/v2\/pages"}],"about":[{"href":"https:\/\/semmelweis.hu\/belonko\/wp-json\/wp\/v2\/types\/page"}],"author":[{"embeddable":true,"href":"https:\/\/semmelweis.hu\/belonko\/wp-json\/wp\/v2\/users\/102173"}],"replies":[{"embeddable":true,"href":"https:\/\/semmelweis.hu\/belonko\/wp-json\/wp\/v2\/comments?post=566"}],"version-history":[{"count":7,"href":"https:\/\/semmelweis.hu\/belonko\/wp-json\/wp\/v2\/pages\/566\/revisions"}],"predecessor-version":[{"id":1596,"href":"https:\/\/semmelweis.hu\/belonko\/wp-json\/wp\/v2\/pages\/566\/revisions\/1596"}],"up":[{"embeddable":true,"href":"https:\/\/semmelweis.hu\/belonko\/wp-json\/wp\/v2\/pages\/42"}],"wp:attachment":[{"href":"https:\/\/semmelweis.hu\/belonko\/wp-json\/wp\/v2\/media?parent=566"}],"wp:term":[{"taxonomy":"category","embeddable":true,"href":"https:\/\/semmelweis.hu\/belonko\/wp-json\/wp\/v2\/categories?post=566"},{"taxonomy":"post_tag","embeddable":true,"href":"https:\/\/semmelweis.hu\/belonko\/wp-json\/wp\/v2\/tags?post=566"}],"curies":[{"name":"wp","href":"https:\/\/api.w.org\/{rel}","templated":true}]}}