{"id":559,"date":"2023-04-30T21:10:26","date_gmt":"2023-04-30T19:10:26","guid":{"rendered":"https:\/\/semmelweis.hu\/belonko\/?page_id=559"},"modified":"2023-05-10T19:20:46","modified_gmt":"2023-05-10T17:20:46","slug":"eotvos-lorand-kutatasi-halozat-semmelweis-egyetem-endokrin-molekularis-patologiai-kutato-csoport","status":"publish","type":"page","link":"https:\/\/semmelweis.hu\/belonko\/kutatas\/eotvos-lorand-kutatasi-halozat-semmelweis-egyetem-endokrin-molekularis-patologiai-kutato-csoport\/","title":{"rendered":"E\u00f6tv\u00f6s Lor\u00e1nd Kutat\u00e1si H\u00e1l\u00f3zat \u2013 Semmelweis Egyetem Endokrin Molekul\u00e1ris Patol\u00f3giai Kutat\u00f3 Csoport"},"content":{"rendered":"<p style=\"text-align: justify\">Kutat\u00f3csoportunk sok embert \u00e9rint\u0151 endokrin \u00e1llapotok vizsg\u00e1lat\u00e1t t\u0171zte ki c\u00e9lul, amelynek sikeres megval\u00f3s\u00edt\u00e1shoz a sz\u00fcks\u00e9ges infrastrukt\u00fara \u00e9s szakmai kompetencia rendelkez\u00e9s\u00fcnkre \u00e1ll. Az al\u00e1bbi ter\u00fcleteken folytatunk kutat\u00e1sokat: Csontanyagcsere betegek biszfoszfon\u00e1t kezel\u00e9s\u00e9nek \u00e1llkapocs necrosist el\u0151re jelz\u0151 genetikai alap\u00fa gyorsteszt kialak\u00edt\u00e1sa. A pajzsmirigy hideg g\u00f6b\u00f6k daganatt\u00e1 alakul\u00e1s\u00e1nak genetikai alapokon t\u00f6rt\u00e9n\u0151 el\u0151rejelz\u00e9se, valamint az eml\u0151r\u00e1k ut\u00e1ni pajzsmirigy daganatok kialakul\u00e1sa genetikai h\u00e1tter\u00e9nek felt\u00e1r\u00e1sa. Tov\u00e1bb\u00e1 a csal\u00e1dtervez\u00e9s sikeress\u00e9gi r\u00e1t\u00e1j\u00e1t k\u00edv\u00e1njuk n\u00f6velni a m\u00e9h mikrobiom, illetve hormonreceptor polimorfizmusok vizsg\u00e1lat\u00e1val, a c\u00e9lzott kezel\u00e9s \u00e9rdek\u00e9ben. A cukorbetegs\u00e9g, mint n\u00e9pbetegs\u00e9g neuropathia sz\u00f6v\u0151dm\u00e9ny\u00e9nek genetikai h\u00e1tter\u00e9t is fel k\u00edv\u00e1njuk t\u00e1rni.<\/p>\n<div class=\"keretes w-100\">\n<p><strong>Kutat\u00f3csoport vezet\u0151:<\/strong> Prof. Dr. Lakatos P\u00e9ter Andr\u00e1s<br \/>\n<strong>Kutat\u00f3csoport t\u00e1rsvezet\u0151:<\/strong> Prof. Dr. Tak\u00e1cs Istv\u00e1n<br \/>\n<strong>Kutat\u00f3csoport vezet\u0151helyettes:<\/strong> Dr. K\u00f3sa J\u00e1nos\u00a0<br \/>\n<strong>Adminisztrat\u00edv \u00fcgyint\u00e9z\u0151:<\/strong> Szab\u00f3n\u00e9 M\u00e1t\u00e9 Edit<\/p>\n<\/div>\n<p><strong>Munkat\u00e1rsak:<\/strong>\u00a0<\/p>\n<ul style=\"list-style-type: square\">\n<li>Dr. Putz Zsuzsanna<\/li>\n<li>Dr. Balla Bernadett<\/li>\n<li>Dr. T\u00f3bi\u00e1s B\u00e1lint<\/li>\n<li>Dr. \u00c1rm\u00f3s Rich\u00e1rd\u00a0<\/li>\n<\/ul>\n","protected":false},"excerpt":{"rendered":"<p>Kutat\u00f3csoportunk sok embert \u00e9rint\u0151 endokrin \u00e1llapotok vizsg\u00e1lat\u00e1t t\u0171zte ki c\u00e9lul, amelynek sikeres megval\u00f3s\u00edt\u00e1shoz a sz\u00fcks\u00e9ges infrastrukt\u00fara \u00e9s szakmai kompetencia rendelkez\u00e9s\u00fcnkre \u00e1ll. Az al\u00e1bbi ter\u00fcleteken folytatunk kutat\u00e1sokat: Csontanyagcsere betegek biszfoszfon\u00e1t kezel\u00e9s\u00e9nek \u00e1llkapocs necrosist el\u0151re jelz\u0151 genetikai alap\u00fa gyorsteszt kialak\u00edt\u00e1sa. A pajzsmirigy hideg g\u00f6b\u00f6k daganatt\u00e1 alakul\u00e1s\u00e1nak genetikai alapokon t\u00f6rt\u00e9n\u0151 el\u0151rejelz\u00e9se, valamint az eml\u0151r\u00e1k ut\u00e1ni pajzsmirigy daganatok kialakul\u00e1sa &hellip;<\/p>\n","protected":false},"author":102173,"featured_media":0,"parent":42,"menu_order":1,"comment_status":"closed","ping_status":"closed","template":"","meta":{"_acf_changed":false,"footnotes":""},"categories":[],"tags":[],"class_list":["post-559","page","type-page","status-publish","hentry"],"acf":[],"_links":{"self":[{"href":"https:\/\/semmelweis.hu\/belonko\/wp-json\/wp\/v2\/pages\/559","targetHints":{"allow":["GET"]}}],"collection":[{"href":"https:\/\/semmelweis.hu\/belonko\/wp-json\/wp\/v2\/pages"}],"about":[{"href":"https:\/\/semmelweis.hu\/belonko\/wp-json\/wp\/v2\/types\/page"}],"author":[{"embeddable":true,"href":"https:\/\/semmelweis.hu\/belonko\/wp-json\/wp\/v2\/users\/102173"}],"replies":[{"embeddable":true,"href":"https:\/\/semmelweis.hu\/belonko\/wp-json\/wp\/v2\/comments?post=559"}],"version-history":[{"count":6,"href":"https:\/\/semmelweis.hu\/belonko\/wp-json\/wp\/v2\/pages\/559\/revisions"}],"predecessor-version":[{"id":1177,"href":"https:\/\/semmelweis.hu\/belonko\/wp-json\/wp\/v2\/pages\/559\/revisions\/1177"}],"up":[{"embeddable":true,"href":"https:\/\/semmelweis.hu\/belonko\/wp-json\/wp\/v2\/pages\/42"}],"wp:attachment":[{"href":"https:\/\/semmelweis.hu\/belonko\/wp-json\/wp\/v2\/media?parent=559"}],"wp:term":[{"taxonomy":"category","embeddable":true,"href":"https:\/\/semmelweis.hu\/belonko\/wp-json\/wp\/v2\/categories?post=559"},{"taxonomy":"post_tag","embeddable":true,"href":"https:\/\/semmelweis.hu\/belonko\/wp-json\/wp\/v2\/tags?post=559"}],"curies":[{"name":"wp","href":"https:\/\/api.w.org\/{rel}","templated":true}]}}