{"id":414,"date":"2023-04-25T21:13:21","date_gmt":"2023-04-25T19:13:21","guid":{"rendered":"https:\/\/semmelweis.hu\/belonko\/?page_id=414"},"modified":"2024-07-03T13:41:27","modified_gmt":"2024-07-03T11:41:27","slug":"belgyogyaszat-szakvizsga-elokeszito-tanfolyam","status":"publish","type":"page","link":"https:\/\/semmelweis.hu\/belonko\/oktatas\/posztgradualis-oktatas\/belgyogyaszat-szakvizsga-elokeszito-tanfolyam\/","title":{"rendered":"Belgy\u00f3gy\u00e1szat szakvizsga el\u0151k\u00e9sz\u00edt\u0151 tanfolyam"},"content":{"rendered":"<p style=\"text-align: justify\">Klinik\u00e1nk a Semmelweis Egyetem Belgy\u00f3gy\u00e1szat Szakmai Gr\u00e9miummal egy\u00fcttm\u0171k\u00f6d\u00e9sben \u00e9vente k\u00e9tszer (febru\u00e1r \u00e9s j\u00fanius h\u00f3napban) szervez 4 hetes k\u00f6telez\u0151 belgy\u00f3gy\u00e1sz szakvizsga el\u0151k\u00e9sz\u00edt\u0151 tanfolyamot belgy\u00f3gy\u00e1sz szakorvosjel\u00f6ltek r\u00e9sz\u00e9re.\u00a0<\/p>\n<p>A tanfolyamra Oftexen kereszt\u00fcl lehet jelentkezni.\u00a0<\/p>\n<p>&nbsp;<\/p>\n<div class=\"keretes w-100\">\n<p><a href=\"https:\/\/semmelweis.hu\/belonko\/oktatas\/posztgradualis-oktatas\/belgyogyaszat-szakvizsga-elokeszito-tanfolyam\/szakvizsga-elokeszito-tanfolyam-diasorok\/\"><strong>A tanfolyam el\u0151ad\u00e1s diasorok r\u00e9sztvev\u0151k sz\u00e1m\u00e1ra, csak jelsz\u00f3 birtok\u00e1ban tekinthet\u0151k meg.<\/strong>\u00a0<\/a><\/p>\n<\/div>\n<p>&nbsp;<\/p>\n","protected":false},"excerpt":{"rendered":"<p>Klinik\u00e1nk a Semmelweis Egyetem Belgy\u00f3gy\u00e1szat Szakmai Gr\u00e9miummal egy\u00fcttm\u0171k\u00f6d\u00e9sben \u00e9vente k\u00e9tszer (febru\u00e1r \u00e9s j\u00fanius h\u00f3napban) szervez 4 hetes k\u00f6telez\u0151 belgy\u00f3gy\u00e1sz szakvizsga el\u0151k\u00e9sz\u00edt\u0151 tanfolyamot belgy\u00f3gy\u00e1sz szakorvosjel\u00f6ltek r\u00e9sz\u00e9re.\u00a0<br \/>\nA tanfolyamra Oftexen kereszt\u00fcl lehet jelentkezni.\u00a0<br \/>\n&nbsp;<\/p>\n<p><a href=\"https:\/\/semmelweis.hu\/belonko\/oktatas\/posztgradualis-oktatas\/belgyogyaszat-szakvizsga-elokeszito-tanfolyam\/szakvizsga-elokeszito-tanfolyam-diasorok\/\">A tanfolyam el\u0151ad\u00e1s diasorok r\u00e9sztvev\u0151k sz\u00e1m\u00e1ra, csak jelsz\u00f3 birtok\u00e1ban tekinthet\u0151k meg.\u00a0<\/a><\/p>\n<p>&nbsp;<\/p>\n","protected":false},"author":102173,"featured_media":0,"parent":105,"menu_order":0,"comment_status":"closed","ping_status":"closed","template":"","meta":{"_acf_changed":false,"footnotes":""},"categories":[],"tags":[],"class_list":["post-414","page","type-page","status-publish","hentry"],"acf":[],"_links":{"self":[{"href":"https:\/\/semmelweis.hu\/belonko\/wp-json\/wp\/v2\/pages\/414","targetHints":{"allow":["GET"]}}],"collection":[{"href":"https:\/\/semmelweis.hu\/belonko\/wp-json\/wp\/v2\/pages"}],"about":[{"href":"https:\/\/semmelweis.hu\/belonko\/wp-json\/wp\/v2\/types\/page"}],"author":[{"embeddable":true,"href":"https:\/\/semmelweis.hu\/belonko\/wp-json\/wp\/v2\/users\/102173"}],"replies":[{"embeddable":true,"href":"https:\/\/semmelweis.hu\/belonko\/wp-json\/wp\/v2\/comments?post=414"}],"version-history":[{"count":8,"href":"https:\/\/semmelweis.hu\/belonko\/wp-json\/wp\/v2\/pages\/414\/revisions"}],"predecessor-version":[{"id":1621,"href":"https:\/\/semmelweis.hu\/belonko\/wp-json\/wp\/v2\/pages\/414\/revisions\/1621"}],"up":[{"embeddable":true,"href":"https:\/\/semmelweis.hu\/belonko\/wp-json\/wp\/v2\/pages\/105"}],"wp:attachment":[{"href":"https:\/\/semmelweis.hu\/belonko\/wp-json\/wp\/v2\/media?parent=414"}],"wp:term":[{"taxonomy":"category","embeddable":true,"href":"https:\/\/semmelweis.hu\/belonko\/wp-json\/wp\/v2\/categories?post=414"},{"taxonomy":"post_tag","embeddable":true,"href":"https:\/\/semmelweis.hu\/belonko\/wp-json\/wp\/v2\/tags?post=414"}],"curies":[{"name":"wp","href":"https:\/\/api.w.org\/{rel}","templated":true}]}}

Belgyógyászat szakvizsga előkészítő tanfolyam

<p style="text-align: justify">Klinikánk a Semmelweis Egyetem Belgyógyászat Szakmai Grémiummal együttműködésben évente kétszer (február és június hónapban) szervez 4 hetes kötelező belgyógyász szakvizsga előkészítő tanfolyamot belgyógyász szakorvosjelöltek részére. </p>
<p>A tanfolyamra Oftexen keresztül lehet jelentkezni. </p>
<p>&nbsp;</p>
<div class="keretes w-100">
<p><a href="https://semmelweis.hu/belonko/oktatas/posztgradualis-oktatas/belgyogyaszat-szakvizsga-elokeszito-tanfolyam/szakvizsga-elokeszito-tanfolyam-diasorok/"><strong>A tanfolyam előadás diasorok résztvevők számára, csak jelszó birtokában tekinthetők meg.</strong> </a></p>
</div>
<p>&nbsp;</p>

<p>Klinikánk a Semmelweis Egyetem Belgyógyászat Szakmai Grémiummal együttműködésben évente kétszer (február és június hónapban) szervez 4 hetes kötelező belgyógyász szakvizsga előkészítő tanfolyamot belgyógyász szakorvosjelöltek részére. <br />
A tanfolyamra Oftexen keresztül lehet jelentkezni. <br />
&nbsp;</p>
<p><a href="https://semmelweis.hu/belonko/oktatas/posztgradualis-oktatas/belgyogyaszat-szakvizsga-elokeszito-tanfolyam/szakvizsga-elokeszito-tanfolyam-diasorok/">A tanfolyam előadás diasorok résztvevők számára, csak jelszó birtokában tekinthetők meg. </a></p>
<p>&nbsp;</p>
