{"id":385,"date":"2023-04-22T22:49:05","date_gmt":"2023-04-22T20:49:05","guid":{"rendered":"https:\/\/semmelweis.hu\/belonko\/?page_id=385"},"modified":"2026-01-15T16:24:35","modified_gmt":"2026-01-15T15:24:35","slug":"betegjogi-kepviselet-panaszkezeles","status":"publish","type":"page","link":"https:\/\/semmelweis.hu\/belonko\/betegellatas\/betegjogi-kepviselet-panaszkezeles\/","title":{"rendered":"Betegjogi k\u00e9pviselet, panaszkezel\u00e9s"},"content":{"rendered":"<div class=\"keretes w-100\">\n<p>Tisztelt Beteg\u00fcnk!<\/p>\n<p>Amennyiben az eg\u00e9szs\u00e9g\u00fcgyi ell\u00e1t\u00e1sa kapcs\u00e1n az ell\u00e1t\u00e1ssal \u00f6sszef\u00fcgg\u00e9sben \u00e9szrev\u00e9tele van, vagy panaszt k\u00edv\u00e1n tenni, a Klinika igazgat\u00f3j\u00e1nak az al\u00e1bbi el\u00e9rhet\u0151s\u00e9gen tudja jelezni:\u00a0titkarsag.bel1@semmelweis.hu\u00a0<\/p>\n<\/div>\n<h4><strong>Betegjogi k\u00e9pvisel\u0151<\/strong><\/h4>\n<p><a href=\"https:\/\/semmelweis.hu\/belonko\/files\/2026\/01\/betegjogi-kepviselo.pdf\" target=\"_blank\" rel=\"noopener\">betegjogi k\u00e9pvisel\u0151<\/a><\/p>\n<p><strong>Az eg\u00e9szs\u00e9g\u00fcgyi int\u00e9zm\u00e9nyben az \u00d6n ter\u00fcletileg illet\u00e9kes betegjogi k\u00e9pvisel\u0151je: Mina Andr\u00e1s dr.<\/strong><\/p>\n<p><strong>Telefonsz\u00e1m:<\/strong> +36-20-4899-577, melyen el\u00e9rhet\u0151 h\u00e9tf\u0151t\u0151l-cs\u00fct\u00f6rt\u00f6kig 08:00 \u2013 16:30, p\u00e9nteken 08:00 \u2013 14:00 \u00f3ra k\u00f6z\u00f6tt<br \/>\n<strong>E-mail c\u00edm:<\/strong> <a href=\"mailto:andras.mina@ijsz.bm.gov.hu\">andras.mina@ijsz.bm.gov.hu<\/a><br \/>\n<strong>Fogad\u00f3\u00f3ra id\u0151pontja:<\/strong> munkaid\u0151ben<br \/>\n<strong>Fogad\u00f3\u00f3ra helye:<\/strong> el\u0151zetes telefonos megbesz\u00e9l\u00e9s szerint<\/p>\n<p>\nA jogv\u00e9delmi k\u00e9pvisel\u0151 az integr\u00e1lt jogv\u00e9delmi szolg\u00e1lat (IJSZ) munkat\u00e1rsa, az eg\u00e9szs\u00e9g\u00fcgyi int\u00e9zm\u00e9nyt\u0151l f\u00fcggetlen szem\u00e9ly.<br \/>\nA fenti el\u00e9rhet\u0151s\u00e9gek sikertelens\u00e9ge eset\u00e9n az IJSZ z\u00f6ldsz\u00e1ma h\u00edvhat\u00f3: +36-80-620-055<\/p>\n<p>&nbsp;<\/p>\n","protected":false},"excerpt":{"rendered":"<p>Tisztelt Beteg\u00fcnk! Amennyiben az eg\u00e9szs\u00e9g\u00fcgyi ell\u00e1t\u00e1sa kapcs\u00e1n az ell\u00e1t\u00e1ssal \u00f6sszef\u00fcgg\u00e9sben \u00e9szrev\u00e9tele van, vagy panaszt k\u00edv\u00e1n tenni, a Klinika igazgat\u00f3j\u00e1nak az al\u00e1bbi el\u00e9rhet\u0151s\u00e9gen tudja jelezni:\u00a0titkarsag.bel1@semmelweis.hu\u00a0 Betegjogi k\u00e9pvisel\u0151 <a href=\"https:\/\/semmelweis.hu\/belonko\/files\/2026\/01\/betegjogi-kepviselo.pdf\" target=\"_blank\" rel=\"noopener\">betegjogi k\u00e9pvisel\u0151<\/a> Az eg\u00e9szs\u00e9g\u00fcgyi int\u00e9zm\u00e9nyben az \u00d6n ter\u00fcletileg illet\u00e9kes betegjogi k\u00e9pvisel\u0151je: Mina Andr\u00e1s dr. Telefonsz\u00e1m: +36-20-4899-577, melyen el\u00e9rhet\u0151 h\u00e9tf\u0151t\u0151l-cs\u00fct\u00f6rt\u00f6kig 08:00 \u2013 16:30, p\u00e9nteken 08:00 \u2013 14:00 \u00f3ra k\u00f6z\u00f6tt E-mail c\u00edm: <a href=\"mailto:andras.mina@ijsz.bm.gov.hu\">andras.mina@ijsz.bm.gov.hu<\/a> Fogad\u00f3\u00f3ra &hellip;<\/p>\n","protected":false},"author":102173,"featured_media":0,"parent":34,"menu_order":3,"comment_status":"closed","ping_status":"closed","template":"","meta":{"_acf_changed":false,"footnotes":""},"categories":[],"tags":[],"class_list":["post-385","page","type-page","status-publish","hentry"],"acf":[],"_links":{"self":[{"href":"https:\/\/semmelweis.hu\/belonko\/wp-json\/wp\/v2\/pages\/385","targetHints":{"allow":["GET"]}}],"collection":[{"href":"https:\/\/semmelweis.hu\/belonko\/wp-json\/wp\/v2\/pages"}],"about":[{"href":"https:\/\/semmelweis.hu\/belonko\/wp-json\/wp\/v2\/types\/page"}],"author":[{"embeddable":true,"href":"https:\/\/semmelweis.hu\/belonko\/wp-json\/wp\/v2\/users\/102173"}],"replies":[{"embeddable":true,"href":"https:\/\/semmelweis.hu\/belonko\/wp-json\/wp\/v2\/comments?post=385"}],"version-history":[{"count":10,"href":"https:\/\/semmelweis.hu\/belonko\/wp-json\/wp\/v2\/pages\/385\/revisions"}],"predecessor-version":[{"id":3145,"href":"https:\/\/semmelweis.hu\/belonko\/wp-json\/wp\/v2\/pages\/385\/revisions\/3145"}],"up":[{"embeddable":true,"href":"https:\/\/semmelweis.hu\/belonko\/wp-json\/wp\/v2\/pages\/34"}],"wp:attachment":[{"href":"https:\/\/semmelweis.hu\/belonko\/wp-json\/wp\/v2\/media?parent=385"}],"wp:term":[{"taxonomy":"category","embeddable":true,"href":"https:\/\/semmelweis.hu\/belonko\/wp-json\/wp\/v2\/categories?post=385"},{"taxonomy":"post_tag","embeddable":true,"href":"https:\/\/semmelweis.hu\/belonko\/wp-json\/wp\/v2\/tags?post=385"}],"curies":[{"name":"wp","href":"https:\/\/api.w.org\/{rel}","templated":true}]}}

Betegjogi képviselet, panaszkezelés

<div class="keretes w-100">
<p>Tisztelt Betegünk!</p>
<p>Amennyiben az egészségügyi ellátása kapcsán az ellátással összefüggésben észrevétele van, vagy panaszt kíván tenni, a Klinika igazgatójának az alábbi elérhetőségen tudja jelezni: titkarsag.bel1@semmelweis.hu </p>
</div>
<h4><strong>Betegjogi képviselő</strong></h4>
<p><a href="https://semmelweis.hu/belonko/files/2026/01/betegjogi-kepviselo.pdf" target="_blank" rel="noopener">betegjogi képviselő</a></p>
<p><strong>Az egészségügyi intézményben az Ön területileg illetékes betegjogi képviselője: Mina András dr.</strong></p>
<p><strong>Telefonszám:</strong> +36-20-4899-577, melyen elérhető hétfőtől-csütörtökig 08:00 – 16:30, pénteken 08:00 – 14:00 óra között<br />
<strong>E-mail cím:</strong> <a href="mailto:andras.mina@ijsz.bm.gov.hu">andras.mina@ijsz.bm.gov.hu</a><br />
<strong>Fogadóóra időpontja:</strong> munkaidőben<br />
<strong>Fogadóóra helye:</strong> előzetes telefonos megbeszélés szerint</p>
<p>
A jogvédelmi képviselő az integrált jogvédelmi szolgálat (IJSZ) munkatársa, az egészségügyi intézménytől független személy.<br />
A fenti elérhetőségek sikertelensége esetén az IJSZ zöldszáma hívható: +36-80-620-055</p>
<p>&nbsp;</p>

<p>Tisztelt Betegünk! Amennyiben az egészségügyi ellátása kapcsán az ellátással összefüggésben észrevétele van, vagy panaszt kíván tenni, a Klinika igazgatójának az alábbi elérhetőségen tudja jelezni: titkarsag.bel1@semmelweis.hu  Betegjogi képviselő <a href="https://semmelweis.hu/belonko/files/2026/01/betegjogi-kepviselo.pdf" target="_blank" rel="noopener">betegjogi képviselő</a> Az egészségügyi intézményben az Ön területileg illetékes betegjogi képviselője: Mina András dr. Telefonszám: +36-20-4899-577, melyen elérhető hétfőtől-csütörtökig 08:00 – 16:30, pénteken 08:00 – 14:00 óra között E-mail cím: <a href="mailto:andras.mina@ijsz.bm.gov.hu">andras.mina@ijsz.bm.gov.hu</a> Fogadóóra &hellip;</p>
