{"id":221,"date":"2023-04-04T13:22:08","date_gmt":"2023-04-04T11:22:08","guid":{"rendered":"https:\/\/semmelweis.hu\/belonko\/?page_id=221"},"modified":"2023-05-06T20:15:35","modified_gmt":"2023-05-06T18:15:35","slug":"osteodensitometriai-laboratorium","status":"publish","type":"page","link":"https:\/\/semmelweis.hu\/belonko\/szakrendelesek\/osteodensitometriai-laboratorium\/","title":{"rendered":"Osteodensitometriai laborat\u00f3rium"},"content":{"rendered":"<p style=\"text-align: justify\">Az ODM vizsg\u00e1lat kiz\u00e1r\u00f3lag <strong>szakorvosi<\/strong> (pl: reumatol\u00f3gus, mozg\u00e1sszervi rehabilit\u00e1ci\u00f3, endokrinol\u00f3gus, traumatol\u00f3gus, urol\u00f3gus, ortop\u00e9dia, n\u0151gy\u00f3gy\u00e1sz, diabetol\u00f3gus, pajzsmirigy szakorvos, gasztroenterol\u00f3gus-hepatol\u00f3gus, hematol\u00f3gus, onkol\u00f3gus) <strong>beutal\u00f3val vehet\u0151 ig\u00e9nybe. <\/strong>H\u00e1ziorvosi beutal\u00f3val nem lehet erre a vizsg\u00e1latra jelentkezni.\u00a0<\/p>\n<h4 style=\"text-align: justify\">\n<strong>Vizsg\u00e1latra jelentkez\u00e9s: <\/strong><\/h4>\n<p style=\"text-align: justify\">+36-14591500\/51519 mell\u00e9k, munkanapokon 9.00-13.00 h k\u00f6z\u00f6tt id\u0151szakban<\/p>\n<h4><strong>Munkat\u00e1rsaink:<\/strong><\/h4>\n<p><strong>Laborvezet\u0151:<\/strong><\/p>\n<h4><strong>Prof. Dr. Horv\u00e1th Csaba<\/strong><\/h4>\n<h4>\n<strong>Dr. M\u00e9sz\u00e1ros Szilvia<\/strong><\/h4>\n<p>egyetemi adjunktus<\/p>\n<div class=\"keretes w-100\">\n<h4><strong>Asszisztensek:<\/strong><\/h4>\n<p>Arany Zolt\u00e1nn\u00e9<br \/>\nG\u00e1ln\u00e9 Sz\u00e1nt\u00f3 Erika<br \/>\nSzab\u00f3 Erika<\/p>\n<h4><strong>Titk\u00e1rn\u0151:<\/strong><\/h4>\n<p>F\u00e9b\u00f3 T\u00edmea<\/p>\n<\/div>\n","protected":false},"excerpt":{"rendered":"<p>Az ODM vizsg\u00e1lat kiz\u00e1r\u00f3lag szakorvosi (pl: reumatol\u00f3gus, mozg\u00e1sszervi rehabilit\u00e1ci\u00f3, endokrinol\u00f3gus, traumatol\u00f3gus, urol\u00f3gus, ortop\u00e9dia, n\u0151gy\u00f3gy\u00e1sz, diabetol\u00f3gus, pajzsmirigy szakorvos, gasztroenterol\u00f3gus-hepatol\u00f3gus, hematol\u00f3gus, onkol\u00f3gus) beutal\u00f3val vehet\u0151 ig\u00e9nybe. H\u00e1ziorvosi beutal\u00f3val nem lehet erre a vizsg\u00e1latra jelentkezni.\u00a0 Vizsg\u00e1latra jelentkez\u00e9s: +36-14591500\/51519 mell\u00e9k, munkanapokon 9.00-13.00 h k\u00f6z\u00f6tt id\u0151szakban Munkat\u00e1rsaink: Laborvezet\u0151: Prof. Dr. Horv\u00e1th Csaba Dr. M\u00e9sz\u00e1ros Szilvia egyetemi adjunktus Asszisztensek: Arany Zolt\u00e1nn\u00e9 G\u00e1ln\u00e9 &hellip;<\/p>\n","protected":false},"author":101739,"featured_media":0,"parent":130,"menu_order":15,"comment_status":"closed","ping_status":"closed","template":"","meta":{"_acf_changed":false,"footnotes":""},"categories":[],"tags":[],"class_list":["post-221","page","type-page","status-publish","hentry"],"acf":[],"_links":{"self":[{"href":"https:\/\/semmelweis.hu\/belonko\/wp-json\/wp\/v2\/pages\/221","targetHints":{"allow":["GET"]}}],"collection":[{"href":"https:\/\/semmelweis.hu\/belonko\/wp-json\/wp\/v2\/pages"}],"about":[{"href":"https:\/\/semmelweis.hu\/belonko\/wp-json\/wp\/v2\/types\/page"}],"author":[{"embeddable":true,"href":"https:\/\/semmelweis.hu\/belonko\/wp-json\/wp\/v2\/users\/101739"}],"replies":[{"embeddable":true,"href":"https:\/\/semmelweis.hu\/belonko\/wp-json\/wp\/v2\/comments?post=221"}],"version-history":[{"count":3,"href":"https:\/\/semmelweis.hu\/belonko\/wp-json\/wp\/v2\/pages\/221\/revisions"}],"predecessor-version":[{"id":1130,"href":"https:\/\/semmelweis.hu\/belonko\/wp-json\/wp\/v2\/pages\/221\/revisions\/1130"}],"up":[{"embeddable":true,"href":"https:\/\/semmelweis.hu\/belonko\/wp-json\/wp\/v2\/pages\/130"}],"wp:attachment":[{"href":"https:\/\/semmelweis.hu\/belonko\/wp-json\/wp\/v2\/media?parent=221"}],"wp:term":[{"taxonomy":"category","embeddable":true,"href":"https:\/\/semmelweis.hu\/belonko\/wp-json\/wp\/v2\/categories?post=221"},{"taxonomy":"post_tag","embeddable":true,"href":"https:\/\/semmelweis.hu\/belonko\/wp-json\/wp\/v2\/tags?post=221"}],"curies":[{"name":"wp","href":"https:\/\/api.w.org\/{rel}","templated":true}]}}

Osteodensitometriai laboratórium

<p style="text-align: justify">Az ODM vizsgálat kizárólag <strong>szakorvosi</strong> (pl: reumatológus, mozgásszervi rehabilitáció, endokrinológus, traumatológus, urológus, ortopédia, nőgyógyász, diabetológus, pajzsmirigy szakorvos, gasztroenterológus-hepatológus, hematológus, onkológus) <strong>beutalóval vehető igénybe. </strong>Háziorvosi beutalóval nem lehet erre a vizsgálatra jelentkezni. </p>
<h4 style="text-align: justify">
<strong>Vizsgálatra jelentkezés: </strong></h4>
<p style="text-align: justify">+36-14591500/51519 mellék, munkanapokon 9.00-13.00 h között időszakban</p>
<h4><strong>Munkatársaink:</strong></h4>
<p><strong>Laborvezető:</strong></p>
<h4><strong>Prof. Dr. Horváth Csaba</strong></h4>
<h4>
<strong>Dr. Mészáros Szilvia</strong></h4>
<p>egyetemi adjunktus</p>
<div class="keretes w-100">
<h4><strong>Asszisztensek:</strong></h4>
<p>Arany Zoltánné<br />
Gálné Szántó Erika<br />
Szabó Erika</p>
<h4><strong>Titkárnő:</strong></h4>
<p>Fébó Tímea</p>
</div>

<p>Az ODM vizsgálat kizárólag szakorvosi (pl: reumatológus, mozgásszervi rehabilitáció, endokrinológus, traumatológus, urológus, ortopédia, nőgyógyász, diabetológus, pajzsmirigy szakorvos, gasztroenterológus-hepatológus, hematológus, onkológus) beutalóval vehető igénybe. Háziorvosi beutalóval nem lehet erre a vizsgálatra jelentkezni.  Vizsgálatra jelentkezés: +36-14591500/51519 mellék, munkanapokon 9.00-13.00 h között időszakban Munkatársaink: Laborvezető: Prof. Dr. Horváth Csaba Dr. Mészáros Szilvia egyetemi adjunktus Asszisztensek: Arany Zoltánné Gálné &hellip;</p>
