{"id":200,"date":"2023-04-04T13:05:40","date_gmt":"2023-04-04T11:05:40","guid":{"rendered":"https:\/\/semmelweis.hu\/belonko\/?page_id=200"},"modified":"2025-02-17T19:11:03","modified_gmt":"2025-02-17T18:11:03","slug":"izotop-laboratorium","status":"publish","type":"page","link":"https:\/\/semmelweis.hu\/belonko\/szakrendelesek\/izotop-laboratorium\/","title":{"rendered":"Izot\u00f3p laborat\u00f3rium"},"content":{"rendered":"<p style=\"text-align: justify\">Az Izot\u00f3p laborat\u00f3rium a pajzsmirigy t\u00falm\u0171k\u00f6d\u00e9s\u00e9nek, a pajzsmirigy rosszindulat\u00fa daganatainak, a k\u00fcl\u00f6nf\u00e9le rosszindulat\u00fa daganatok csont\u00e1tt\u00e9t\u00e9nek \u00e9s bizonyos nyirokrendszeri tumorok (lymphom\u00e1k) radioakt\u00edv izot\u00f3pos kezel\u00e9s\u00e9t v\u00e9gzi orsz\u00e1gos hat\u00e1sk\u00f6rrel.<\/p>\n<h4><strong>A laborat\u00f3rium vezet\u0151je:<\/strong><\/h4>\n<h4>Dr. Lakatos P\u00e9ter egyetemi tan\u00e1r<\/h4>\n<h4>\n<strong>Munkat\u00e1rsak:<\/strong><\/h4>\n<div class=\"keretes w-100\">\n<h4>Dr. Putz Zsuzsanna egyetemi docens<\/h4>\n<h4>Dr. Reismann P\u00e9ter egyetemi docens<\/h4>\n<h4>Dr. Szili Bal\u00e1zs egyetemi tan\u00e1rseg\u00e9d<\/h4>\n<h4>Dr. Bakos Bence egyetemi adjunktus<\/h4>\n<\/div>\n<h4>\n<strong>Asszisztensek:<\/strong><\/h4>\n<p>Ber\u00e9nyi Bogl\u00e1rka, Inform\u00e1ci\u00f3: 06-20-663-2160<\/p>\n<p>K\u00e9pes Andrea: <span style=\"font-size: 1rem\">06-20-825-9880<\/span><\/p>\n<p><span data-olk-copy-source=\"MessageBody\">Oroszi Gy\u00f6ngyi: 06-20-825-8693<\/span><\/p>\n<p style=\"text-align: justify\">H\u00e1zon bel\u00fcli elhelyezked\u00e9s:\u00a0Az izot\u00f3pdiagnosztikai laborat\u00f3rium az alagsor bal oldal (kelet) fel\u00e9 es\u0151 sz\u00e1rny\u00e1ban tal\u00e1lhat\u00f3. Megk\u00f6zel\u00edt\u00e9se a\u00a03. l\u00e9pcs\u0151h\u00e1zon\u00a0\u00e1t t\u00f6rt\u00e9nhet. Akad\u00e1lymentes megk\u00f6zel\u00edt\u00e9s az\u00a0&#8222;A&#8221; lift\u00a0seg\u00edts\u00e9g\u00e9vel lehets\u00e9ges, k\u00e9rj\u00fck seg\u00edts\u00e9g\u00e9rt forduljon a recepci\u00f3s koll\u00e9g\u00e1hoz<\/p>\n","protected":false},"excerpt":{"rendered":"<p>Az Izot\u00f3p laborat\u00f3rium a pajzsmirigy t\u00falm\u0171k\u00f6d\u00e9s\u00e9nek, a pajzsmirigy rosszindulat\u00fa daganatainak, a k\u00fcl\u00f6nf\u00e9le rosszindulat\u00fa daganatok csont\u00e1tt\u00e9t\u00e9nek \u00e9s bizonyos nyirokrendszeri tumorok (lymphom\u00e1k) radioakt\u00edv izot\u00f3pos kezel\u00e9s\u00e9t v\u00e9gzi orsz\u00e1gos hat\u00e1sk\u00f6rrel. A laborat\u00f3rium vezet\u0151je: Dr. Lakatos P\u00e9ter egyetemi tan\u00e1r Munkat\u00e1rsak: Dr. Putz Zsuzsanna egyetemi docens Dr. Reismann P\u00e9ter egyetemi docens Dr. Szili Bal\u00e1zs egyetemi tan\u00e1rseg\u00e9d Dr. Bakos Bence egyetemi adjunktus &hellip;<\/p>\n","protected":false},"author":101739,"featured_media":0,"parent":130,"menu_order":8,"comment_status":"closed","ping_status":"closed","template":"","meta":{"_acf_changed":false,"footnotes":""},"categories":[],"tags":[],"class_list":["post-200","page","type-page","status-publish","hentry"],"acf":[],"_links":{"self":[{"href":"https:\/\/semmelweis.hu\/belonko\/wp-json\/wp\/v2\/pages\/200","targetHints":{"allow":["GET"]}}],"collection":[{"href":"https:\/\/semmelweis.hu\/belonko\/wp-json\/wp\/v2\/pages"}],"about":[{"href":"https:\/\/semmelweis.hu\/belonko\/wp-json\/wp\/v2\/types\/page"}],"author":[{"embeddable":true,"href":"https:\/\/semmelweis.hu\/belonko\/wp-json\/wp\/v2\/users\/101739"}],"replies":[{"embeddable":true,"href":"https:\/\/semmelweis.hu\/belonko\/wp-json\/wp\/v2\/comments?post=200"}],"version-history":[{"count":8,"href":"https:\/\/semmelweis.hu\/belonko\/wp-json\/wp\/v2\/pages\/200\/revisions"}],"predecessor-version":[{"id":1882,"href":"https:\/\/semmelweis.hu\/belonko\/wp-json\/wp\/v2\/pages\/200\/revisions\/1882"}],"up":[{"embeddable":true,"href":"https:\/\/semmelweis.hu\/belonko\/wp-json\/wp\/v2\/pages\/130"}],"wp:attachment":[{"href":"https:\/\/semmelweis.hu\/belonko\/wp-json\/wp\/v2\/media?parent=200"}],"wp:term":[{"taxonomy":"category","embeddable":true,"href":"https:\/\/semmelweis.hu\/belonko\/wp-json\/wp\/v2\/categories?post=200"},{"taxonomy":"post_tag","embeddable":true,"href":"https:\/\/semmelweis.hu\/belonko\/wp-json\/wp\/v2\/tags?post=200"}],"curies":[{"name":"wp","href":"https:\/\/api.w.org\/{rel}","templated":true}]}}

Izotóp laboratórium

<p style="text-align: justify">Az Izotóp laboratórium a pajzsmirigy túlműködésének, a pajzsmirigy rosszindulatú daganatainak, a különféle rosszindulatú daganatok csontáttétének és bizonyos nyirokrendszeri tumorok (lymphomák) radioaktív izotópos kezelését végzi országos hatáskörrel.</p>
<h4><strong>A laboratórium vezetője:</strong></h4>
<h4>Dr. Lakatos Péter egyetemi tanár</h4>
<h4>
<strong>Munkatársak:</strong></h4>
<div class="keretes w-100">
<h4>Dr. Putz Zsuzsanna egyetemi docens</h4>
<h4>Dr. Reismann Péter egyetemi docens</h4>
<h4>Dr. Szili Balázs egyetemi tanársegéd</h4>
<h4>Dr. Bakos Bence egyetemi adjunktus</h4>
</div>
<h4>
<strong>Asszisztensek:</strong></h4>
<p>Berényi Boglárka, Információ: 06-20-663-2160</p>
<p>Képes Andrea: <span style="font-size: 1rem">06-20-825-9880</span></p>
<p><span data-olk-copy-source="MessageBody">Oroszi Gyöngyi: 06-20-825-8693</span></p>
<p style="text-align: justify">Házon belüli elhelyezkedés: Az izotópdiagnosztikai laboratórium az alagsor bal oldal (kelet) felé eső szárnyában található. Megközelítése a 3. lépcsőházon át történhet. Akadálymentes megközelítés az &#8222;A&#8221; lift segítségével lehetséges, kérjük segítségért forduljon a recepciós kollégához</p>

<p>Az Izotóp laboratórium a pajzsmirigy túlműködésének, a pajzsmirigy rosszindulatú daganatainak, a különféle rosszindulatú daganatok csontáttétének és bizonyos nyirokrendszeri tumorok (lymphomák) radioaktív izotópos kezelését végzi országos hatáskörrel. A laboratórium vezetője: Dr. Lakatos Péter egyetemi tanár Munkatársak: Dr. Putz Zsuzsanna egyetemi docens Dr. Reismann Péter egyetemi docens Dr. Szili Balázs egyetemi tanársegéd Dr. Bakos Bence egyetemi adjunktus &hellip;</p>
