{"id":197,"date":"2023-04-04T13:03:57","date_gmt":"2023-04-04T11:03:57","guid":{"rendered":"https:\/\/semmelweis.hu\/belonko\/?page_id=197"},"modified":"2025-11-28T17:52:28","modified_gmt":"2025-11-28T16:52:28","slug":"hepatologiai-szakrendeles","status":"publish","type":"page","link":"https:\/\/semmelweis.hu\/belonko\/szakrendelesek\/hepatologiai-szakrendeles\/","title":{"rendered":"Hepatol\u00f3giai szakrendel\u00e9s"},"content":{"rendered":"<p>&nbsp;<\/p>\n<p style=\"text-align: justify\"><div class=\"responsive-tabs\">\n<h2 class=\"tabtitle\">Id\u0151pontk\u00e9r\u00e9s<\/h2>\n<div class=\"tabcontent\">\n<\/p>\n<h2>Id\u0151pontk\u00e9r\u00e9s:<\/h2>\n<p>&nbsp;<\/p>\n<div class=\"fontos_div\">\n<p><span style=\"font-size: 18pt\"><strong>Szakrendel\u00e9seinkre h\u00e1ziorvosi beutal\u00f3 sz\u00fcks\u00e9ges<\/strong><\/span><\/p>\n<\/div>\n<p>&nbsp;<\/p>\n\n<\/div><h2 class=\"tabtitle\">Rendel\u00e9si id\u0151<\/h2>\n<div class=\"tabcontent\">\n\n<h4><strong>Dr. T\u00f3th Tam\u00e1s<\/strong><\/h4>\n<p>ID\u0150PONTK\u00c9R\u00c9S: Dr. T\u00f3th Tam\u00e1ssal telefonon t\u00f6rt\u00e9nt egyeztet\u00e9s alapj\u00e1n.\u00a0<\/p>\n<p>+36-1-4591500\/51500 (a Klinika k\u00f6zponti sz\u00e1ma)<\/p>\n<p>Rendel\u00e9si id\u0151: h\u00e9tf\u0151-p\u00e9ntek: 8:00-12:00 h<br \/>\nRendel\u00e9s helye: alagsor<\/p>\n<h4><strong>Dr. Folhoffer Anik\u00f3<\/strong><\/h4>\n<p>ID\u0150PONTK\u00c9R\u00c9S:\u00a0<b style=\"font-size: 1rem\">drfolhofferaniko@gmail.com<\/b><\/p>\n<div class=\"x_elementToProof\"><strong>K\u00e9rj\u00fck az email-ben jelezni:<\/strong><\/div>\n<ul>\n<li>\n<div class=\"x_elementToProof\">visszaj\u00e1r\u00f3 vagy \u00faj beteg\u00a0<\/div>\n<\/li>\n<li>\n<div class=\"x_elementToProof\">beutal\u00f3ja szerint s\u00fcrg\u0151s ell\u00e1t\u00e1st k\u00e9rnek-e<\/div>\n<\/li>\n<li>\n<div class=\"x_elementToProof\">mi a panasza r\u00f6viden<\/div>\n<\/li>\n<li>telefonsz\u00e1m<\/li>\n<\/ul>\n<p>Rendel\u00e9si id\u0151: kedd: 9:00-14:00, cs\u00fct\u00f6rt\u00f6k: 9:00-14:00<br \/>\nRendel\u00e9s helye: gasztroenterol\u00f3giai ambulancia<\/p>\n<h4><span style=\"font-weight: bolder\">Dr. N\u00e9meth D\u00e1niel<\/span><\/h4>\n<p>ID\u0150PONTK\u00c9R\u00c9S: \u00daj betegek: +36-1-4591500\/51590, 8-13.00 h k\u00f6z\u00f6tt vagy EESZT-ben<\/p>\n<div data-olk-copy-source=\"MessageBody\">Rendel\u00e9si id\u0151: H\u00e9tf\u0151: 10-15 h (\u00faj betegek) P\u00e9ntek: 11-15 h (kontrollra \u00e9rkez\u0151k)<\/div>\n<div>\u00a0<\/div>\n<h2>K\u00f6zrem\u0171k\u00f6d\u0151k:\u00a0<\/h2>\n<h4><strong>Dr. Krolopp Anna<\/strong><\/h4>\n<div class=\"keretes w-100\">\n<h4><strong>Asszisztensek:<\/strong><\/h4>\n<\/div>\n\n<\/div><h2 class=\"tabtitle\">Bemutatkoz\u00e1s<\/h2>\n<div class=\"tabcontent\">\n\n<p style=\"text-align: justify\"><strong>Bemutatkoz\u00e1s:<\/strong>\u00a0A jelent\u0151s hagyom\u00e1nyokkal rendelkez\u0151, a NEAK \u00e1ltal regisztr\u00e1lt \u00e9s befogadott hepatol\u00f3giai centrumban nagy tapasztalat\u00fa gasztroenterol\u00f3gus hepatol\u00f3gus szakorvosok v\u00e9gzik a m\u00e1jbetegek ell\u00e1t\u00e1s\u00e1t. Az el\u0151zetes h\u00e1ziorvosi vagy szakorvosi vizsg\u00e1latok alapj\u00e1n felmer\u00fclt diagnosztikus \u00e9s ter\u00e1pi\u00e1s k\u00e9rd\u00e9sekben ny\u00fajtunk konzult\u00e1ci\u00f3t, v\u00e9gz\u00fcnk sz\u00fcks\u00e9g eset\u00e9n kieg\u00e9sz\u00edt\u0151 vizsg\u00e1latokat. \u00daj gy\u00f3gyszerek bevezet\u00e9s\u00e9t c\u00e9lz\u00f3 nemzetk\u00f6zi tanulm\u00e1nyokban is r\u00e9szt vesz\u00fcnk.<\/p>\n<p><strong>Profilok, vizsg\u00e1latok:<\/strong>\u00a0A kr\u00f3nikus v\u00edrus hepatitises (HCV, HBV) betegek ell\u00e1t\u00e1s\u00e1ban, a m\u00e1jtranszplant\u00e1ci\u00f3 el\u0151k\u00e9sz\u00edt\u00e9s\u00e9ben nagy tapasztalattal rendelkez\u00fcnk. A ritka betegs\u00e9gek ter\u00e9n is tudunk seg\u00edts\u00e9get ny\u00fajtani. Kiemelt profil a Wilson k\u00f3r, de sz\u00e1mos hemochromatosisos beteget is kezel\u00fcnk. Az egyre gyakoribb nem-alkoholos steatohepetitises (NASH) betegek ell\u00e1t\u00e1s\u00e1t, \u00e9s a m\u00e1jr\u00e1k diagnosztik\u00e1j\u00e1t is v\u00e9gezz\u00fck.<\/p>\n<p>&nbsp;<\/p>\n","protected":false},"excerpt":{"rendered":"<p>&nbsp; Id\u0151pontk\u00e9r\u00e9s: &nbsp; Szakrendel\u00e9seinkre h\u00e1ziorvosi beutal\u00f3 sz\u00fcks\u00e9ges &nbsp; Dr. T\u00f3th Tam\u00e1s ID\u0150PONTK\u00c9R\u00c9S: Dr. T\u00f3th Tam\u00e1ssal telefonon t\u00f6rt\u00e9nt egyeztet\u00e9s alapj\u00e1n.\u00a0 +36-1-4591500\/51500 (a Klinika k\u00f6zponti sz\u00e1ma) Rendel\u00e9si id\u0151: h\u00e9tf\u0151-p\u00e9ntek: 8:00-12:00 h Rendel\u00e9s helye: alagsor Dr. Folhoffer Anik\u00f3 ID\u0150PONTK\u00c9R\u00c9S:\u00a0drfolhofferaniko@gmail.com K\u00e9rj\u00fck az email-ben jelezni: visszaj\u00e1r\u00f3 vagy \u00faj beteg\u00a0 beutal\u00f3ja szerint s\u00fcrg\u0151s ell\u00e1t\u00e1st k\u00e9rnek-e mi a panasza r\u00f6viden telefonsz\u00e1m Rendel\u00e9si &hellip;<\/p>\n","protected":false},"author":101739,"featured_media":0,"parent":130,"menu_order":7,"comment_status":"closed","ping_status":"closed","template":"","meta":{"_acf_changed":false,"footnotes":""},"categories":[],"tags":[],"class_list":["post-197","page","type-page","status-publish","hentry"],"acf":[],"_links":{"self":[{"href":"https:\/\/semmelweis.hu\/belonko\/wp-json\/wp\/v2\/pages\/197","targetHints":{"allow":["GET"]}}],"collection":[{"href":"https:\/\/semmelweis.hu\/belonko\/wp-json\/wp\/v2\/pages"}],"about":[{"href":"https:\/\/semmelweis.hu\/belonko\/wp-json\/wp\/v2\/types\/page"}],"author":[{"embeddable":true,"href":"https:\/\/semmelweis.hu\/belonko\/wp-json\/wp\/v2\/users\/101739"}],"replies":[{"embeddable":true,"href":"https:\/\/semmelweis.hu\/belonko\/wp-json\/wp\/v2\/comments?post=197"}],"version-history":[{"count":11,"href":"https:\/\/semmelweis.hu\/belonko\/wp-json\/wp\/v2\/pages\/197\/revisions"}],"predecessor-version":[{"id":3132,"href":"https:\/\/semmelweis.hu\/belonko\/wp-json\/wp\/v2\/pages\/197\/revisions\/3132"}],"up":[{"embeddable":true,"href":"https:\/\/semmelweis.hu\/belonko\/wp-json\/wp\/v2\/pages\/130"}],"wp:attachment":[{"href":"https:\/\/semmelweis.hu\/belonko\/wp-json\/wp\/v2\/media?parent=197"}],"wp:term":[{"taxonomy":"category","embeddable":true,"href":"https:\/\/semmelweis.hu\/belonko\/wp-json\/wp\/v2\/categories?post=197"},{"taxonomy":"post_tag","embeddable":true,"href":"https:\/\/semmelweis.hu\/belonko\/wp-json\/wp\/v2\/tags?post=197"}],"curies":[{"name":"wp","href":"https:\/\/api.w.org\/{rel}","templated":true}]}}

Hepatológiai szakrendelés

<p>&nbsp;</p>
<p style="text-align: justify"><div class="responsive-tabs">
<h2 class="tabtitle">Időpontkérés</h2>
<div class="tabcontent">
</p>
<h2>Időpontkérés:</h2>
<p>&nbsp;</p>
<div class="fontos_div">
<p><span style="font-size: 18pt"><strong>Szakrendeléseinkre háziorvosi beutaló szükséges</strong></span></p>
</div>
<p>&nbsp;</p>

</div><h2 class="tabtitle">Rendelési idő</h2>
<div class="tabcontent">

<h4><strong>Dr. Tóth Tamás</strong></h4>
<p>IDŐPONTKÉRÉS: Dr. Tóth Tamással telefonon történt egyeztetés alapján. </p>
<p>+36-1-4591500/51500 (a Klinika központi száma)</p>
<p>Rendelési idő: hétfő-péntek: 8:00-12:00 h<br />
Rendelés helye: alagsor</p>
<h4><strong>Dr. Folhoffer Anikó</strong></h4>
<p>IDŐPONTKÉRÉS: <b style="font-size: 1rem">drfolhofferaniko@gmail.com</b></p>
<div class="x_elementToProof"><strong>Kérjük az email-ben jelezni:</strong></div>
<ul>
<li>
<div class="x_elementToProof">visszajáró vagy új beteg </div>
</li>
<li>
<div class="x_elementToProof">beutalója szerint sürgős ellátást kérnek-e</div>
</li>
<li>
<div class="x_elementToProof">mi a panasza röviden</div>
</li>
<li>telefonszám</li>
</ul>
<p>Rendelési idő: kedd: 9:00-14:00, csütörtök: 9:00-14:00<br />
Rendelés helye: gasztroenterológiai ambulancia</p>
<h4><span style="font-weight: bolder">Dr. Németh Dániel</span></h4>
<p>IDŐPONTKÉRÉS: Új betegek: +36-1-4591500/51590, 8-13.00 h között vagy EESZT-ben</p>
<div data-olk-copy-source="MessageBody">Rendelési idő: Hétfő: 10-15 h (új betegek) Péntek: 11-15 h (kontrollra érkezők)</div>
<div> </div>
<h2>Közreműködők: </h2>
<h4><strong>Dr. Krolopp Anna</strong></h4>
<div class="keretes w-100">
<h4><strong>Asszisztensek:</strong></h4>
</div>

</div><h2 class="tabtitle">Bemutatkozás</h2>
<div class="tabcontent">

<p style="text-align: justify"><strong>Bemutatkozás:</strong> A jelentős hagyományokkal rendelkező, a NEAK által regisztrált és befogadott hepatológiai centrumban nagy tapasztalatú gasztroenterológus hepatológus szakorvosok végzik a májbetegek ellátását. Az előzetes háziorvosi vagy szakorvosi vizsgálatok alapján felmerült diagnosztikus és terápiás kérdésekben nyújtunk konzultációt, végzünk szükség esetén kiegészítő vizsgálatokat. Új gyógyszerek bevezetését célzó nemzetközi tanulmányokban is részt veszünk.</p>
<p><strong>Profilok, vizsgálatok:</strong> A krónikus vírus hepatitises (HCV, HBV) betegek ellátásában, a májtranszplantáció előkészítésében nagy tapasztalattal rendelkezünk. A ritka betegségek terén is tudunk segítséget nyújtani. Kiemelt profil a Wilson kór, de számos hemochromatosisos beteget is kezelünk. Az egyre gyakoribb nem-alkoholos steatohepetitises (NASH) betegek ellátását, és a májrák diagnosztikáját is végezzük.</p>
<p>&nbsp;</p>

<p>&nbsp; Időpontkérés: &nbsp; Szakrendeléseinkre háziorvosi beutaló szükséges &nbsp; Dr. Tóth Tamás IDŐPONTKÉRÉS: Dr. Tóth Tamással telefonon történt egyeztetés alapján.  +36-1-4591500/51500 (a Klinika központi száma) Rendelési idő: hétfő-péntek: 8:00-12:00 h Rendelés helye: alagsor Dr. Folhoffer Anikó IDŐPONTKÉRÉS: drfolhofferaniko@gmail.com Kérjük az email-ben jelezni: visszajáró vagy új beteg  beutalója szerint sürgős ellátást kérnek-e mi a panasza röviden telefonszám Rendelési &hellip;</p>
