{"id":194,"date":"2023-04-04T13:01:16","date_gmt":"2023-04-04T11:01:16","guid":{"rendered":"https:\/\/semmelweis.hu\/belonko\/?page_id=194"},"modified":"2023-05-05T21:54:53","modified_gmt":"2023-05-05T19:54:53","slug":"hemosztazis-szakrendeles","status":"publish","type":"page","link":"https:\/\/semmelweis.hu\/belonko\/szakrendelesek\/hemosztazis-szakrendeles\/","title":{"rendered":"Hemoszt\u00e1zis szakrendel\u00e9s"},"content":{"rendered":"<div class=\"responsive-tabs\">\n<h2 class=\"tabtitle\">Id\u0151pontk\u00e9r\u00e9s<\/h2>\n<div class=\"tabcontent\">\n\n<h2>Id\u0151pontk\u00e9r\u00e9s:\u00a0<\/h2>\n<p>H\u00e1ziorvosi beutal\u00f3, szakorvosi beutal\u00f3 sz\u00fcks\u00e9ges<\/p>\n<p>El\u0151jegyz\u00e9s: Rojer Andrea: +36-30-500-22-99<\/p>\n<p><strong>H\u00e1zon bel\u00fcli megk\u00f6zel\u00edt\u00e9s:<\/strong><br \/>\nA hemoszt\u00e1zis szakrendel\u00e9s a f\u00f6ldszinten, a f\u0151bej\u00e1rat fel\u0151l n\u00e9zve a bal k\u00e9z fel\u00e9 es\u0151 (nyugati) sz\u00e1rnyban tal\u00e1lhat\u00f3.<\/p>\n<p><strong>Ell\u00e1tott betegek \u00e9s f\u00f6ldrajzi ter\u00fclet:<\/strong><br \/>\nA Klinika ell\u00e1t\u00e1si ter\u00fclet\u00e9r\u0151l \u00e9rkez\u0151 betegek. Az Egyetem szervezeti egys\u00e9geib\u0151l, szakmailag ide tartoz\u00f3 indokolt esetek.<\/p>\n\n<\/div><h2 class=\"tabtitle\">Rendel\u00e9si id\u0151<\/h2>\n<div class=\"tabcontent\">\n\n<h4><strong>Dr. Domj\u00e1n Gyula<\/strong><\/h4>\n<p>Rendel\u00e9si id\u0151: kedd: 10:00-12:00; cs\u00fct\u00f6rt\u00f6k: 7:30-10:00<br \/>\nRendel\u00e9s helye: kedd: ambulancia 1. vizsg\u00e1l\u00f3,<br \/>\ncs\u00fct\u00f6rt\u00f6k: ambulancia 2. vizsg\u00e1l\u00f3 (magasf\u00f6ldszint)<\/p>\n\n<\/div><h2 class=\"tabtitle\">Bemutatkoz\u00e1s<\/h2>\n<div class=\"tabcontent\">\n\n<p>A Haemostasis rendel\u00e9s komplex m\u00f3don foglalkozik a v\u00e9ralvad\u00e1s zavaraival, a v\u00e9rz\u00e9sekkel \u00e9s a tromb\u00f3zisokkal. A v\u00e9ralvad\u00e1ssal kapcsolatban nagyon sok megbeteged\u00e9s alakul ki, amelyek sz\u00e1mos szakter\u00fcletet \u00e9rintenek. T\u00f6bb olyan megbeteged\u00e9s van, amelynek kialakul\u00e1sa \u00f6sszef\u00fcgg\u00e9sben van a fokozott alvad\u00e9konys\u00e1ggal, melynek r\u00e9szben velesz\u00fcletett, r\u00e9szben szerzett okai lehetnek. Az ambulanci\u00e1n foglalkozunk e ter\u00fclet laborat\u00f3riumi diagn\u00f3zis\u00e1val, javaslatot tesz\u00fcnk a gy\u00f3gykezel\u00e9sre. Foglalkozunk a habitu\u00e1lis vet\u00e9l\u00e9sek diagnosztik\u00e1j\u00e1val illetve ter\u00e1pi\u00e1j\u00e1val.<\/p>\n<p><strong>Elv\u00e9gzett vizsg\u00e1latok \u00e9s profilok:<\/strong><br \/>\nA vizsg\u00e1latok k\u00f6z\u00f6tt m\u00f3d \u00e9s lehet\u0151s\u00e9g ny\u00edlik, ak\u00e1r a legkorszer\u0171bb diagnosztikus laborat\u00f3riumi vizsg\u00e1latok elv\u00e9gz\u00e9s\u00e9re term\u00e9szetesen a szakmai ig\u00e9nyeknek megfelel\u0151en. Az ambulanci\u00e1nkon elv\u00e9gzett vizsg\u00e1latok finansz\u00edroz\u00e1sa a Klinika ter\u00fclet\u00e9hez tartoz\u00f3 betegekre, illetve a specifikus ell\u00e1t\u00e1st ig\u00e9nyl\u0151 betegek vizsg\u00e1lat\u00e1ra vonatkozik. Sz\u00e1mos beteg keresi fel ambulanci\u00e1nkat \u00e9s ez\u00e9rt a vizsg\u00e1latok elv\u00e9gz\u00e9s\u00e9nek sorrendj\u00e9ben illetve a finansz\u00edroz\u00e1s k\u00e9rd\u00e9s\u00e9ben k\u00fcl\u00f6nb\u00f6z\u0151 felt\u00e9teleket kell alkalmazni.<\/p>\n<\/div><\/div>\n","protected":false},"excerpt":{"rendered":"<p>Id\u0151pontk\u00e9r\u00e9s:\u00a0 H\u00e1ziorvosi beutal\u00f3, szakorvosi beutal\u00f3 sz\u00fcks\u00e9ges El\u0151jegyz\u00e9s: Rojer Andrea: +36-30-500-22-99 H\u00e1zon bel\u00fcli megk\u00f6zel\u00edt\u00e9s: A hemoszt\u00e1zis szakrendel\u00e9s a f\u00f6ldszinten, a f\u0151bej\u00e1rat fel\u0151l n\u00e9zve a bal k\u00e9z fel\u00e9 es\u0151 (nyugati) sz\u00e1rnyban tal\u00e1lhat\u00f3. Ell\u00e1tott betegek \u00e9s f\u00f6ldrajzi ter\u00fclet: A Klinika ell\u00e1t\u00e1si ter\u00fclet\u00e9r\u0151l \u00e9rkez\u0151 betegek. Az Egyetem szervezeti egys\u00e9geib\u0151l, szakmailag ide tartoz\u00f3 indokolt esetek. Dr. Domj\u00e1n Gyula Rendel\u00e9si id\u0151: &hellip;<\/p>\n","protected":false},"author":101739,"featured_media":0,"parent":130,"menu_order":6,"comment_status":"closed","ping_status":"closed","template":"","meta":{"_acf_changed":false,"footnotes":""},"categories":[],"tags":[],"class_list":["post-194","page","type-page","status-publish","hentry"],"acf":[],"_links":{"self":[{"href":"https:\/\/semmelweis.hu\/belonko\/wp-json\/wp\/v2\/pages\/194","targetHints":{"allow":["GET"]}}],"collection":[{"href":"https:\/\/semmelweis.hu\/belonko\/wp-json\/wp\/v2\/pages"}],"about":[{"href":"https:\/\/semmelweis.hu\/belonko\/wp-json\/wp\/v2\/types\/page"}],"author":[{"embeddable":true,"href":"https:\/\/semmelweis.hu\/belonko\/wp-json\/wp\/v2\/users\/101739"}],"replies":[{"embeddable":true,"href":"https:\/\/semmelweis.hu\/belonko\/wp-json\/wp\/v2\/comments?post=194"}],"version-history":[{"count":10,"href":"https:\/\/semmelweis.hu\/belonko\/wp-json\/wp\/v2\/pages\/194\/revisions"}],"predecessor-version":[{"id":1095,"href":"https:\/\/semmelweis.hu\/belonko\/wp-json\/wp\/v2\/pages\/194\/revisions\/1095"}],"up":[{"embeddable":true,"href":"https:\/\/semmelweis.hu\/belonko\/wp-json\/wp\/v2\/pages\/130"}],"wp:attachment":[{"href":"https:\/\/semmelweis.hu\/belonko\/wp-json\/wp\/v2\/media?parent=194"}],"wp:term":[{"taxonomy":"category","embeddable":true,"href":"https:\/\/semmelweis.hu\/belonko\/wp-json\/wp\/v2\/categories?post=194"},{"taxonomy":"post_tag","embeddable":true,"href":"https:\/\/semmelweis.hu\/belonko\/wp-json\/wp\/v2\/tags?post=194"}],"curies":[{"name":"wp","href":"https:\/\/api.w.org\/{rel}","templated":true}]}}

Hemosztázis szakrendelés

<div class="responsive-tabs">
<h2 class="tabtitle">Időpontkérés</h2>
<div class="tabcontent">

<h2>Időpontkérés: </h2>
<p>Háziorvosi beutaló, szakorvosi beutaló szükséges</p>
<p>Előjegyzés: Rojer Andrea: +36-30-500-22-99</p>
<p><strong>Házon belüli megközelítés:</strong><br />
A hemosztázis szakrendelés a földszinten, a főbejárat felől nézve a bal kéz felé eső (nyugati) szárnyban található.</p>
<p><strong>Ellátott betegek és földrajzi terület:</strong><br />
A Klinika ellátási területéről érkező betegek. Az Egyetem szervezeti egységeiből, szakmailag ide tartozó indokolt esetek.</p>

</div><h2 class="tabtitle">Rendelési idő</h2>
<div class="tabcontent">

<h4><strong>Dr. Domján Gyula</strong></h4>
<p>Rendelési idő: kedd: 10:00-12:00; csütörtök: 7:30-10:00<br />
Rendelés helye: kedd: ambulancia 1. vizsgáló,<br />
csütörtök: ambulancia 2. vizsgáló (magasföldszint)</p>

</div><h2 class="tabtitle">Bemutatkozás</h2>
<div class="tabcontent">

<p>A Haemostasis rendelés komplex módon foglalkozik a véralvadás zavaraival, a vérzésekkel és a trombózisokkal. A véralvadással kapcsolatban nagyon sok megbetegedés alakul ki, amelyek számos szakterületet érintenek. Több olyan megbetegedés van, amelynek kialakulása összefüggésben van a fokozott alvadékonysággal, melynek részben veleszületett, részben szerzett okai lehetnek. Az ambulancián foglalkozunk e terület laboratóriumi diagnózisával, javaslatot teszünk a gyógykezelésre. Foglalkozunk a habituális vetélések diagnosztikájával illetve terápiájával.</p>
<p><strong>Elvégzett vizsgálatok és profilok:</strong><br />
A vizsgálatok között mód és lehetőség nyílik, akár a legkorszerűbb diagnosztikus laboratóriumi vizsgálatok elvégzésére természetesen a szakmai igényeknek megfelelően. Az ambulanciánkon elvégzett vizsgálatok finanszírozása a Klinika területéhez tartozó betegekre, illetve a specifikus ellátást igénylő betegek vizsgálatára vonatkozik. Számos beteg keresi fel ambulanciánkat és ezért a vizsgálatok elvégzésének sorrendjében illetve a finanszírozás kérdésében különböző feltételeket kell alkalmazni.</p>
</div></div>

<p>Időpontkérés:  Háziorvosi beutaló, szakorvosi beutaló szükséges Előjegyzés: Rojer Andrea: +36-30-500-22-99 Házon belüli megközelítés: A hemosztázis szakrendelés a földszinten, a főbejárat felől nézve a bal kéz felé eső (nyugati) szárnyban található. Ellátott betegek és földrajzi terület: A Klinika ellátási területéről érkező betegek. Az Egyetem szervezeti egységeiből, szakmailag ide tartozó indokolt esetek. Dr. Domján Gyula Rendelési idő: &hellip;</p>
