{"id":188,"date":"2023-04-04T12:48:37","date_gmt":"2023-04-04T10:48:37","guid":{"rendered":"https:\/\/semmelweis.hu\/belonko\/?page_id=188"},"modified":"2026-04-24T07:54:50","modified_gmt":"2026-04-24T05:54:50","slug":"gasztroenterologiai-ambulancia","status":"publish","type":"page","link":"https:\/\/semmelweis.hu\/belonko\/szakrendelesek\/gasztroenterologiai-ambulancia\/","title":{"rendered":"Gasztroenterol\u00f3giai ambulancia"},"content":{"rendered":"<div class=\"responsive-tabs\">\n<h2 class=\"tabtitle\">Id\u0151pontk\u00e9r\u00e9s<\/h2>\n<div class=\"tabcontent\">\n\n<h2>Id\u0151pontk\u00e9r\u00e9s:\u00a0<\/h2>\n<div class=\"fontos_div\">\n<p><span style=\"font-size: 18pt\"><strong>Szakrendel\u00e9seinkre h\u00e1ziorvosi beutal\u00f3 sz\u00fcks\u00e9ges. <\/strong><\/span><\/p>\n<\/div>\n<h4><span style=\"font-size: 1rem\"><strong>G<\/strong><\/span><strong style=\"font-size: 1rem\">astroenterol\u00f3giai szakvizsg\u00e1lat<\/strong><span style=\"font-size: 1rem\">:<\/span><\/h4>\n<h4><strong>Dr. Papp J\u00e1nos:<\/strong><\/h4>\n<p>+36-1-4591500\/51574-es mell\u00e9ken, <br \/>\nH-Cs: 8.00-10.00 h k\u00f6z\u00f6tt\u00a0<\/p>\n<h4><strong>Dr. Folhoffer anik\u00f3:<\/strong><\/h4>\n<p>ID\u0150PONTK\u00c9R\u00c9S:\u00a0<b style=\"font-size: 1rem\">drfolhofferaniko@gmail.com<\/b><\/p>\n<div class=\"x_elementToProof\"><strong>K\u00e9rj\u00fck az email-ben jelezni:<\/strong><\/div>\n<ul>\n<li>\n<div class=\"x_elementToProof\">visszaj\u00e1r\u00f3 vagy \u00faj beteg\u00a0<\/div>\n<\/li>\n<li>\n<div class=\"x_elementToProof\">beutal\u00f3ja szerint s\u00fcrg\u0151s ell\u00e1t\u00e1st k\u00e9rnek-e<\/div>\n<\/li>\n<li>\n<div class=\"x_elementToProof\">mi a panasza r\u00f6viden<\/div>\n<\/li>\n<li>telefonsz\u00e1m<\/li>\n<\/ul>\n<h4><strong>Dr. Ili\u00e1s \u00c1kos:\u00a0<\/strong><\/h4>\n<p>+36-1-459-1500\/51590 H-P: 11.00-13.00 h k\u00f6z\u00f6t<br \/>\nH-P: 13.00-15.00\u00a0 h\u00a0<\/p>\n<h4><strong>Dr. Moln\u00e1r B\u00e9la:<\/strong>\u00a0<\/h4>\n<p>+36-20-663-2130<\/p>\n<h4><strong>Dr. Rom\u00e1n Edit:\u00a0<\/strong><\/h4>\n<p>+36-1-459-1500\/51590 H-P: 11.00-13.00 h k\u00f6z\u00f6tt<\/p>\n<h4><strong>DR. BARKAI L\u00c1SZL\u00d3<\/strong><\/h4>\n<p>+36-1-459-1500\/51590 H-P: 11.00-13.00 h k\u00f6z\u00f6tt<\/p>\n<p>&nbsp;<\/p>\n<h4><strong>Eszk\u00f6z\u00f6s vizsg\u00e1latok el\u0151jegyz\u00e9se:<\/strong><\/h4>\n<p>Szakmailag indokolt esetben az endoszk\u00f3pos laborat\u00f3rium telefonsz\u00e1m\u00e1n: <strong>+36-1-4591500\/51573 mell\u00e9k.<\/strong><\/p>\n<p><strong>A szakrendel\u00e9s h\u00e1zon bel\u00fcli elhelyezked\u00e9se:<\/strong><br \/>\nKlinik\u00e1nk endoszk\u00f3pos laborat\u00f3riuma, valamint a gasztroenterol\u00f3giai szakrendel\u00e9sek a f\u00f6ldszinten, a f\u0151bej\u00e1rat fel\u0151l n\u00e9zve jobb k\u00e9z fel\u00e9 es\u0151 (keleti) \u00e9p\u00fcletsz\u00e1rnyban helyezkednek el<\/p>\n\n<\/div><h2 class=\"tabtitle\">Rendel\u00e9si id\u0151k<\/h2>\n<div class=\"tabcontent\">\n\n<h4><strong>Prof. Dr. Papp J\u00e1nos<\/strong><\/h4>\n<p>Rendel\u00e9si id\u0151: kedd: 8:00-12:00 h\u00a0<br \/>\nRendel\u00e9s helye: I. emelet<\/p>\n<h4><strong>Dr. Ili\u00e1s \u00c1kos<\/strong><\/h4>\n<p>Rendel\u00e9si id\u0151: h\u00e9tf\u0151: 9:00-14:00, szerda: 9:00-14:00 h<br \/>\nEszk\u00f6z\u00f6s vizsg\u00e1lat: kedd: 8.00-14 h cs\u00fct\u00f6rt\u00f6k: 8.00-14.00 h\u00a0<br \/>\nRendel\u00e9s helye: gasztroenterol\u00f3giai ambulancia (magasf\u00f6ldszint)<\/p>\n<h4><strong>Dr. Folhoffer Anik\u00f3<\/strong><\/h4>\n<p>Rendel\u00e9si id\u0151: Kedd: 9:00-14:00, cs\u00fct\u00f6rt\u00f6k: 9:00-14:00 h\u00a0<br \/>\nEszk\u00f6z\u00f6s vizsg\u00e1lat: H\u00e9tf\u0151, szerda: 9.00-14.00 h<br \/>\nRendel\u00e9s helye: gasztroenterol\u00f3giai ambulancia (magasf\u00f6ldszint)<\/p>\n<h4><strong>Dr. Rom\u00e1n Edit<\/strong>\u00a0<\/h4>\n<p>Rendel\u00e9si id\u0151:\u00a0<\/p>\n<ul>\n<li>Szerda: 9-14.00 h<\/li>\n<li>Cs\u00fct\u00f6rt\u00f6k: 9.00-12.00 h<\/li>\n<li>P\u00e9ntek: 10.00-12.00 h<br \/>\nRendel\u00e9s helye: Gasztroenterol\u00f3gia\u00a0<\/li>\n<\/ul>\n<h4><strong>Prof. Dr. Moln\u00e1r B\u00e9la<\/strong><\/h4>\n<p>Rendel\u00e9si id\u0151: P\u00e9ntek: 8:00-10:00 h<br \/>\nEszk\u00f6z\u00f6s vizsg\u00e1lat: P\u00e9ntek: 10.00-14.00 h<br \/>\nRendel\u00e9s helye: alagsor 1. ambul\u00e1ns helyis\u00e9g<\/p>\n<h4><strong>Dr. Barkai l\u00e1szl\u00f3<\/strong>\u00a0<\/h4>\n<p>Rendel\u00e9si id\u0151: Kedd: 12:00-14:00 h, Szerda: 9:00-12:00 h\u00a0<br \/>\nRendel\u00e9s helye: Gasztroenterol\u00f3gia\u00a0<\/p>\n<h4><strong>DR. LAKATOS P\u00c9TER L\u00c1SZL\u00d3 C. EGYETEMI TAN\u00c1R<\/strong><br \/>\n(TART\u00d3S T\u00c1VOLL\u00c9V\u0150)<\/h4>\n<h4><strong>Gasztroenterol\u00f3gus szakorvosjel\u00f6lt:\u00a0<\/strong><\/h4>\n<p>Dr. Lontai Livia belgy\u00f3gy\u00e1sz szakorvos<\/p>\n<p>Dr. S\u00fcmegi Liza belgy\u00f3gy\u00e1sz szakorvos<\/p>\n<h4><strong>Rezidens\/belgy\u00f3gy\u00e1sz szakorvosjel\u00f6lt:<\/strong><\/h4>\n<p>Dr. Angyal Dorottya rezidens<br \/>\n\u00a0<\/p>\n<div class=\"keretes w-100\">\n<h4><strong>Asszisztensek \u00e9s szakdolgoz\u00f3k:<\/strong><\/h4>\n<p>Kecse \u00c9va<br \/>\nG\u00e1sp\u00e1r Szilvia\u00a0<br \/>\nPik\u00e1cs M\u00e1ria IBD ambulancia vezet\u0151 asszisztens<\/p>\n<\/div>\n\n<\/div><h2 class=\"tabtitle\">Bemutatkoz\u00e1s<\/h2>\n<div class=\"tabcontent\">\n\n<p>Papp J\u00e1nos Professzor \u00far \u00e1ltal alap\u00edtott munkacsoportunk a Belgy\u00f3gy\u00e1szati \u00e9s Onkol\u00f3giai Klinik\u00e1n r\u00e9szt vesz a fekv\u0151- \u00e9s j\u00e1r\u00f3beteg ell\u00e1t\u00e1sban, az egyetemi oktat\u00e1sban \u00e9s a postgradu\u00e1lis k\u00e9pz\u00e9sben, valamint a klinik\u00e1nkon foly\u00f3 kutat\u00f3munk\u00e1ban.<\/p>\n<div class=\"fontos_div\">\n<p><strong>Az endoscopos laborban elv\u00e9gezhet\u0151 vizsg\u00e1latok:<\/strong><br \/>\n\u2022 gasztroszk\u00f3pia, polypectomia<br \/>\n\u2022 PEG behelyez\u00e9s<br \/>\n\u2022 colonoszk\u00f3pia, polypectomia<br \/>\n\u2022 ERCP<br \/>\n\u2022 kett\u0151s-ballon enteroszk\u00f3pia<br \/>\n\u2022 APC kezel\u00e9s<br \/>\n\u2022 PEG behelyez\u00e9s<br \/>\n\u2022 ballonos t\u00e1g\u00edt\u00e1s (nyel\u0151cs\u0151, vastagb\u00e9l, v\u00e9konyb\u00e9l sz\u0171k\u00fcletei eset\u00e9n)<br \/>\n\u2022 Helicobacter kil\u00e9gz\u00e9si teszt<br \/>\n\u2022 Lakt\u00f3z\/laktul\u00f3z\/frukt\u00f3z kil\u00e9gz\u00e9si teszt<\/p>\n<\/div>\n<p>\n<strong>Szakrendel\u00e9s\u00fcnk profilja:<\/strong>\u00a0gyullad\u00e1sos b\u00e9lbetegs\u00e9gekben szenved\u0151 betegek gondoz\u00e1sa (biol\u00f3giai ter\u00e1pi\u00e1j\u00e1s centrum), hepatol\u00f3giai szakrendel\u00e9s, valamint \u00e1ltal\u00e1nos gastroenterol\u00f3giai szakrendel\u00e9s.<\/p>\n<p><strong>Kutat\u00e1si ter\u00fclet\u00fcnk:<\/strong>\u00a0\u201cA gyullad\u00e1sos b\u00e9lbetegs\u00e9gek epidemiol\u00f3gi\u00e1ja, klinikuma \u00e9s a betegs\u00e9g progresszi\u00f3j\u00e1t meghat\u00e1roz\u00f3 klinikai t\u00e9nyez\u0151k \u00e9s biomarkerek\u201d<\/p>\n<\/div><\/div>\n","protected":false},"excerpt":{"rendered":"<p>Id\u0151pontk\u00e9r\u00e9s:\u00a0 Szakrendel\u00e9seinkre h\u00e1ziorvosi beutal\u00f3 sz\u00fcks\u00e9ges. Gastroenterol\u00f3giai szakvizsg\u00e1lat: Dr. Papp J\u00e1nos: +36-1-4591500\/51574-es mell\u00e9ken, H-Cs: 8.00-10.00 h k\u00f6z\u00f6tt\u00a0 Dr. Folhoffer anik\u00f3: ID\u0150PONTK\u00c9R\u00c9S:\u00a0drfolhofferaniko@gmail.com K\u00e9rj\u00fck az email-ben jelezni: visszaj\u00e1r\u00f3 vagy \u00faj beteg\u00a0 beutal\u00f3ja szerint s\u00fcrg\u0151s ell\u00e1t\u00e1st k\u00e9rnek-e mi a panasza r\u00f6viden telefonsz\u00e1m Dr. Ili\u00e1s \u00c1kos:\u00a0 +36-1-459-1500\/51590 H-P: 11.00-13.00 h k\u00f6z\u00f6t H-P: 13.00-15.00\u00a0 h\u00a0 Dr. Moln\u00e1r B\u00e9la:\u00a0 +36-20-663-2130 Dr. Rom\u00e1n &hellip;<\/p>\n","protected":false},"author":101739,"featured_media":0,"parent":130,"menu_order":4,"comment_status":"closed","ping_status":"closed","template":"","meta":{"_acf_changed":false,"footnotes":""},"categories":[],"tags":[],"class_list":["post-188","page","type-page","status-publish","hentry"],"acf":[],"_links":{"self":[{"href":"https:\/\/semmelweis.hu\/belonko\/wp-json\/wp\/v2\/pages\/188","targetHints":{"allow":["GET"]}}],"collection":[{"href":"https:\/\/semmelweis.hu\/belonko\/wp-json\/wp\/v2\/pages"}],"about":[{"href":"https:\/\/semmelweis.hu\/belonko\/wp-json\/wp\/v2\/types\/page"}],"author":[{"embeddable":true,"href":"https:\/\/semmelweis.hu\/belonko\/wp-json\/wp\/v2\/users\/101739"}],"replies":[{"embeddable":true,"href":"https:\/\/semmelweis.hu\/belonko\/wp-json\/wp\/v2\/comments?post=188"}],"version-history":[{"count":11,"href":"https:\/\/semmelweis.hu\/belonko\/wp-json\/wp\/v2\/pages\/188\/revisions"}],"predecessor-version":[{"id":3211,"href":"https:\/\/semmelweis.hu\/belonko\/wp-json\/wp\/v2\/pages\/188\/revisions\/3211"}],"up":[{"embeddable":true,"href":"https:\/\/semmelweis.hu\/belonko\/wp-json\/wp\/v2\/pages\/130"}],"wp:attachment":[{"href":"https:\/\/semmelweis.hu\/belonko\/wp-json\/wp\/v2\/media?parent=188"}],"wp:term":[{"taxonomy":"category","embeddable":true,"href":"https:\/\/semmelweis.hu\/belonko\/wp-json\/wp\/v2\/categories?post=188"},{"taxonomy":"post_tag","embeddable":true,"href":"https:\/\/semmelweis.hu\/belonko\/wp-json\/wp\/v2\/tags?post=188"}],"curies":[{"name":"wp","href":"https:\/\/api.w.org\/{rel}","templated":true}]}}

Gasztroenterológiai ambulancia

<div class="responsive-tabs">
<h2 class="tabtitle">Időpontkérés</h2>
<div class="tabcontent">

<h2>Időpontkérés: </h2>
<div class="fontos_div">
<p><span style="font-size: 18pt"><strong>Szakrendeléseinkre háziorvosi beutaló szükséges. </strong></span></p>
</div>
<h4><span style="font-size: 1rem"><strong>G</strong></span><strong style="font-size: 1rem">astroenterológiai szakvizsgálat</strong><span style="font-size: 1rem">:</span></h4>
<h4><strong>Dr. Papp János:</strong></h4>
<p>+36-1-4591500/51574-es melléken, <br />
H-Cs: 8.00-10.00 h között </p>
<h4><strong>Dr. Folhoffer anikó:</strong></h4>
<p>IDŐPONTKÉRÉS: <b style="font-size: 1rem">drfolhofferaniko@gmail.com</b></p>
<div class="x_elementToProof"><strong>Kérjük az email-ben jelezni:</strong></div>
<ul>
<li>
<div class="x_elementToProof">visszajáró vagy új beteg </div>
</li>
<li>
<div class="x_elementToProof">beutalója szerint sürgős ellátást kérnek-e</div>
</li>
<li>
<div class="x_elementToProof">mi a panasza röviden</div>
</li>
<li>telefonszám</li>
</ul>
<h4><strong>Dr. Iliás Ákos: </strong></h4>
<p>+36-1-459-1500/51590 H-P: 11.00-13.00 h közöt<br />
H-P: 13.00-15.00  h </p>
<h4><strong>Dr. Molnár Béla:</strong> </h4>
<p>+36-20-663-2130</p>
<h4><strong>Dr. Román Edit: </strong></h4>
<p>+36-1-459-1500/51590 H-P: 11.00-13.00 h között</p>
<h4><strong>DR. BARKAI LÁSZLÓ</strong></h4>
<p>+36-1-459-1500/51590 H-P: 11.00-13.00 h között</p>
<p>&nbsp;</p>
<h4><strong>Eszközös vizsgálatok előjegyzése:</strong></h4>
<p>Szakmailag indokolt esetben az endoszkópos laboratórium telefonszámán: <strong>+36-1-4591500/51573 mellék.</strong></p>
<p><strong>A szakrendelés házon belüli elhelyezkedése:</strong><br />
Klinikánk endoszkópos laboratóriuma, valamint a gasztroenterológiai szakrendelések a földszinten, a főbejárat felől nézve jobb kéz felé eső (keleti) épületszárnyban helyezkednek el</p>

</div><h2 class="tabtitle">Rendelési idők</h2>
<div class="tabcontent">

<h4><strong>Prof. Dr. Papp János</strong></h4>
<p>Rendelési idő: kedd: 8:00-12:00 h <br />
Rendelés helye: I. emelet</p>
<h4><strong>Dr. Iliás Ákos</strong></h4>
<p>Rendelési idő: hétfő: 9:00-14:00, szerda: 9:00-14:00 h<br />
Eszközös vizsgálat: kedd: 8.00-14 h csütörtök: 8.00-14.00 h <br />
Rendelés helye: gasztroenterológiai ambulancia (magasföldszint)</p>
<h4><strong>Dr. Folhoffer Anikó</strong></h4>
<p>Rendelési idő: Kedd: 9:00-14:00, csütörtök: 9:00-14:00 h <br />
Eszközös vizsgálat: Hétfő, szerda: 9.00-14.00 h<br />
Rendelés helye: gasztroenterológiai ambulancia (magasföldszint)</p>
<h4><strong>Dr. Román Edit</strong> </h4>
<p>Rendelési idő: </p>
<ul>
<li>Szerda: 9-14.00 h</li>
<li>Csütörtök: 9.00-12.00 h</li>
<li>Péntek: 10.00-12.00 h<br />
Rendelés helye: Gasztroenterológia </li>
</ul>
<h4><strong>Prof. Dr. Molnár Béla</strong></h4>
<p>Rendelési idő: Péntek: 8:00-10:00 h<br />
Eszközös vizsgálat: Péntek: 10.00-14.00 h<br />
Rendelés helye: alagsor 1. ambuláns helyiség</p>
<h4><strong>Dr. Barkai lászló</strong> </h4>
<p>Rendelési idő: Kedd: 12:00-14:00 h, Szerda: 9:00-12:00 h <br />
Rendelés helye: Gasztroenterológia </p>
<h4><strong>DR. LAKATOS PÉTER LÁSZLÓ C. EGYETEMI TANÁR</strong><br />
(TARTÓS TÁVOLLÉVŐ)</h4>
<h4><strong>Gasztroenterológus szakorvosjelölt: </strong></h4>
<p>Dr. Lontai Livia belgyógyász szakorvos</p>
<p>Dr. Sümegi Liza belgyógyász szakorvos</p>
<h4><strong>Rezidens/belgyógyász szakorvosjelölt:</strong></h4>
<p>Dr. Angyal Dorottya rezidens<br />
 </p>
<div class="keretes w-100">
<h4><strong>Asszisztensek és szakdolgozók:</strong></h4>
<p>Kecse Éva<br />
Gáspár Szilvia <br />
Pikács Mária IBD ambulancia vezető asszisztens</p>
</div>

</div><h2 class="tabtitle">Bemutatkozás</h2>
<div class="tabcontent">

<p>Papp János Professzor úr által alapított munkacsoportunk a Belgyógyászati és Onkológiai Klinikán részt vesz a fekvő- és járóbeteg ellátásban, az egyetemi oktatásban és a postgraduális képzésben, valamint a klinikánkon folyó kutatómunkában.</p>
<div class="fontos_div">
<p><strong>Az endoscopos laborban elvégezhető vizsgálatok:</strong><br />
• gasztroszkópia, polypectomia<br />
• PEG behelyezés<br />
• colonoszkópia, polypectomia<br />
• ERCP<br />
• kettős-ballon enteroszkópia<br />
• APC kezelés<br />
• PEG behelyezés<br />
• ballonos tágítás (nyelőcső, vastagbél, vékonybél szűkületei esetén)<br />
• Helicobacter kilégzési teszt<br />
• Laktóz/laktulóz/fruktóz kilégzési teszt</p>
</div>
<p>
<strong>Szakrendelésünk profilja:</strong> gyulladásos bélbetegségekben szenvedő betegek gondozása (biológiai terápiájás centrum), hepatológiai szakrendelés, valamint általános gastroenterológiai szakrendelés.</p>
<p><strong>Kutatási területünk:</strong> “A gyulladásos bélbetegségek epidemiológiája, klinikuma és a betegség progresszióját meghatározó klinikai tényezők és biomarkerek”</p>
</div></div>

<p>Időpontkérés:  Szakrendeléseinkre háziorvosi beutaló szükséges. Gastroenterológiai szakvizsgálat: Dr. Papp János: +36-1-4591500/51574-es melléken, H-Cs: 8.00-10.00 h között  Dr. Folhoffer anikó: IDŐPONTKÉRÉS: drfolhofferaniko@gmail.com Kérjük az email-ben jelezni: visszajáró vagy új beteg  beutalója szerint sürgős ellátást kérnek-e mi a panasza röviden telefonszám Dr. Iliás Ákos:  +36-1-459-1500/51590 H-P: 11.00-13.00 h közöt H-P: 13.00-15.00  h  Dr. Molnár Béla:  +36-20-663-2130 Dr. Román &hellip;</p>
