{"id":185,"date":"2023-04-04T12:45:24","date_gmt":"2023-04-04T10:45:24","guid":{"rendered":"https:\/\/semmelweis.hu\/belonko\/?page_id=185"},"modified":"2025-11-07T17:08:21","modified_gmt":"2025-11-07T16:08:21","slug":"endokrinologiai-szakambulancia","status":"publish","type":"page","link":"https:\/\/semmelweis.hu\/belonko\/szakrendelesek\/endokrinologiai-szakambulancia\/","title":{"rendered":"Endokrinol\u00f3giai szakambulancia munkacsoport"},"content":{"rendered":"<div class=\"responsive-tabs\">\n<h2 class=\"tabtitle\">Id\u0151pontk\u00e9r\u00e9s<\/h2>\n<div class=\"tabcontent\">\n\n<h2>Id\u0151pontk\u00e9r\u00e9s:<\/h2>\n<div class=\"fontos_div\">\n<p><span style=\"font-size: 18pt\"><strong>Szakrendel\u00e9seinkre h\u00e1ziorvosi beutal\u00f3 sz\u00fcks\u00e9ges.<\/strong><\/span><\/p>\n<\/div>\n<p>&nbsp;<\/p>\n<h4><strong><span style=\"font-size: 14pt\">Dr. Bakos Bence :<\/span><\/strong><\/h4>\n<p>\u00daj beteg: Eg\u00e9szs\u00e9g\u00fcgyi Szolg\u00e1ltat\u00e1si T\u00e1rhelyen k\u00e9rhet\u0151 id\u0151pont (EESZT)<\/p>\n<h4><strong><span style=\"font-size: 14pt\">Dr. M\u00e9sz\u00e1ros Szilvia (\u00faj beteg, kontrollra a k\u00f6zponton kereszt\u00fcl lehet jelentkezni)<\/span><\/strong><\/h4>\n<p>\u00daj beteg: +36-1-4591500\/51590\u00a0<\/p>\n<p><span style=\"font-size: 14pt\">Sz-Cs: 10.30-12.00 h, <\/span><span style=\"font-size: 14pt\">P: 8.00-14.00 h k\u00f6z\u00f6tt\u00a0<\/span><\/p>\n<p>Kontrollra Dr. M\u00e9sz\u00e1ros Szilvi\u00e1n\u00e1l (egyetemi k\u00f6zponton kereszt\u00fcl) lehet jelentkezni: +36-1-4591500\/ 51500<\/p>\n<h4><strong><span style=\"font-size: 14pt\">Dr. Szathm\u00e1ri Mikl\u00f3s:<\/span><\/strong><\/h4>\n<p>+36-1-4591500\/51590\u00a0<\/p>\n<p><span style=\"font-size: 14pt\">Sz-Cs: 10.30-12.00 h, <\/span><span style=\"font-size: 14pt\">P: 8.00-14.00 h k\u00f6z\u00f6tt\u00a0<\/span><\/p>\n<h4><strong><span style=\"font-size: 14pt\">Dr. Szili Bal\u00e1zs :<\/span><\/strong><\/h4>\n<p>\u00daj beteg: Eg\u00e9szs\u00e9g\u00fcgyi Szolg\u00e1ltat\u00e1si T\u00e1rhelyen k\u00e9rhet\u0151 id\u0151pont (EESZT)<\/p>\n<p>Kontrollra: Dr. Szili Bal\u00e1zzsal egyeztetve<\/p>\n<h4><strong><span style=\"font-size: 14pt\">Dr. Reismann P\u00e9ter:\u00a0<\/span><\/strong><\/h4>\n<p><span style=\"font-size: 14pt\">+36-1-2660901 <\/span><span style=\"font-size: 14pt\">H-P: 9.00-13.00 h k\u00f6z\u00f6tt<\/span><\/p>\n<h4><strong><span style=\"font-size: 14pt\">Dr. Koll\u00e1r R\u00e9ka:<\/span><\/strong><\/h4>\n<p><span style=\"font-size: 14pt\">+36-1-2660901 <\/span><span style=\"font-size: 14pt\">H-P: 9.00-13.00 h k\u00f6z\u00f6tt<\/span><\/p>\n<h4><strong><span style=\"font-size: 14pt\">Dr. Sz\u00fccs Nikolette:<\/span><\/strong><\/h4>\n<p><span style=\"font-size: 14pt\">+36-1-266 0901 <\/span><span style=\"font-size: 14pt\">H-P: 9.00-13.00 h k\u00f6z\u00f6tt<\/span><\/p>\n<h4><strong><span style=\"font-size: 14pt\">Dr. T\u0151ke Judit:<\/span><\/strong><\/h4>\n<p><span style=\"font-size: 14pt\">+36-1-266 0901 <\/span><span style=\"font-size: 14pt\">H-P: 9.00-13.00 h k\u00f6z\u00f6tt<\/span><\/p>\n<h4><span style=\"font-size: 14pt\"><strong>Dr. Doh\u00e1n Orsolya<\/strong><\/span><\/h4>\n<p><span style=\"font-size: 14pt\">Rendel\u00e9si id\u0151: h\u00e9tf\u0151: 9:00-11:00 h<\/span><br \/>\n<span style=\"font-size: 14pt\">Rendel\u00e9s helye: alagsor<\/span><br \/>\n<span style=\"font-size: 14pt\">e-mail-ben t\u00f6rt\u00e9n\u0151 id\u0151pontk\u00e9r\u00e9s: idopontdohan@gmail.com (\u00faj betegn\u00e9l: TAJ, lakhely, telefonsz\u00e1m, beutal\u00e1s indoka. Kontroll eset\u00e9n jelezz\u00e9k, hogy kontrollra \u00e9rkeztek)<\/span><\/p>\n<h4><strong><span style=\"font-size: 14pt\">Dr. Uhlyarik Andrea: <em>endokrin tumoros betegek JELENTKEZHETNEK<\/em> ERRE A RENDEL\u00c9SRE (CS\u00dcT\u00d6RT\u00d6KI napokon: 06-30-237-9006 14-15 h k\u00f6z\u00f6tt, valamint az al\u00e1bbi vezet\u00e9kes telefonsz\u00e1mon)\u00a0<\/span><\/strong><\/h4>\n<p><span style=\"font-size: 14pt\">+36-1-266 0901 <\/span><span style=\"font-size: 14pt\">H-P: 9.00-13.00 h k\u00f6z\u00f6tt<\/span><\/p>\n<h4><strong><span style=\"font-size: 14pt\">Dr. Tak\u00e1cs Istv\u00e1n: <\/span><\/strong><\/h4>\n<p><span style=\"font-size: 14pt\">+36-1-459-1500\/51480 H-P: 8-13 h k\u00f6z\u00f6tt<\/span><\/p>\n<ul style=\"list-style-type: circle\">\n<li><span style=\"font-size: 14pt\">(speci\u00e1lis endokrin beteget &#8211; Ca-anyagcsere, ritka csontbetegs\u00e9gek, pajzsmirigy tumorok, \u00e9letvesz\u00e9lyes pajzsmirigy \u00e1llapotok &#8211; ter\u00fcleti ell\u00e1t\u00e1son k\u00edv\u00fclr\u0151l is fogad. Ez esetben sz\u00fcks\u00e9ges a kezel\u0151orvos \u00e1ltal \u00edrt r\u00f6vid k\u00f3rt\u00f6rt\u00e9net a titkarsag.bel1@semmelweis.hu e-mail c\u00edmre)\u00a0<\/span><\/li>\n<\/ul>\n<h4><strong><span style=\"font-size: 14pt\">Dr. Igaz P\u00e9ter: <\/span><\/strong><\/h4>\n<p><span style=\"font-size: 14pt\">+36-1-266-0816 H-Cs: 8-16.00 h, P: 8-14.00 h\u00a0\u00a0<\/span><\/p>\n<h4><strong><span style=\"font-size: 14pt\">Dr. Horv\u00e1th Csaba: <\/span><\/strong><\/h4>\n<p><span style=\"font-size: 14pt\">+36-1-4591500\/51509 Sz-Cs: 10.30-12.00 h\u00a0<\/span><\/p>\n<h4><span style=\"font-size: 14pt\"><strong>Dr. Lakatos P\u00e9ter: <\/strong><\/span><\/h4>\n<p><span style=\"font-size: 14pt\">+36-1-4591500\/51590<\/span><\/p>\n<h4><span style=\"font-size: 14pt\"><strong>Dr. T\u00f3th Mikl\u00f3s: <\/strong><\/span><\/h4>\n<p><span style=\"font-size: 14pt\">+36-1-267-4927 vagy +36-1-459-1500\/51448 vagy 51449 mell\u00e9k munkaid\u0151ben<strong><br \/>\n<\/strong><\/span><\/p>\n<ul>\n<li style=\"list-style-type: none\">\n<ul>\n<li><span style=\"font-size: 14pt\">Endokrin daganatos, valamint kritikus \u00e1llapot\u00fa beteget soron k\u00edv\u00fcl is fogad. Orvos \u00e1ltali bejelent\u00e9s, r\u00f6vid k\u00f3rt\u00f6rt\u00e9neti \u00f6sszfoglal\u00f3val sz\u00fcks\u00e9ges: petrone.pazmandi.ildiko@semmelweis.hu email c\u00edmre<\/span><\/li>\n<\/ul>\n<\/li>\n<\/ul>\n<p><span style=\"font-size: 14pt\">\n<\/div><h2 class=\"tabtitle\">Rendel\u00e9si id\u0151k<\/h2>\n<div class=\"tabcontent\">\n<\/span><\/p>\n<h2><span style=\"font-size: 18pt\">Munkacsoport vezet\u0151:<\/span><\/h2>\n<h4><span style=\"font-size: 14pt\"><strong>Prof. Dr. Lakatos P\u00e9ter Andr\u00e1s<\/strong><\/span><\/h4>\n<p><span style=\"font-size: 14pt\">Rendel\u00e9si id\u0151: kedd 9:00-12:00, szerda 9:00-12:00<\/span><br \/>\n<span style=\"font-size: 14pt\">Rendel\u00e9s helye: magasf\u00f6ldszint<\/span><\/p>\n<h4><span style=\"font-size: 14pt\"><strong>Prof. Dr. Tak\u00e1cs Istv\u00e1n<\/strong><\/span><\/h4>\n<p><span style=\"font-size: 14pt\">Rendel\u00e9si id\u0151: szerda 9:30-11:00<\/span><br \/>\n<span style=\"font-size: 14pt\">Rendel\u00e9s helye: magasf\u00f6ldszint<\/span><\/p>\n<h4><span style=\"font-size: 14pt\"><strong>Prof. Dr. Igaz P\u00e9ter<\/strong><\/span><\/h4>\n<p><span style=\"font-size: 14pt\">Rendel\u00e9si id\u0151: szerda: 12:00-16:00, p\u00e9ntek: 9:00-12:00<\/span><br \/>\n<span style=\"font-size: 14pt\">Rendel\u00e9s helye: alagsor<\/span><\/p>\n<h4><span style=\"font-size: 14pt\"><strong>Prof. Dr. T\u00f3th Mikl\u00f3s<\/strong><\/span><\/h4>\n<p><span style=\"font-size: 14pt\">Rendel\u00e9si id\u0151: h\u00e9tf\u0151: 9:00-16:00, szerda: 8:00-16:00<\/span><br \/>\n<span style=\"font-size: 14pt\">Rendel\u00e9s helye: alagsor<\/span><\/p>\n<h4><span style=\"font-size: 14pt\"><strong>Prof. Dr. Horv\u00e1th Csaba<\/strong><\/span><\/h4>\n<p><span style=\"font-size: 14pt\">Rendel\u00e9si id\u0151: szerda: 9:00-12:00, cs\u00fct\u00f6rt\u00f6k: 9:00-12:00<\/span><br \/>\n<span style=\"font-size: 14pt\">Rendel\u00e9s helye: alagsor<\/span><\/p>\n<h4><span style=\"font-size: 14pt\"><strong>Prof. Dr. Szathm\u00e1ri Mikl\u00f3s<\/strong><\/span><\/h4>\n<p><span style=\"font-size: 14pt\">Rendel\u00e9si id\u0151: szerda: 9:00-11:00, cs\u00fct\u00f6rt\u00f6k: 9:00-11:00<\/span><br \/>\n<span style=\"font-size: 14pt\">Rendel\u00e9s helye: ambulancia 1. vizsg\u00e1l\u00f3 (magasf\u00f6ldszint)<\/span><\/p>\n<h4><span style=\"font-size: 14pt\"><strong>Dr. Sz\u00fccs Nikolette<\/strong><\/span><\/h4>\n<p><span style=\"font-size: 14pt\">Rendel\u00e9si id\u0151: h\u00e9tf\u0151: 9:00-18:00, cs\u00fct\u00f6rt\u00f6k: 9:00-12:00, p\u00e9ntek: 9:00-12:00<\/span><br \/>\n<span style=\"font-size: 14pt\">Rendel\u00e9s helye: alagsor<\/span><\/p>\n<h4><span style=\"font-size: 14pt\"><strong>Dr. Doh\u00e1n Orsolya<\/strong><\/span><\/h4>\n<p><span style=\"font-size: 14pt\">Rendel\u00e9si id\u0151: h\u00e9tf\u0151: 9:00-11:00 h<\/span><br \/>\n<span style=\"font-size: 14pt\">Rendel\u00e9s helye: alagsor<\/span><br \/>\n<span style=\"font-size: 14pt\">e-mail-ben t\u00f6rt\u00e9n\u0151 id\u0151pontk\u00e9r\u00e9s: idopontdohan@gmail.com (\u00faj betegn\u00e9l: TAJ, lakhely, telefonsz\u00e1m, beutal\u00e1s indoka. Kontroll eset\u00e9n jelezz\u00e9k, hogy kontrollra \u00e9rkeztek)<\/span><\/p>\n<h4><span style=\"font-size: 14pt\"><strong>Dr. Reismann P\u00e9ter<\/strong><\/span><\/h4>\n<p><span style=\"font-size: 14pt\">Rendel\u00e9si id\u0151: h\u00e9tf\u0151: 8:30-12:00, cs\u00fct\u00f6rt\u00f6k: 8:30-14:00<\/span><br \/>\n<span style=\"font-size: 14pt\">Rendel\u00e9s helye: alagsor<\/span><\/p>\n<h4><span style=\"font-size: 14pt\"><strong>Dr. M\u00e9sz\u00e1ros Szilvia<\/strong><\/span><\/h4>\n<p><span style=\"font-size: 14pt\">Rendel\u00e9si id\u0151: kedd: 9:00-12:00, szerda: 9:00-12:00<\/span><br \/>\n<span style=\"font-size: 14pt\">Rendel\u00e9s helye: alagsor<\/span><\/p>\n<h4><span style=\"font-size: 14pt\"><strong>Dr. Putz Zsuzsanna<\/strong><\/span><\/h4>\n<p><span style=\"font-size: 14pt\">Rendel\u00e9si id\u0151: kedd: 9:00-13:00<\/span><br \/>\n<span style=\"font-size: 14pt\">Rendel\u00e9s helye: alagsor<\/span><\/p>\n<h4><span style=\"font-size: 14pt\"><strong>Dr. T\u0151ke Judit<\/strong><\/span><\/h4>\n<p><span style=\"font-size: 14pt\">Rendel\u00e9si id\u0151: h\u00e9tf\u0151: 9:00-13:00, p\u00e9ntek: 9:00-14:00<\/span><br \/>\n<span style=\"font-size: 14pt\">Rendel\u00e9s helye: alagsor<\/span><\/p>\n<h4><span style=\"font-size: 14pt\"><strong>Dr. Szili Bal\u00e1zs<\/strong><\/span><\/h4>\n<p><span style=\"font-size: 14pt\">Rendel\u00e9si id\u0151: kedd: 9:30-12:00, szerda: 10:30-12:00<\/span><br \/>\n<span style=\"font-size: 14pt\">Rendel\u00e9s helye: alagsor<\/span><\/p>\n<h4><span style=\"font-size: 14pt\"><strong>Dr. Koll\u00e1r R\u00e9ka<\/strong><\/span><\/h4>\n<p><span style=\"font-size: 14pt\">Rendel\u00e9si id\u0151: kedd: 14:00-16:00<\/span><br \/>\n<span style=\"font-size: 14pt\">Rendel\u00e9s helye: alagsor<\/span><\/p>\n<h4><span style=\"font-size: 14pt\"><strong>Dr. Bakos Bence<\/strong><\/span><\/h4>\n<p><span style=\"font-size: 14pt\">Rendel\u00e9si id\u0151: kedd: 9:30-12:00<\/span><br \/>\n<span style=\"font-size: 14pt\">Rendel\u00e9s helye: alagsor<\/span><\/p>\n<h4><span style=\"font-size: 14pt\"><strong>Dr. Uhlyarik Andrea &#8211; ONKOL\u00d3GIA, NEUROENDOKRINOL\u00d3GIA<\/strong><\/span><\/h4>\n<p><span style=\"font-size: 14pt\">Rendel\u00e9si id\u0151: <\/span><\/p>\n<p><span style=\"font-size: 14pt\">Szerda: 9.00-15.00 h\u00a0<br \/>\n<\/span><br \/>\n<span style=\"font-size: 14pt\">Rendel\u00e9s helye: alagsor<\/span><\/p>\n<h4><span style=\"font-size: 14pt\"><strong>Dr. Adler Ildik\u00f3<\/strong><\/span><\/h4>\n<p><span style=\"font-size: 14pt\">Rendel\u00e9si id\u0151: Kedd 14:00-16:00 h<\/span><br \/>\n<span style=\"font-size: 14pt\">Rendel\u00e9s helye: alagsor<\/span><\/p>\n\n<\/div><h2 class=\"tabtitle\">Bemutatkoz\u00e1s<\/h2>\n<div class=\"tabcontent\">\n\n<p style=\"text-align: justify\"><strong>Bemutatkoz\u00e1s:<\/strong> A klinika Endokrinol\u00f3giai Munkacsoportja az egyik legr\u00e9gebbi ilyen ter\u00fcleten m\u0171k\u00f6d\u0151 csoport az orsz\u00e1gban. Olyan el\u0151d\u00f6k f\u00e9mjelzik a csoport kor\u00e1bbi munk\u00e1ss\u00e1g\u00e1t, mint Julesz Mikl\u00f3s, Holl\u00f3 Istv\u00e1n, F\u00f6ldes J\u00e1nos vagy Sz\u0171cs J\u00e1nos professzorok. 2020-ban az Egyetem I. sz. \u00e9s II. sz. Belgy\u00f3gy\u00e1szati Klinika Endokrinol\u00f3giai munkacsoportjainak egyes\u00edt\u00e9s\u00e9vel az orsz\u00e1g legnagyobb endokrinol\u00f3giai betegell\u00e1t\u00f3 r\u00e9szleg\u00e9v\u00e9 v\u00e1ltunk.<\/p>\n<div class=\"keretes w-100\">\n<p><strong>Elv\u00e9gzett vizsg\u00e1latok \u00e9s profilok:<\/strong> A csoport az endokrinol\u00f3gia teljes spektrum\u00e1ban m\u0171k\u00f6dik, 7 alcsoport biztos\u00edtja a betegek min\u0151s\u00e9gi ell\u00e1t\u00e1s\u00e1t \u00e9s a hazai \u00e9s nemzetk\u00f6zi szinten is m\u00e9rvad\u00f3 kutat\u00e1si munk\u00e1t. <strong>A hypothalamus-agyalapi mirigy betegs\u00e9gek<\/strong> kivizsg\u00e1l\u00e1s\u00e1t, diagnosztikai \u00e9s ter\u00e1pi\u00e1s d\u00f6nt\u00e9s\u00e9t az itt \u00fcl\u00e9sez\u0151 Hypophysis Bizotts\u00e1g seg\u00edti.<\/p>\n<\/div>\n<p>A pajzsmirigy betegs\u00e9gek ter\u00fclet\u00e9n a genetikai vizsg\u00e1latokt\u00f3l a hormonvizsg\u00e1latokon \u00e1t az izot\u00f3pvizsg\u00e1latokig, v\u00e9konyt\u0171mintav\u00e9telen, laserablation kereszt\u00fcl a radioj\u00f3dkezel\u00e9sig bez\u00e1r\u00f3lag a lehets\u00e9ges \u00f6sszes elj\u00e1r\u00e1st alkalmazzuk.<\/p>\n<p>Kalciumanyagcsere vonatkoz\u00e1s\u00e1ban foglalkozunk az csontritkul\u00e1s \u00e9s csontl\u00e1gyul\u00e1s minden form\u00e1j\u00e1val, valamint a mell\u00e9kpajzsmirigy betegs\u00e9geivel. Emellett k\u00fcl\u00f6n figyelmet szentel\u00fcnk a ritka csont- \u00e9s kalciumanyagcsere betegs\u00e9geknek. Ez ut\u00f3bbiak genetikai h\u00e1tter\u00e9t is tiszt\u00e1zni tudjuk. A kalciumanyagcsere betegs\u00e9gei vonatkoz\u00e1s\u00e1ban orsz\u00e1gos centrumk\u00e9nt is m\u0171k\u00f6d\u00fcnk.<\/p>\n<p>A mell\u00e9kvese hormon\u00e1lis vagy struktur\u00e1lis elt\u00e9r\u00e9seit az aktu\u00e1lis ir\u00e1nyelveknek megfelel\u0151en vizsg\u00e1ljuk ki \u00e9s kezelj\u00fck, az ilyen betegs\u00e9ggel b\u00edr\u00f3 p\u00e1ciensek gondoz\u00e1s\u00e1t v\u00e1llaljuk. A mell\u00e9kvesek\u00e9reg rosszindulat\u00fa tumorok kezel\u00e9s\u00e9ben az orsz\u00e1gban a legnagyobb tapasztalattal rendelkez\u00fcnk.<\/p>\n<p>A neuroendokrin tumorok gondoz\u00e1s\u00e1ban \u00e9s kezel\u00e9s\u00e9ben az orsz\u00e1gban egyed\u00fcl\u00e1ll\u00f3k\u00e9nt, K\u00f6z\u00e9p-Kelet Eur\u00f3p\u00e1ban m\u00e1sodmagunkkal rendelkez\u00fcnk az \u201eENETS Kiv\u00e1l\u00f3s\u00e1gi K\u00f6zpont\u201d c\u00edmmel, melyet azon centrumok kaphatnak meg, akik magas sz\u00ednvonalon tudj\u00e1k ezen betegs\u00e9geket diagnosztiz\u00e1lni \u00e9s kezelni.<\/p>\n<p>Az endokrin szervekb\u0151l kiindul\u00f3 daganatok kivizsg\u00e1l\u00e1s\u00e1t, kezel\u00e9s\u00e9t \u00e9s ut\u00e1nk\u00f6vet\u00e9s\u00e9t a Klinik\u00e1n rendszeresen (k\u00e9thetente) \u00fcl\u00e9sez\u0151 Endokrin Onko-Team seg\u00edti. Az Endokrin Onko-Team a megbesz\u00e9l\u00e9seit cs\u00fct\u00f6rt\u00f6ki napokon 14:30-17:30 k\u00f6z\u00f6tt a Klinikai K\u00f6nyvt\u00e1rban tartja.<\/p>\n<p>\u00c9rdemes megeml\u00edteni m\u00e9g, hogy a vil\u00e1gon is meglehet\u0151sen egyed\u00fcl\u00e1ll\u00f3 m\u00f3don az \u00f6sszes ritka, anyagcserezavarral j\u00e1r\u00f3 k\u00f3rk\u00e9p genetikai vizsg\u00e1lat\u00e1t el tudjuk v\u00e9gezni. A klinik\u00e1n m\u0171k\u00f6dik a velesz\u00fcletett ritka anyagcsere-betegs\u00e9gek feln\u0151tt szakrendel\u00e9se, mely szint\u00e9n orsz\u00e1gos k\u00f6zpontk\u00e9nt funkcion\u00e1l.<\/p>\n<p>Klinik\u00e1nk Endokrin munkacsoportja r\u00e9szt vesz az Eur\u00f3pai Referencia H\u00e1l\u00f3zatban, melynek c\u00e9lja a ritka endokrinol\u00f3giai betegek min\u00e9l magasabb sz\u00ednvonal\u00fa ell\u00e1t\u00e1sa.<\/p>\n<p>A betegell\u00e1t\u00e1son t\u00fal r\u00e9szt vesz\u00fcnk az Egyetem orvosk\u00e9pz\u00e9s\u00e9ben, az endokrinol\u00f3gia tant\u00e1rgyat magyar-angol-n\u00e9met nyelven oktatjuk az orvostanhallgat\u00f3knak. A v\u00e9gzett orvosoknak \u00e9s szakorvosjel\u00f6lteknek a folyamatos k\u00e9pz\u00e9s\u00e9t sz\u00e1mos tov\u00e1bbk\u00e9pz\u0151 tanfolyammal \u00e9s t\u00f6bb tudom\u00e1nyos rendezv\u00e9nnyel seg\u00edtj\u00fck.<\/p>\n<p>Az Endokrinol\u00f3giai Munkacsoport sz\u00e9lesk\u00f6r\u0171 kutat\u00e1st v\u00e9gez genetikai, molekul\u00e1ris biol\u00f3giai, klinikai endokrinol\u00f3gia t\u00e9m\u00e1kban, melyek eredm\u00e9nyeit rendszeresen publik\u00e1ljuk nemzetk\u00f6zi szaklapokban.<\/p>\n<\/div><\/div>\n<p>&nbsp;<\/p>\n","protected":false},"excerpt":{"rendered":"<p>Id\u0151pontk\u00e9r\u00e9s: Szakrendel\u00e9seinkre h\u00e1ziorvosi beutal\u00f3 sz\u00fcks\u00e9ges. &nbsp; Dr. Bakos Bence : \u00daj beteg: Eg\u00e9szs\u00e9g\u00fcgyi Szolg\u00e1ltat\u00e1si T\u00e1rhelyen k\u00e9rhet\u0151 id\u0151pont (EESZT) Dr. M\u00e9sz\u00e1ros Szilvia (\u00faj beteg, kontrollra a k\u00f6zponton kereszt\u00fcl lehet jelentkezni) \u00daj beteg: +36-1-4591500\/51590\u00a0 Sz-Cs: 10.30-12.00 h, P: 8.00-14.00 h k\u00f6z\u00f6tt\u00a0 Kontrollra Dr. M\u00e9sz\u00e1ros Szilvi\u00e1n\u00e1l (egyetemi k\u00f6zponton kereszt\u00fcl) lehet jelentkezni: +36-1-4591500\/ 51500 Dr. Szathm\u00e1ri Mikl\u00f3s: +36-1-4591500\/51590\u00a0 Sz-Cs: &hellip;<\/p>\n","protected":false},"author":101739,"featured_media":0,"parent":130,"menu_order":3,"comment_status":"closed","ping_status":"closed","template":"","meta":{"_acf_changed":false,"footnotes":""},"categories":[],"tags":[],"class_list":["post-185","page","type-page","status-publish","hentry"],"acf":[],"_links":{"self":[{"href":"https:\/\/semmelweis.hu\/belonko\/wp-json\/wp\/v2\/pages\/185","targetHints":{"allow":["GET"]}}],"collection":[{"href":"https:\/\/semmelweis.hu\/belonko\/wp-json\/wp\/v2\/pages"}],"about":[{"href":"https:\/\/semmelweis.hu\/belonko\/wp-json\/wp\/v2\/types\/page"}],"author":[{"embeddable":true,"href":"https:\/\/semmelweis.hu\/belonko\/wp-json\/wp\/v2\/users\/101739"}],"replies":[{"embeddable":true,"href":"https:\/\/semmelweis.hu\/belonko\/wp-json\/wp\/v2\/comments?post=185"}],"version-history":[{"count":11,"href":"https:\/\/semmelweis.hu\/belonko\/wp-json\/wp\/v2\/pages\/185\/revisions"}],"predecessor-version":[{"id":3089,"href":"https:\/\/semmelweis.hu\/belonko\/wp-json\/wp\/v2\/pages\/185\/revisions\/3089"}],"up":[{"embeddable":true,"href":"https:\/\/semmelweis.hu\/belonko\/wp-json\/wp\/v2\/pages\/130"}],"wp:attachment":[{"href":"https:\/\/semmelweis.hu\/belonko\/wp-json\/wp\/v2\/media?parent=185"}],"wp:term":[{"taxonomy":"category","embeddable":true,"href":"https:\/\/semmelweis.hu\/belonko\/wp-json\/wp\/v2\/categories?post=185"},{"taxonomy":"post_tag","embeddable":true,"href":"https:\/\/semmelweis.hu\/belonko\/wp-json\/wp\/v2\/tags?post=185"}],"curies":[{"name":"wp","href":"https:\/\/api.w.org\/{rel}","templated":true}]}}