{"id":181,"date":"2023-04-04T12:40:07","date_gmt":"2023-04-04T10:40:07","guid":{"rendered":"https:\/\/semmelweis.hu\/belonko\/?page_id=181"},"modified":"2025-02-17T19:05:59","modified_gmt":"2025-02-17T18:05:59","slug":"diabetologiai-szakambulancia","status":"publish","type":"page","link":"https:\/\/semmelweis.hu\/belonko\/szakrendelesek\/diabetologiai-szakambulancia\/","title":{"rendered":"Diabetol\u00f3giai szakambulancia"},"content":{"rendered":"<div class=\"responsive-tabs\">\n<h2 class=\"tabtitle\">Id\u0151pontk\u00e9r\u00e9s<\/h2>\n<div class=\"tabcontent\">\n\n<h2>Id\u0151pontk\u00e9r\u00e9s<\/h2>\n<div class=\"fontos_div\">\n<p><span style=\"font-size: 18pt\"><strong>Szakrendel\u00e9seinkre h\u00e1ziorvosi beutal\u00f3 sz\u00fcks\u00e9ges<\/strong><\/span><\/p>\n<\/div>\n<h4><strong>Dr. Kempler P\u00e9ter:<\/strong><\/h4>\n<p>+36-1-459 1500 egyetemi k\u00f6zponti sz\u00e1m \/ Dr. Kempler P\u00e9tert k\u00e9rni<\/p>\n<h4><strong>Dr. Sv\u00e9bis M\u00e1rk, Dr. Tab\u00e1k \u00c1d\u00e1m \u00e9s Dr. Ferencz Vikt\u00f3ria<\/strong><\/h4>\n<p><strong>\u00daj betegek:\u00a0<\/strong><\/p>\n<p>Tel: +36-1-4591500\/51565 mell\u00e9k<br \/>\nSzerda: 9-13.00 h\u00a0<\/p>\n<p><strong>Kontrollra<\/strong>: Tel: +36-20-825-8675\u00a0<br \/>\nH-P: 08.00-15.00 h k\u00f6z\u00f6tt\u00a0<\/p>\n<h4><strong>Dr. J\u00e1vorfi Tam\u00e1s<\/strong><\/h4>\n<p>Tel: +36-1-4591500\/51565 mell\u00e9k <br \/>\nSzerda: 9.00-13.00 h k\u00f6z\u00f6tt<\/p>\n<h4><strong>Dr. Kocsis Gy\u0151z\u0151<\/strong><\/h4>\n<p><span style=\"font-size: 1rem\">Tel:\u00a0 +36-1-4591500\/51565 mell\u00e9k<br \/>\n<\/span>Szerda: 9-13.00 h k\u00f6z\u00f6tt\u00a0<\/p>\n<h4><strong>Dr. Ger\u0151 L\u00e1szl\u00f3<\/strong><\/h4>\n<p>Tel: +36-1-4591500\/51560<br \/>\nKedd-Cs\u00fct\u00f6rt\u00f6k munkaid\u0151ben<\/p>\n<h4><strong><span style=\"font-size: 1rem\">Dr. Putz Zsuzsanna \u00e9s <\/span>Dr. K\u00f6rei Anna<\/strong><\/h4>\n<p>Tel: +36-1-4591500\/51583<br \/>\nH\u00e9tf\u0151-P\u00e9ntek: 12.00-15.00 h k\u00f6z\u00f6tt<\/p>\n\n<\/div><h2 class=\"tabtitle\">Rendel\u00e9si id\u0151k<\/h2>\n<div class=\"tabcontent\">\n\n<h2>Rendel\u00e9si id\u0151k<\/h2>\n<h4><strong>Szakrendel\u00e9svezet\u0151: Prof. Dr. Kempler P\u00e9ter<\/strong><\/h4>\n<p>Rendel\u00e9si id\u0151: kedd: 9.00-12.00 h<\/p>\n<h4><strong>Prof. Dr. Ger\u0151 L\u00e1szl\u00f3<\/strong><\/h4>\n<p>Rendel\u00e9si id\u0151: kedd-cs\u00fct\u00f6rt\u00f6k: 9.30-16.00 h<br \/>\nRendel\u00e9s helye: Magasf\u00f6ldszint, diabetol\u00f3gia<\/p>\n<h4><strong>Prof. Dr. Tab\u00e1k \u00c1d\u00e1m<\/strong><\/h4>\n<p>Rendel\u00e9si id\u0151: kedd: 12.00-16.00 h, szerda: 8.00-17.00 h<br \/>\nRendel\u00e9s helye: Magasf\u00f6ldszint, diabetol\u00f3gia<\/p>\n<h4><strong>Dr. Putz Zsuzsanna<\/strong><\/h4>\n<p>Rendel\u00e9si id\u0151: cs\u00fct\u00f6rt\u00f6k: 9.00-13.00 h<br \/>\nRendel\u00e9s helye: Alagsor, Neuropathia<\/p>\n<h4><strong>Dr. Ferencz Vikt\u00f3ria<\/strong><\/h4>\n<p>Rendel\u00e9si id\u0151: h\u00e9tf\u0151 \u00e9s cs\u00fct\u00f6rt\u00f6k: 8.00-14.00 h\u00a0<\/p>\n<h4><strong>Dr. Kocsis Gy\u0151z\u0151<\/strong><\/h4>\n<p>Rendel\u00e9si id\u0151: H\u00e9tf\u0151: 9.00-12.00 h, szerda: 9.00-16.00 h, p\u00e9ntek: 9.00-13.00 h<br \/>\nRendel\u00e9s helye: Magasf\u00f6ldszint, diabetol\u00f3gia<\/p>\n<h4><strong>Dr. Sv\u00e9bis M\u00e1rk<\/strong><\/h4>\n<p>Rendel\u00e9si id\u0151: h\u00e9tf\u0151: 9.00-17.00 h, cs\u00fct\u00f6rt\u00f6k: 9.00-17.00 h<\/p>\n<h4><strong>Dr. J\u00e1vorfi Tam\u00e1s<\/strong><\/h4>\n<p>Rendel\u00e9si id\u0151: h\u00e9tf\u0151: 12.30-16.30 h, gestatios diabetes: kedd: 10.00-12.00 h<br \/>\nRendel\u00e9s helye: Magasf\u00f6ldszint, diabetol\u00f3gia<\/p>\n<h4><strong>Dr. K\u00f6rei Anna<\/strong><\/h4>\n<p>Rendel\u00e9si id\u0151: kedd: 10.00-12.00 h<br \/>\nRendel\u00e9s helye: Alagsor, Neuropathia<\/p>\n<div class=\"keretes w-100\">\n<h4><strong>Asszisztensek:<\/strong><\/h4>\n<p>Guly\u00e1sn\u00e9 G\u00e1sp\u00e1r Erika Neuropathia vizsg\u00e1l\u00f3<br \/>\nFarag\u00f3 Judit diabetol\u00f3giai labor<br \/>\nT\u00f3th Beatrix diabetol\u00f3giai labor<\/p>\n<\/div>\n\n<\/div><h2 class=\"tabtitle\">Bemutatkoz\u00e1s<\/h2>\n<div class=\"tabcontent\">\n\n<h2>Diabetol\u00f3giai szakambulancia<\/h2>\n<p>Klinik\u00e1nk orsz\u00e1gos szint\u0171 diabetol\u00f3giai centrum: neuropathia centrum, valamint szenzor \u00e9s inzulinpumpa centrum is egyben. Kiemelten foglalkozik a terhess\u00e9gi cukorbetegs\u00e9g kezel\u00e9s\u00e9vel, a neuropathia vizsg\u00e1lat\u00e1val \u00e9s az 1-es t\u00edpus\u00fa cukorbetegek ell\u00e1t\u00e1s\u00e1val, ezen bel\u00fcl is a v\u00e1rand\u00f3s 1-es t\u00edpus\u00fa cukorbetegek\u00e9vel, \u00e9s a sportol\u00f3 1-es t\u00edpus\u00fa cukorbetegek gondoz\u00e1s\u00e1val, valamint a szenzor \u00e9s pumpa kezel\u00e9ssel.<\/p>\n<\/div><\/div>\n","protected":false},"excerpt":{"rendered":"<p>Id\u0151pontk\u00e9r\u00e9s Szakrendel\u00e9seinkre h\u00e1ziorvosi beutal\u00f3 sz\u00fcks\u00e9ges Dr. Kempler P\u00e9ter: +36-1-459 1500 egyetemi k\u00f6zponti sz\u00e1m \/ Dr. Kempler P\u00e9tert k\u00e9rni Dr. Sv\u00e9bis M\u00e1rk, Dr. Tab\u00e1k \u00c1d\u00e1m \u00e9s Dr. Ferencz Vikt\u00f3ria \u00daj betegek:\u00a0 Tel: +36-1-4591500\/51565 mell\u00e9k Szerda: 9-13.00 h\u00a0 Kontrollra: Tel: +36-20-825-8675\u00a0 H-P: 08.00-15.00 h k\u00f6z\u00f6tt\u00a0 Dr. J\u00e1vorfi Tam\u00e1s Tel: +36-1-4591500\/51565 mell\u00e9k Szerda: 9.00-13.00 h k\u00f6z\u00f6tt Dr. Kocsis &hellip;<\/p>\n","protected":false},"author":101739,"featured_media":0,"parent":130,"menu_order":2,"comment_status":"closed","ping_status":"closed","template":"","meta":{"_acf_changed":false,"footnotes":""},"categories":[],"tags":[],"class_list":["post-181","page","type-page","status-publish","hentry"],"acf":[],"_links":{"self":[{"href":"https:\/\/semmelweis.hu\/belonko\/wp-json\/wp\/v2\/pages\/181","targetHints":{"allow":["GET"]}}],"collection":[{"href":"https:\/\/semmelweis.hu\/belonko\/wp-json\/wp\/v2\/pages"}],"about":[{"href":"https:\/\/semmelweis.hu\/belonko\/wp-json\/wp\/v2\/types\/page"}],"author":[{"embeddable":true,"href":"https:\/\/semmelweis.hu\/belonko\/wp-json\/wp\/v2\/users\/101739"}],"replies":[{"embeddable":true,"href":"https:\/\/semmelweis.hu\/belonko\/wp-json\/wp\/v2\/comments?post=181"}],"version-history":[{"count":12,"href":"https:\/\/semmelweis.hu\/belonko\/wp-json\/wp\/v2\/pages\/181\/revisions"}],"predecessor-version":[{"id":1880,"href":"https:\/\/semmelweis.hu\/belonko\/wp-json\/wp\/v2\/pages\/181\/revisions\/1880"}],"up":[{"embeddable":true,"href":"https:\/\/semmelweis.hu\/belonko\/wp-json\/wp\/v2\/pages\/130"}],"wp:attachment":[{"href":"https:\/\/semmelweis.hu\/belonko\/wp-json\/wp\/v2\/media?parent=181"}],"wp:term":[{"taxonomy":"category","embeddable":true,"href":"https:\/\/semmelweis.hu\/belonko\/wp-json\/wp\/v2\/categories?post=181"},{"taxonomy":"post_tag","embeddable":true,"href":"https:\/\/semmelweis.hu\/belonko\/wp-json\/wp\/v2\/tags?post=181"}],"curies":[{"name":"wp","href":"https:\/\/api.w.org\/{rel}","templated":true}]}}

Diabetológiai szakambulancia

<div class="responsive-tabs">
<h2 class="tabtitle">Időpontkérés</h2>
<div class="tabcontent">

<h2>Időpontkérés</h2>
<div class="fontos_div">
<p><span style="font-size: 18pt"><strong>Szakrendeléseinkre háziorvosi beutaló szükséges</strong></span></p>
</div>
<h4><strong>Dr. Kempler Péter:</strong></h4>
<p>+36-1-459 1500 egyetemi központi szám / Dr. Kempler Pétert kérni</p>
<h4><strong>Dr. Svébis Márk, Dr. Tabák Ádám és Dr. Ferencz Viktória</strong></h4>
<p><strong>Új betegek: </strong></p>
<p>Tel: +36-1-4591500/51565 mellék<br />
Szerda: 9-13.00 h </p>
<p><strong>Kontrollra</strong>: Tel: +36-20-825-8675 <br />
H-P: 08.00-15.00 h között </p>
<h4><strong>Dr. Jávorfi Tamás</strong></h4>
<p>Tel: +36-1-4591500/51565 mellék <br />
Szerda: 9.00-13.00 h között</p>
<h4><strong>Dr. Kocsis Győző</strong></h4>
<p><span style="font-size: 1rem">Tel:  +36-1-4591500/51565 mellék<br />
</span>Szerda: 9-13.00 h között </p>
<h4><strong>Dr. Gerő László</strong></h4>
<p>Tel: +36-1-4591500/51560<br />
Kedd-Csütörtök munkaidőben</p>
<h4><strong><span style="font-size: 1rem">Dr. Putz Zsuzsanna és </span>Dr. Körei Anna</strong></h4>
<p>Tel: +36-1-4591500/51583<br />
Hétfő-Péntek: 12.00-15.00 h között</p>

</div><h2 class="tabtitle">Rendelési idők</h2>
<div class="tabcontent">

<h2>Rendelési idők</h2>
<h4><strong>Szakrendelésvezető: Prof. Dr. Kempler Péter</strong></h4>
<p>Rendelési idő: kedd: 9.00-12.00 h</p>
<h4><strong>Prof. Dr. Gerő László</strong></h4>
<p>Rendelési idő: kedd-csütörtök: 9.30-16.00 h<br />
Rendelés helye: Magasföldszint, diabetológia</p>
<h4><strong>Prof. Dr. Tabák Ádám</strong></h4>
<p>Rendelési idő: kedd: 12.00-16.00 h, szerda: 8.00-17.00 h<br />
Rendelés helye: Magasföldszint, diabetológia</p>
<h4><strong>Dr. Putz Zsuzsanna</strong></h4>
<p>Rendelési idő: csütörtök: 9.00-13.00 h<br />
Rendelés helye: Alagsor, Neuropathia</p>
<h4><strong>Dr. Ferencz Viktória</strong></h4>
<p>Rendelési idő: hétfő és csütörtök: 8.00-14.00 h </p>
<h4><strong>Dr. Kocsis Győző</strong></h4>
<p>Rendelési idő: Hétfő: 9.00-12.00 h, szerda: 9.00-16.00 h, péntek: 9.00-13.00 h<br />
Rendelés helye: Magasföldszint, diabetológia</p>
<h4><strong>Dr. Svébis Márk</strong></h4>
<p>Rendelési idő: hétfő: 9.00-17.00 h, csütörtök: 9.00-17.00 h</p>
<h4><strong>Dr. Jávorfi Tamás</strong></h4>
<p>Rendelési idő: hétfő: 12.30-16.30 h, gestatios diabetes: kedd: 10.00-12.00 h<br />
Rendelés helye: Magasföldszint, diabetológia</p>
<h4><strong>Dr. Körei Anna</strong></h4>
<p>Rendelési idő: kedd: 10.00-12.00 h<br />
Rendelés helye: Alagsor, Neuropathia</p>
<div class="keretes w-100">
<h4><strong>Asszisztensek:</strong></h4>
<p>Gulyásné Gáspár Erika Neuropathia vizsgáló<br />
Faragó Judit diabetológiai labor<br />
Tóth Beatrix diabetológiai labor</p>
</div>

</div><h2 class="tabtitle">Bemutatkozás</h2>
<div class="tabcontent">

<h2>Diabetológiai szakambulancia</h2>
<p>Klinikánk országos szintű diabetológiai centrum: neuropathia centrum, valamint szenzor és inzulinpumpa centrum is egyben. Kiemelten foglalkozik a terhességi cukorbetegség kezelésével, a neuropathia vizsgálatával és az 1-es típusú cukorbetegek ellátásával, ezen belül is a várandós 1-es típusú cukorbetegekével, és a sportoló 1-es típusú cukorbetegek gondozásával, valamint a szenzor és pumpa kezeléssel.</p>
</div></div>

<p>Időpontkérés Szakrendeléseinkre háziorvosi beutaló szükséges Dr. Kempler Péter: +36-1-459 1500 egyetemi központi szám / Dr. Kempler Pétert kérni Dr. Svébis Márk, Dr. Tabák Ádám és Dr. Ferencz Viktória Új betegek:  Tel: +36-1-4591500/51565 mellék Szerda: 9-13.00 h  Kontrollra: Tel: +36-20-825-8675  H-P: 08.00-15.00 h között  Dr. Jávorfi Tamás Tel: +36-1-4591500/51565 mellék Szerda: 9.00-13.00 h között Dr. Kocsis &hellip;</p>
