{"id":130,"date":"2023-03-27T13:45:22","date_gmt":"2023-03-27T11:45:22","guid":{"rendered":"https:\/\/semmelweis.hu\/belonko\/?page_id=130"},"modified":"2024-03-13T10:47:02","modified_gmt":"2024-03-13T09:47:02","slug":"szakrendelesek","status":"publish","type":"page","link":"https:\/\/semmelweis.hu\/belonko\/szakrendelesek\/","title":{"rendered":"Szakrendel\u00e9sek"},"content":{"rendered":"<p>Id\u0151pontk\u00e9r\u00e9sr\u0151l inform\u00e1ci\u00f3 a szakrendel\u00e9sekn\u00e9l tal\u00e1lhat\u00f3 (l\u00e1sd al\u00e1bb).\u00a0<\/p>\n<div class=\"keretes w-100\">\n<p><strong>A szakrendel\u00e9sekre h\u00e1ziorvosi beutal\u00f3 sz\u00fcks\u00e9ges.<\/strong><\/p>\n<\/div>\n<p style=\"text-align: justify\"><span style=\"font-size: 1rem\">Klinik\u00e1nk a ter\u00fcleti ell\u00e1t\u00e1si elv alapj\u00e1n fogad betegeket. Ez al\u00f3l kiv\u00e9telt k\u00e9peznek a speci\u00e1lis k\u00f3rk\u00e9pek, ez esetben is a kor\u00e1bbi kezel\u0151orvos\/h\u00e1ziorvos v\u00e9lem\u00e9nye sz\u00fcks\u00e9ges, a k\u00f3rk\u00e9p r\u00f6vid \u00f6sszefoglal\u00e1s\u00e1val.<\/span><\/p>\n<ul style=\"list-style-type: square\">\n<li><strong>Id\u0151pontk\u00e9r\u00e9skor<\/strong> k\u00e9rj\u00fck k\u00e9sz\u00edtse el\u0151 TAJ k\u00e1rty\u00e1j\u00e1t, valamint jegyezze meg az orvos nev\u00e9t is, akihez az id\u0151pontot kapja.\u00a0<\/li>\n<li style=\"text-align: justify\"><span style=\"font-size: 1rem\">J\u00e1r\u00f3beteg vizsg\u00e1latra \u00e9rkezve, a <strong>vizsg\u00e1lat el\u0151tt k\u00e9rj\u00fck, hogy a felv\u00e9teli irod\u00e1ban sz\u00edveskedjenek bejelentkezni<\/strong>. Klinik\u00e1nk felv\u00e9teli irod\u00e1ja az alagsorban tal\u00e1lhat\u00f3,<\/span><\/li>\n<li>Bejelentkez\u00e9skor <strong>sz\u00fcks\u00e9ges a szem\u00e9lyi okm\u00e1nyok (TAJ k\u00e1rtya, szem\u00e9lyi igazolv\u00e1ny, lakc\u00edmk\u00e1rtya, k\u00fclf\u00f6ldi betegek eset\u00e9ben EU k\u00e1rtya) bemutat\u00e1sa.\u00a0<\/strong><\/li>\n<li>Amennyiben van, el\u0151z\u0151 eg\u00e9szs\u00e9g\u00fcgyi dokument\u00e1ci\u00f3j\u00e1t hozza mag\u00e1val.\u00a0<\/li>\n<\/ul>\n<div class=\"keretes w-100\">\n<p>K\u00e9rj\u00fck <strong>ne felejtse el a kezel\u0151orvosnak jelezni amennyiben utaz\u00e1si k\u00f6lts\u00e9gt\u00e9r\u00edt\u00e9st k\u00edv\u00e1n ig\u00e9nybe venni.<\/strong>\u00a0<\/p>\n<\/div>\n<h2>Szakrendel\u00e9seink:<\/h2>\n<ul>\n<li><a href=\"https:\/\/semmelweis.hu\/belonko\/szakrendelesek\/altalanos-belgyogyaszati-szakambulancia\/\">\u00c1ltal\u00e1nos belgy\u00f3gy\u00e1szati szakambulancia<\/a><\/li>\n<li><a href=\"https:\/\/semmelweis.hu\/belonko\/szakrendelesek\/diabetologiai-szakambulancia\/\">Diabetol\u00f3giai szakambulancia<\/a><\/li>\n<li><a href=\"https:\/\/semmelweis.hu\/belonko\/szakrendelesek\/endokrinologiai-szakambulancia\/\">Endokrinol\u00f3giai szakambulancia munkacsoport<\/a><\/li>\n<li><a href=\"https:\/\/semmelweis.hu\/belonko\/szakrendelesek\/gasztroenterologiai-ambulancia\/\">Gasztroenterol\u00f3giai ambulancia<\/a><\/li>\n<li><a href=\"https:\/\/semmelweis.hu\/belonko\/szakrendelesek\/hematologiai-szakambulancia\/\">Hematol\u00f3giai szakambulancia<\/a><\/li>\n<li><a href=\"https:\/\/semmelweis.hu\/belonko\/szakrendelesek\/hemosztazis-szakrendeles\/\">Hemoszt\u00e1zis szakrendel\u00e9s<\/a><\/li>\n<li><a href=\"https:\/\/semmelweis.hu\/belonko\/szakrendelesek\/hepatologiai-szakrendeles\/\">Hepatol\u00f3giai szakrendel\u00e9s<\/a><\/li>\n<li><a href=\"https:\/\/semmelweis.hu\/belonko\/szakrendelesek\/izotop-laboratorium\/\">Izot\u00f3p laborat\u00f3rium<\/a><\/li>\n<li><a href=\"https:\/\/semmelweis.hu\/belonko\/szakrendelesek\/kardiologiai-szakrendeles\/\">Kardiol\u00f3giai szakrendel\u00e9s<\/a><\/li>\n<li><a href=\"https:\/\/semmelweis.hu\/belonko\/szakrendelesek\/klinikai-szakpszichologiai-ambulancia\/\">Klinikai Szakpszichol\u00f3giai Ambulancia<\/a><\/li>\n<li><a href=\"https:\/\/semmelweis.hu\/belonko\/szakrendelesek\/molekularis-biologiai-laboratorium\/\">Molekul\u00e1ris biol\u00f3giai laborat\u00f3rium<\/a><\/li>\n<li><a href=\"https:\/\/semmelweis.hu\/belonko\/szakrendelesek\/nefrologiai-es-hypertonia-ambulancia\/\">Nefrol\u00f3giai \u00e9s hypertonia ambulancia<\/a><\/li>\n<li><a href=\"https:\/\/semmelweis.hu\/belonko\/szakrendelesek\/onkologiai-reszleg\/\">Onkol\u00f3giai R\u00e9szleg<\/a><\/li>\n<li><a href=\"https:\/\/semmelweis.hu\/belonko\/szakrendelesek\/orszagos-neuropathia-oktato-es-szurokozpont\/\">Orsz\u00e1gos Neuropathia Oktat\u00f3 \u00e9s Sz\u0171r\u0151k\u00f6zpont<\/a><\/li>\n<li><a href=\"https:\/\/semmelweis.hu\/belonko\/szakrendelesek\/osteodensitometriai-laboratorium\/\">Osteodensitometriai laborat\u00f3rium<\/a><\/li>\n<li><a href=\"https:\/\/semmelweis.hu\/belonko\/szakrendelesek\/terapias-aferezis-osztaly\/\">Ter\u00e1pi\u00e1s Aferezis Oszt\u00e1ly<\/a><\/li>\n<\/ul>\n","protected":false},"excerpt":{"rendered":"<p>Id\u0151pontk\u00e9r\u00e9sr\u0151l inform\u00e1ci\u00f3 a szakrendel\u00e9sekn\u00e9l tal\u00e1lhat\u00f3 (l\u00e1sd al\u00e1bb).\u00a0 A szakrendel\u00e9sekre h\u00e1ziorvosi beutal\u00f3 sz\u00fcks\u00e9ges. Klinik\u00e1nk a ter\u00fcleti ell\u00e1t\u00e1si elv alapj\u00e1n fogad betegeket. Ez al\u00f3l kiv\u00e9telt k\u00e9peznek a speci\u00e1lis k\u00f3rk\u00e9pek, ez esetben is a kor\u00e1bbi kezel\u0151orvos\/h\u00e1ziorvos v\u00e9lem\u00e9nye sz\u00fcks\u00e9ges, a k\u00f3rk\u00e9p r\u00f6vid \u00f6sszefoglal\u00e1s\u00e1val. Id\u0151pontk\u00e9r\u00e9skor k\u00e9rj\u00fck k\u00e9sz\u00edtse el\u0151 TAJ k\u00e1rty\u00e1j\u00e1t, valamint jegyezze meg az orvos nev\u00e9t is, akihez az id\u0151pontot &hellip;<\/p>\n","protected":false},"author":102189,"featured_media":0,"parent":0,"menu_order":1,"comment_status":"closed","ping_status":"closed","template":"","meta":{"_acf_changed":false,"footnotes":""},"categories":[],"tags":[],"class_list":["post-130","page","type-page","status-publish","hentry"],"acf":[],"_links":{"self":[{"href":"https:\/\/semmelweis.hu\/belonko\/wp-json\/wp\/v2\/pages\/130","targetHints":{"allow":["GET"]}}],"collection":[{"href":"https:\/\/semmelweis.hu\/belonko\/wp-json\/wp\/v2\/pages"}],"about":[{"href":"https:\/\/semmelweis.hu\/belonko\/wp-json\/wp\/v2\/types\/page"}],"author":[{"embeddable":true,"href":"https:\/\/semmelweis.hu\/belonko\/wp-json\/wp\/v2\/users\/102189"}],"replies":[{"embeddable":true,"href":"https:\/\/semmelweis.hu\/belonko\/wp-json\/wp\/v2\/comments?post=130"}],"version-history":[{"count":11,"href":"https:\/\/semmelweis.hu\/belonko\/wp-json\/wp\/v2\/pages\/130\/revisions"}],"predecessor-version":[{"id":1576,"href":"https:\/\/semmelweis.hu\/belonko\/wp-json\/wp\/v2\/pages\/130\/revisions\/1576"}],"wp:attachment":[{"href":"https:\/\/semmelweis.hu\/belonko\/wp-json\/wp\/v2\/media?parent=130"}],"wp:term":[{"taxonomy":"category","embeddable":true,"href":"https:\/\/semmelweis.hu\/belonko\/wp-json\/wp\/v2\/categories?post=130"},{"taxonomy":"post_tag","embeddable":true,"href":"https:\/\/semmelweis.hu\/belonko\/wp-json\/wp\/v2\/tags?post=130"}],"curies":[{"name":"wp","href":"https:\/\/api.w.org\/{rel}","templated":true}]}}