{"id":128,"date":"2023-03-27T13:43:58","date_gmt":"2023-03-27T11:43:58","guid":{"rendered":"https:\/\/semmelweis.hu\/belonko\/?page_id=128"},"modified":"2025-09-09T18:57:31","modified_gmt":"2025-09-09T16:57:31","slug":"betegdokumentacio-masolat-kerese","status":"publish","type":"page","link":"https:\/\/semmelweis.hu\/belonko\/betegellatas\/betegdokumentacio-masolat-kerese\/","title":{"rendered":"Betegdokument\u00e1ci\u00f3 m\u00e1solat kik\u00e9r\u00e9se"},"content":{"rendered":"<h3>T\u00c1J\u00c9KOZTAT\u00d3 EG\u00c9SZS\u00c9G\u00dcGYI DOKUMENT\u00c1CI\u00d3 M\u00c1SOLAT\u00c1NAK KIAD\u00c1S\u00c1R\u00d3L<\/h3>\n<p><em>Az eg\u00e9szs\u00e9g\u00fcgyr\u0151l sz\u00f3l\u00f3 1997. \u00e9vi CLIV. t\u00f6rv\u00e9ny \u00e9s a Semmelweis Egyetem adatv\u00e9delmi, valamint a k\u00f6z\u00e9rdek\u0171 adatok megismer\u00e9s\u00e9re ir\u00e1nyul\u00f3 ig\u00e9nyek teljes\u00edt\u00e9s\u00e9nek, tov\u00e1bb\u00e1 a k\u00f6telezend\u0151en k\u00f6zz\u00e9teend\u0151 adatok nyilv\u00e1noss\u00e1gra hozatal\u00e1nak rendj\u00e9r\u0151l sz\u00f3l\u00f3 (1. E\/2017. (IV. 28.) sz\u00e1m\u00fa rektori \u00e9s kancell\u00e1ri hat\u00e1rozat) szab\u00e1lyzat<\/em> alapj\u00e1n az eg\u00e9szs\u00e9g\u00fcgyi dokument\u00e1ci\u00f3 m\u00e1solat\u00e1nak kiad\u00e1s\u00e1val kapcsolatos elj\u00e1r\u00e1si rend:<\/p>\n<hr \/>\n<h3>Betegdokument\u00e1ci\u00f3 m\u00e1solat ig\u00e9nyl\u00e9s<\/h3>\n<p><a href=\"https:\/\/semmelweis.hu\/jogigfoig\/adatvedelem-betegjog\/betegdokumentacio-masolatanak-kikerese\/\">Inform\u00e1ci\u00f3 SE Jogi F\u0151igazgat\u00f3s\u00e1g honlapj\u00e1n:\u00a0<\/a><\/p>\n<p>&nbsp;<\/p>\n<p>&nbsp;<\/p>\n","protected":false},"excerpt":{"rendered":"<p>T\u00c1J\u00c9KOZTAT\u00d3 EG\u00c9SZS\u00c9G\u00dcGYI DOKUMENT\u00c1CI\u00d3 M\u00c1SOLAT\u00c1NAK KIAD\u00c1S\u00c1R\u00d3L Az eg\u00e9szs\u00e9g\u00fcgyr\u0151l sz\u00f3l\u00f3 1997. \u00e9vi CLIV. t\u00f6rv\u00e9ny \u00e9s a Semmelweis Egyetem adatv\u00e9delmi, valamint a k\u00f6z\u00e9rdek\u0171 adatok megismer\u00e9s\u00e9re ir\u00e1nyul\u00f3 ig\u00e9nyek teljes\u00edt\u00e9s\u00e9nek, tov\u00e1bb\u00e1 a k\u00f6telezend\u0151en k\u00f6zz\u00e9teend\u0151 adatok nyilv\u00e1noss\u00e1gra hozatal\u00e1nak rendj\u00e9r\u0151l sz\u00f3l\u00f3 (1. E\/2017. (IV. 28.) sz\u00e1m\u00fa rektori \u00e9s kancell\u00e1ri hat\u00e1rozat) szab\u00e1lyzat alapj\u00e1n az eg\u00e9szs\u00e9g\u00fcgyi dokument\u00e1ci\u00f3 m\u00e1solat\u00e1nak kiad\u00e1s\u00e1val kapcsolatos elj\u00e1r\u00e1si rend: Betegdokument\u00e1ci\u00f3 m\u00e1solat &hellip;<\/p>\n","protected":false},"author":102189,"featured_media":0,"parent":34,"menu_order":4,"comment_status":"closed","ping_status":"closed","template":"","meta":{"_acf_changed":false,"footnotes":""},"categories":[],"tags":[],"class_list":["post-128","page","type-page","status-publish","hentry"],"acf":[],"_links":{"self":[{"href":"https:\/\/semmelweis.hu\/belonko\/wp-json\/wp\/v2\/pages\/128","targetHints":{"allow":["GET"]}}],"collection":[{"href":"https:\/\/semmelweis.hu\/belonko\/wp-json\/wp\/v2\/pages"}],"about":[{"href":"https:\/\/semmelweis.hu\/belonko\/wp-json\/wp\/v2\/types\/page"}],"author":[{"embeddable":true,"href":"https:\/\/semmelweis.hu\/belonko\/wp-json\/wp\/v2\/users\/102189"}],"replies":[{"embeddable":true,"href":"https:\/\/semmelweis.hu\/belonko\/wp-json\/wp\/v2\/comments?post=128"}],"version-history":[{"count":10,"href":"https:\/\/semmelweis.hu\/belonko\/wp-json\/wp\/v2\/pages\/128\/revisions"}],"predecessor-version":[{"id":2959,"href":"https:\/\/semmelweis.hu\/belonko\/wp-json\/wp\/v2\/pages\/128\/revisions\/2959"}],"up":[{"embeddable":true,"href":"https:\/\/semmelweis.hu\/belonko\/wp-json\/wp\/v2\/pages\/34"}],"wp:attachment":[{"href":"https:\/\/semmelweis.hu\/belonko\/wp-json\/wp\/v2\/media?parent=128"}],"wp:term":[{"taxonomy":"category","embeddable":true,"href":"https:\/\/semmelweis.hu\/belonko\/wp-json\/wp\/v2\/categories?post=128"},{"taxonomy":"post_tag","embeddable":true,"href":"https:\/\/semmelweis.hu\/belonko\/wp-json\/wp\/v2\/tags?post=128"}],"curies":[{"name":"wp","href":"https:\/\/api.w.org\/{rel}","templated":true}]}}

Betegdokumentáció másolat kikérése

<h3>TÁJÉKOZTATÓ EGÉSZSÉGÜGYI DOKUMENTÁCIÓ MÁSOLATÁNAK KIADÁSÁRÓL</h3>
<p><em>Az egészségügyről szóló 1997. évi CLIV. törvény és a Semmelweis Egyetem adatvédelmi, valamint a közérdekű adatok megismerésére irányuló igények teljesítésének, továbbá a kötelezendően közzéteendő adatok nyilvánosságra hozatalának rendjéről szóló (1. E/2017. (IV. 28.) számú rektori és kancellári határozat) szabályzat</em> alapján az egészségügyi dokumentáció másolatának kiadásával kapcsolatos eljárási rend:</p>
<hr />
<h3>Betegdokumentáció másolat igénylés</h3>
<p><a href="https://semmelweis.hu/jogigfoig/adatvedelem-betegjog/betegdokumentacio-masolatanak-kikerese/">Információ SE Jogi Főigazgatóság honlapján: </a></p>
<p>&nbsp;</p>
<p>&nbsp;</p>

<p>TÁJÉKOZTATÓ EGÉSZSÉGÜGYI DOKUMENTÁCIÓ MÁSOLATÁNAK KIADÁSÁRÓL Az egészségügyről szóló 1997. évi CLIV. törvény és a Semmelweis Egyetem adatvédelmi, valamint a közérdekű adatok megismerésére irányuló igények teljesítésének, továbbá a kötelezendően közzéteendő adatok nyilvánosságra hozatalának rendjéről szóló (1. E/2017. (IV. 28.) számú rektori és kancellári határozat) szabályzat alapján az egészségügyi dokumentáció másolatának kiadásával kapcsolatos eljárási rend: Betegdokumentáció másolat &hellip;</p>
