{"id":117,"date":"2023-03-27T13:36:44","date_gmt":"2023-03-27T11:36:44","guid":{"rendered":"https:\/\/semmelweis.hu\/belonko\/?page_id=117"},"modified":"2024-04-24T11:32:29","modified_gmt":"2024-04-24T09:32:29","slug":"phd","status":"publish","type":"page","link":"https:\/\/semmelweis.hu\/belonko\/kutatas\/phd\/","title":{"rendered":"PhD"},"content":{"rendered":"<h3>Meghirdetett PhD-t\u00e9m\u00e1k:<\/h3>\n<ul style=\"list-style-type: square\">\n<li style=\"text-align: justify\"><span style=\"font-size: 14pt\">Malignus hematol\u00f3giai betegs\u00e9gek anyagcsere vonatkoz\u00e1sai<\/span><\/li>\n<li style=\"text-align: justify\"><span style=\"font-size: 14pt\">A kalcium- \u00e9s csontanyagcsere beteg- s\u00e9geinek \u00e9s az azt befoly\u00e1sol\u00f3 gy\u00f3gyszereknek a hat\u00e1sa a csont \u00e1sv\u00e1nyianyag tartalm\u00e1ra, min\u0151s\u00e9g\u00e9re \u00e9s mechanikai kompetenci\u00e1j\u00e1ra\u00a0<\/span><\/li>\n<li style=\"text-align: justify\"><span style=\"font-size: 14pt\">Pajzsmirigybetegs\u00e9gek \u00e9s azok csontanyagcserehat\u00e1sai\u00a0<\/span><\/li>\n<li style=\"text-align: justify\"><span style=\"font-size: 14pt\">A kr\u00f3nikus m\u00e1jbetegs\u00e9gek molekul\u00e1ris genetik\u00e1ja, patomechanizmusa, korai diagn\u00f3zisa, ter\u00e1pi\u00e1ja \u00e9s megel\u0151z\u00e9se\u00a0<\/span><\/li>\n<li style=\"text-align: justify\"><span style=\"font-size: 14pt\">A gyullad\u00e1sos b\u00e9lbetegs\u00e9gek epidemiol\u00f3gi\u00e1ja, klinikuma \u00e9s a be- tegs\u00e9g progresszi\u00f3j\u00e1t meghat\u00e1roz\u00f3 klinikai t\u00e9nyez\u0151k \u00e9s biomarkerek\u00a0<\/span><\/li>\n<li style=\"text-align: justify\"><span style=\"font-size: 14pt\">A diabeteses \u00e9s renalis neuropathi\u00e1k pathogenezis\u00e9nek \u00e9s diagnosztik\u00e1j\u00e1nak \u00fajabb aspektusai\u00a0<\/span><\/li>\n<li style=\"text-align: justify\"><span style=\"font-size: 14pt\">Csontanyagcsere-betegs\u00e9gek molekul\u00e1ris genetik\u00e1ja, patomechanizmusa \u00e9s klinikai vonatkoz\u00e1sai\u00a0<\/span><\/li>\n<li style=\"text-align: justify\"><span style=\"font-size: 14pt\">A D-vitamin-anyagcsere molekul\u00e1ris genetik\u00e1ja, a D-vitamin-hi\u00e1ny klinikai vonatkoz\u00e1sai\u00a0<\/span><\/li>\n<li style=\"text-align: justify\"><span style=\"font-size: 14pt\">A diab\u00e9tesz normoglykaemi\u00e1s kezel\u00e9s\u00e9nek patofiziol\u00f3giai vonatkoz\u00e1sai<\/span><\/li>\n<li style=\"text-align: justify\"><span style=\"font-size: 14pt\">Predikt\u00edv \u00e9s prognosztikia faktorok szolid tumorokban. Biomarkerek szolid daganatokban<\/span><\/li>\n<\/ul>\n<p><a class=\"button\" href=\"https:\/\/semmelweis.hu\/phd\/\" target=\"_blank\" rel=\"noopener\">tov\u00e1bb A DOKTORI ISKOLA HONLAPJ\u00c1ra\u00a0<\/a><\/p>\n","protected":false},"excerpt":{"rendered":"<p>Meghirdetett PhD-t\u00e9m\u00e1k: Malignus hematol\u00f3giai betegs\u00e9gek anyagcsere vonatkoz\u00e1sai A kalcium- \u00e9s csontanyagcsere beteg- s\u00e9geinek \u00e9s az azt befoly\u00e1sol\u00f3 gy\u00f3gyszereknek a hat\u00e1sa a csont \u00e1sv\u00e1nyianyag tartalm\u00e1ra, min\u0151s\u00e9g\u00e9re \u00e9s mechanikai kompetenci\u00e1j\u00e1ra\u00a0 Pajzsmirigybetegs\u00e9gek \u00e9s azok csontanyagcserehat\u00e1sai\u00a0 A kr\u00f3nikus m\u00e1jbetegs\u00e9gek molekul\u00e1ris genetik\u00e1ja, patomechanizmusa, korai diagn\u00f3zisa, ter\u00e1pi\u00e1ja \u00e9s megel\u0151z\u00e9se\u00a0 A gyullad\u00e1sos b\u00e9lbetegs\u00e9gek epidemiol\u00f3gi\u00e1ja, klinikuma \u00e9s a be- tegs\u00e9g progresszi\u00f3j\u00e1t meghat\u00e1roz\u00f3 klinikai &hellip;<\/p>\n","protected":false},"author":102189,"featured_media":0,"parent":42,"menu_order":5,"comment_status":"closed","ping_status":"closed","template":"","meta":{"_acf_changed":false,"footnotes":""},"categories":[],"tags":[],"class_list":["post-117","page","type-page","status-publish","hentry"],"acf":[],"_links":{"self":[{"href":"https:\/\/semmelweis.hu\/belonko\/wp-json\/wp\/v2\/pages\/117","targetHints":{"allow":["GET"]}}],"collection":[{"href":"https:\/\/semmelweis.hu\/belonko\/wp-json\/wp\/v2\/pages"}],"about":[{"href":"https:\/\/semmelweis.hu\/belonko\/wp-json\/wp\/v2\/types\/page"}],"author":[{"embeddable":true,"href":"https:\/\/semmelweis.hu\/belonko\/wp-json\/wp\/v2\/users\/102189"}],"replies":[{"embeddable":true,"href":"https:\/\/semmelweis.hu\/belonko\/wp-json\/wp\/v2\/comments?post=117"}],"version-history":[{"count":9,"href":"https:\/\/semmelweis.hu\/belonko\/wp-json\/wp\/v2\/pages\/117\/revisions"}],"predecessor-version":[{"id":1597,"href":"https:\/\/semmelweis.hu\/belonko\/wp-json\/wp\/v2\/pages\/117\/revisions\/1597"}],"up":[{"embeddable":true,"href":"https:\/\/semmelweis.hu\/belonko\/wp-json\/wp\/v2\/pages\/42"}],"wp:attachment":[{"href":"https:\/\/semmelweis.hu\/belonko\/wp-json\/wp\/v2\/media?parent=117"}],"wp:term":[{"taxonomy":"category","embeddable":true,"href":"https:\/\/semmelweis.hu\/belonko\/wp-json\/wp\/v2\/categories?post=117"},{"taxonomy":"post_tag","embeddable":true,"href":"https:\/\/semmelweis.hu\/belonko\/wp-json\/wp\/v2\/tags?post=117"}],"curies":[{"name":"wp","href":"https:\/\/api.w.org\/{rel}","templated":true}]}}

<h3>Meghirdetett PhD-témák:</h3>
<ul style="list-style-type: square">
<li style="text-align: justify"><span style="font-size: 14pt">Malignus hematológiai betegségek anyagcsere vonatkozásai</span></li>
<li style="text-align: justify"><span style="font-size: 14pt">A kalcium- és csontanyagcsere beteg- ségeinek és az azt befolyásoló gyógyszereknek a hatása a csont ásványianyag tartalmára, minőségére és mechanikai kompetenciájára </span></li>
<li style="text-align: justify"><span style="font-size: 14pt">Pajzsmirigybetegségek és azok csontanyagcserehatásai </span></li>
<li style="text-align: justify"><span style="font-size: 14pt">A krónikus májbetegségek molekuláris genetikája, patomechanizmusa, korai diagnózisa, terápiája és megelőzése </span></li>
<li style="text-align: justify"><span style="font-size: 14pt">A gyulladásos bélbetegségek epidemiológiája, klinikuma és a be- tegség progresszióját meghatározó klinikai tényezők és biomarkerek </span></li>
<li style="text-align: justify"><span style="font-size: 14pt">A diabeteses és renalis neuropathiák pathogenezisének és diagnosztikájának újabb aspektusai </span></li>
<li style="text-align: justify"><span style="font-size: 14pt">Csontanyagcsere-betegségek molekuláris genetikája, patomechanizmusa és klinikai vonatkozásai </span></li>
<li style="text-align: justify"><span style="font-size: 14pt">A D-vitamin-anyagcsere molekuláris genetikája, a D-vitamin-hiány klinikai vonatkozásai </span></li>
<li style="text-align: justify"><span style="font-size: 14pt">A diabétesz normoglykaemiás kezelésének patofiziológiai vonatkozásai</span></li>
<li style="text-align: justify"><span style="font-size: 14pt">Prediktív és prognosztikia faktorok szolid tumorokban. Biomarkerek szolid daganatokban</span></li>
</ul>
<p><a class="button" href="https://semmelweis.hu/phd/" target="_blank" rel="noopener">tovább A DOKTORI ISKOLA HONLAPJÁra </a></p>

<p>Meghirdetett PhD-témák: Malignus hematológiai betegségek anyagcsere vonatkozásai A kalcium- és csontanyagcsere beteg- ségeinek és az azt befolyásoló gyógyszereknek a hatása a csont ásványianyag tartalmára, minőségére és mechanikai kompetenciájára  Pajzsmirigybetegségek és azok csontanyagcserehatásai  A krónikus májbetegségek molekuláris genetikája, patomechanizmusa, korai diagnózisa, terápiája és megelőzése  A gyulladásos bélbetegségek epidemiológiája, klinikuma és a be- tegség progresszióját meghatározó klinikai &hellip;</p>
