{"id":1018,"date":"2023-05-05T13:04:50","date_gmt":"2023-05-05T11:04:50","guid":{"rendered":"https:\/\/semmelweis.hu\/belonko\/?page_id=1018"},"modified":"2026-01-15T16:31:55","modified_gmt":"2026-01-15T15:31:55","slug":"omhv","status":"publish","type":"page","link":"https:\/\/semmelweis.hu\/belonko\/oktatas\/omhv\/","title":{"rendered":"OMHV &#8211; Oktat\u00f3i munka hallgat\u00f3i v\u00e9lem\u00e9nyez\u00e9se"},"content":{"rendered":"<p>Az oktat\u00f3i munka hallgat\u00f3i v\u00e9lem\u00e9nyez\u00e9s\u00e9nek (OMHV) c\u00e9lja t\u00f6bbek k\u00f6z\u00f6tt, hogy a hallgat\u00f3k v\u00e9lem\u00e9ny\u00e9nek megismer\u00e9s\u00e9vel hozz\u00e1j\u00e1ruljon az oktat\u00e1s sz\u00ednvonal\u00e1nak emel\u00e9s\u00e9hez, n\u00f6velje a k\u00e9pz\u00e9s hat\u00e9konys\u00e1g\u00e1t \u00e9s seg\u00edtse a fejlesztend\u0151 ter\u00fcletek azonos\u00edt\u00e1s\u00e1t.\u00a0<\/p>\n<p>Az OMHV rendj\u00e9t a Semmelweis Egyetem Szervezeti \u00e9s M\u0171k\u00f6d\u00e9si Szab\u00e1lyzata hat\u00e1rozza meg.<\/p>\n<p>&nbsp;<\/p>\n","protected":false},"excerpt":{"rendered":"<p>Az oktat\u00f3i munka hallgat\u00f3i v\u00e9lem\u00e9nyez\u00e9s\u00e9nek (OMHV) c\u00e9lja t\u00f6bbek k\u00f6z\u00f6tt, hogy a hallgat\u00f3k v\u00e9lem\u00e9ny\u00e9nek megismer\u00e9s\u00e9vel hozz\u00e1j\u00e1ruljon az oktat\u00e1s sz\u00ednvonal\u00e1nak emel\u00e9s\u00e9hez, n\u00f6velje a k\u00e9pz\u00e9s hat\u00e9konys\u00e1g\u00e1t \u00e9s seg\u00edtse a fejlesztend\u0151 ter\u00fcletek azonos\u00edt\u00e1s\u00e1t.\u00a0<br \/>\nAz OMHV rendj\u00e9t a Semmelweis Egyetem Szervezeti \u00e9s M\u0171k\u00f6d\u00e9si Szab\u00e1lyzata hat\u00e1rozza meg.<br \/>\n&nbsp;<\/p>\n","protected":false},"author":12,"featured_media":0,"parent":41,"menu_order":8,"comment_status":"closed","ping_status":"closed","template":"","meta":{"_acf_changed":false,"footnotes":""},"categories":[],"tags":[],"class_list":["post-1018","page","type-page","status-publish","hentry"],"acf":[],"_links":{"self":[{"href":"https:\/\/semmelweis.hu\/belonko\/wp-json\/wp\/v2\/pages\/1018","targetHints":{"allow":["GET"]}}],"collection":[{"href":"https:\/\/semmelweis.hu\/belonko\/wp-json\/wp\/v2\/pages"}],"about":[{"href":"https:\/\/semmelweis.hu\/belonko\/wp-json\/wp\/v2\/types\/page"}],"author":[{"embeddable":true,"href":"https:\/\/semmelweis.hu\/belonko\/wp-json\/wp\/v2\/users\/12"}],"replies":[{"embeddable":true,"href":"https:\/\/semmelweis.hu\/belonko\/wp-json\/wp\/v2\/comments?post=1018"}],"version-history":[{"count":5,"href":"https:\/\/semmelweis.hu\/belonko\/wp-json\/wp\/v2\/pages\/1018\/revisions"}],"predecessor-version":[{"id":3148,"href":"https:\/\/semmelweis.hu\/belonko\/wp-json\/wp\/v2\/pages\/1018\/revisions\/3148"}],"up":[{"embeddable":true,"href":"https:\/\/semmelweis.hu\/belonko\/wp-json\/wp\/v2\/pages\/41"}],"wp:attachment":[{"href":"https:\/\/semmelweis.hu\/belonko\/wp-json\/wp\/v2\/media?parent=1018"}],"wp:term":[{"taxonomy":"category","embeddable":true,"href":"https:\/\/semmelweis.hu\/belonko\/wp-json\/wp\/v2\/categories?post=1018"},{"taxonomy":"post_tag","embeddable":true,"href":"https:\/\/semmelweis.hu\/belonko\/wp-json\/wp\/v2\/tags?post=1018"}],"curies":[{"name":"wp","href":"https:\/\/api.w.org\/{rel}","templated":true}]}}

OMHV &#8211; Oktatói munka hallgatói véleményezése

<p>Az oktatói munka hallgatói véleményezésének (OMHV) célja többek között, hogy a hallgatók véleményének megismerésével hozzájáruljon az oktatás színvonalának emeléséhez, növelje a képzés hatékonyságát és segítse a fejlesztendő területek azonosítását. </p>
<p>Az OMHV rendjét a Semmelweis Egyetem Szervezeti és Működési Szabályzata határozza meg.</p>
<p>&nbsp;</p>

<p>Az oktatói munka hallgatói véleményezésének (OMHV) célja többek között, hogy a hallgatók véleményének megismerésével hozzájáruljon az oktatás színvonalának emeléséhez, növelje a képzés hatékonyságát és segítse a fejlesztendő területek azonosítását. <br />
Az OMHV rendjét a Semmelweis Egyetem Szervezeti és Működési Szabályzata határozza meg.<br />
&nbsp;</p>
