{"id":94,"date":"2021-04-30T13:10:03","date_gmt":"2021-04-30T11:10:03","guid":{"rendered":"http:\/\/semmelweis.hu\/belgyogyaszat3-v3\/?page_id=94"},"modified":"2024-09-06T12:19:46","modified_gmt":"2024-09-06T10:19:46","slug":"elerhetosegek","status":"publish","type":"page","link":"https:\/\/semmelweis.hu\/belhema\/elerhetosegek\/","title":{"rendered":"El\u00e9rhet\u0151s\u00e9gek"},"content":{"rendered":"<p><strong>C\u00edm:<\/strong> 1088 Budapest, Szentkir\u00e1lyi u. 46.<\/p>\n<p><strong>K\u00f6zponti telefonsz\u00e1m:<\/strong> <a href=\"tel:+3614591500\">+36 1 459 1500<\/a><br \/>\n\u00c1ltal\u00e1nos inform\u00e1ci\u00f3: <span style=\"font-size: 1rem\">55520 mell\u00e9k (porta)<\/span><\/p>\n<p><strong>E-mail:<\/strong> titkarsag.3bel@semmelweis.hu<\/p>\n<div class=\"fontos_div\">\n<p>A Klinika k\u00e9t \u00e9p\u00fcletb\u0151l \u00e1ll: a B \u00e9p\u00fclet az \u00dcll\u0151i \u00fat \u00e9s a Szentkir\u00e1lyi utca sark\u00e1n, az A \u00e9p\u00fclet a Szentkir\u00e1lyi utca ment\u00e9n helyezkedik el.<\/p>\n<\/div>\n<h4>megk\u00f6zel\u00edthet\u0151s\u00e9g:<\/h4>\n<ul style=\"list-style-type: square\">\n<li><strong>Gyalogosan<\/strong>: A klinikai t\u00f6mb Szentkir\u00e1lyi utcai, Baross utcai vagy M\u00e1ria utcai kapuja fel\u0151l (l\u00e1sd a kihelyezett t\u00e1j\u00e9koztat\u00f3 t\u00e1bl\u00e1kat)<\/li>\n<li><strong>G\u00e9pkocsival<\/strong>: A klinikai t\u00f6mb ter\u00fclet\u00e9n parkol\u00e1si lehet\u0151s\u00e9g nem \u00e1ll rendelkez\u00e9sre. Behajt\u00e1s csak arra a r\u00f6vid id\u0151re enged\u00e9lyezett, am\u00edg a mozg\u00e1s\u00e1ban korl\u00e1tozott beteg kisz\u00e1ll. Parkol\u00e1s a k\u00f6rnyez\u0151 utc\u00e1kban (\u00dcll\u0151i \u00fat, M\u00e1ria utca, Szentkir\u00e1lyi utca, Baross utca) lehets\u00e9ges, <em>h\u00e9tk\u00f6znap 8:00-18:00 \u00f3ra k\u00f6z\u00f6tt a parkol\u00e1s d\u00edjk\u00f6teles! <br \/>\n<\/em><\/li>\n<li><strong>T\u00f6megk\u00f6zleked\u00e9ssel<\/strong>: M3 metr\u00f3 \/ 4-6 villamos Corvin negyed meg\u00e1ll\u00f3ja, 83-as trolibusz \u00dcll\u0151i \u00fat meg\u00e1ll\u00f3ja, 72-es trolibusz \u00e9s 9-es aut\u00f3busz Szentkir\u00e1lyi utcai meg\u00e1ll\u00f3ja<\/li>\n<\/ul>\n\n<!-- iframe plugin v.4.9 wordpress.org\/plugins\/iframe\/ -->\n<iframe src=\"https:\/\/www.google.com\/maps\/embed?pb=!1m18!1m12!1m3!1d2696.1205049030114!2d19.064689315626403!3d47.48756577917703!2m3!1f0!2f0!3f0!3m2!1i1024!2i768!4f13.1!3m3!1m2!1s0x4741dc5985da58d1%3A0xd3e7e399ad4bb144!2sSemmelweis%20University%20II.%20No.%20Of%20Internal%20Medicine!5e0!3m2!1sen!2shu!4v1679559196934!5m2!1sen!2shu\" width=\"100%\" height=\"350\" style=\"border:0;\" allowfullscreen loading=\"lazy\" referrerpolicy=\"no-referrer-when-downgrade\" scrolling=\"yes\" class=\"iframe-class\" frameborder=\"0\"><\/iframe>\n\n","protected":false},"excerpt":{"rendered":"<p>C\u00edm: 1088 Budapest, Szentkir\u00e1lyi u. 46. K\u00f6zponti telefonsz\u00e1m: <a href=\"tel:+3614591500\">+36 1 459 1500<\/a> \u00c1ltal\u00e1nos inform\u00e1ci\u00f3: 55520 mell\u00e9k (porta) E-mail: titkarsag.3bel@semmelweis.hu A Klinika k\u00e9t \u00e9p\u00fcletb\u0151l \u00e1ll: a B \u00e9p\u00fclet az \u00dcll\u0151i \u00fat \u00e9s a Szentkir\u00e1lyi utca sark\u00e1n, az A \u00e9p\u00fclet a Szentkir\u00e1lyi utca ment\u00e9n helyezkedik el. megk\u00f6zel\u00edthet\u0151s\u00e9g: Gyalogosan: A klinikai t\u00f6mb Szentkir\u00e1lyi utcai, Baross utcai vagy M\u00e1ria utcai kapuja fel\u0151l (l\u00e1sd &hellip;<\/p>\n","protected":false},"author":334,"featured_media":0,"parent":0,"menu_order":9,"comment_status":"closed","ping_status":"closed","template":"","meta":{"_acf_changed":false,"footnotes":""},"categories":[],"tags":[],"class_list":["post-94","page","type-page","status-publish","hentry"],"acf":[],"_links":{"self":[{"href":"https:\/\/semmelweis.hu\/belhema\/wp-json\/wp\/v2\/pages\/94","targetHints":{"allow":["GET"]}}],"collection":[{"href":"https:\/\/semmelweis.hu\/belhema\/wp-json\/wp\/v2\/pages"}],"about":[{"href":"https:\/\/semmelweis.hu\/belhema\/wp-json\/wp\/v2\/types\/page"}],"author":[{"embeddable":true,"href":"https:\/\/semmelweis.hu\/belhema\/wp-json\/wp\/v2\/users\/334"}],"replies":[{"embeddable":true,"href":"https:\/\/semmelweis.hu\/belhema\/wp-json\/wp\/v2\/comments?post=94"}],"version-history":[{"count":10,"href":"https:\/\/semmelweis.hu\/belhema\/wp-json\/wp\/v2\/pages\/94\/revisions"}],"predecessor-version":[{"id":8761,"href":"https:\/\/semmelweis.hu\/belhema\/wp-json\/wp\/v2\/pages\/94\/revisions\/8761"}],"wp:attachment":[{"href":"https:\/\/semmelweis.hu\/belhema\/wp-json\/wp\/v2\/media?parent=94"}],"wp:term":[{"taxonomy":"category","embeddable":true,"href":"https:\/\/semmelweis.hu\/belhema\/wp-json\/wp\/v2\/categories?post=94"},{"taxonomy":"post_tag","embeddable":true,"href":"https:\/\/semmelweis.hu\/belhema\/wp-json\/wp\/v2\/tags?post=94"}],"curies":[{"name":"wp","href":"https:\/\/api.w.org\/{rel}","templated":true}]}}

Elérhetőségek

<p><strong>Cím:</strong> 1088 Budapest, Szentkirályi u. 46.</p>
<p><strong>Központi telefonszám:</strong> <a href="tel:+3614591500">+36 1 459 1500</a><br />
Általános információ: <span style="font-size: 1rem">55520 mellék (porta)</span></p>
<p><strong>E-mail:</strong> titkarsag.3bel@semmelweis.hu</p>
<div class="fontos_div">
<p>A Klinika két épületből áll: a B épület az Üllői út és a Szentkirályi utca sarkán, az A épület a Szentkirályi utca mentén helyezkedik el.</p>
</div>
<h4>megközelíthetőség:</h4>
<ul style="list-style-type: square">
<li><strong>Gyalogosan</strong>: A klinikai tömb Szentkirályi utcai, Baross utcai vagy Mária utcai kapuja felől (lásd a kihelyezett tájékoztató táblákat)</li>
<li><strong>Gépkocsival</strong>: A klinikai tömb területén parkolási lehetőség nem áll rendelkezésre. Behajtás csak arra a rövid időre engedélyezett, amíg a mozgásában korlátozott beteg kiszáll. Parkolás a környező utcákban (Üllői út, Mária utca, Szentkirályi utca, Baross utca) lehetséges, <em>hétköznap 8:00-18:00 óra között a parkolás díjköteles! <br />
</em></li>
<li><strong>Tömegközlekedéssel</strong>: M3 metró / 4-6 villamos Corvin negyed megállója, 83-as trolibusz Üllői út megállója, 72-es trolibusz és 9-es autóbusz Szentkirályi utcai megállója</li>
</ul>

<!-- iframe plugin v.4.9 wordpress.org/plugins/iframe/ -->
<iframe src="https://www.google.com/maps/embed?pb=!1m18!1m12!1m3!1d2696.1205049030114!2d19.064689315626403!3d47.48756577917703!2m3!1f0!2f0!3f0!3m2!1i1024!2i768!4f13.1!3m3!1m2!1s0x4741dc5985da58d1%3A0xd3e7e399ad4bb144!2sSemmelweis%20University%20II.%20No.%20Of%20Internal%20Medicine!5e0!3m2!1sen!2shu!4v1679559196934!5m2!1sen!2shu" width="100%" height="350" style="border:0;" allowfullscreen loading="lazy" referrerpolicy="no-referrer-when-downgrade" scrolling="yes" class="iframe-class" frameborder="0"></iframe>

<p>Cím: 1088 Budapest, Szentkirályi u. 46. Központi telefonszám: <a href="tel:+3614591500">+36 1 459 1500</a> Általános információ: 55520 mellék (porta) E-mail: titkarsag.3bel@semmelweis.hu A Klinika két épületből áll: a B épület az Üllői út és a Szentkirályi utca sarkán, az A épület a Szentkirályi utca mentén helyezkedik el. megközelíthetőség: Gyalogosan: A klinikai tömb Szentkirályi utcai, Baross utcai vagy Mária utcai kapuja felől (lásd &hellip;</p>
