{"id":70,"date":"2021-04-30T13:04:26","date_gmt":"2021-04-30T11:04:26","guid":{"rendered":"http:\/\/semmelweis.hu\/belgyogyaszat3-v3\/?page_id=70"},"modified":"2025-06-03T09:46:19","modified_gmt":"2025-06-03T07:46:19","slug":"tdk","status":"publish","type":"page","link":"https:\/\/semmelweis.hu\/belhema\/oktatas\/tdk\/","title":{"rendered":"TDK"},"content":{"rendered":"<h3>2025\/2026. tan\u00e9vben meghirdetett TDK t\u00e9m\u00e1k<\/h3>\n<p>(friss\u00edtve: 2025.06.03.)<\/p>\n<p><strong>T\u00e9mavezet\u0151: Dr. Bod\u00f3 Imre egyetemi docens<\/strong><\/p>\n<ul style=\"list-style-type: square\">\n<li>A szerzett inhibitoros hemof\u00edlia \u00e9s modern kezel\u00e9se<\/li>\n<li>A szerzett hemof\u00edlia immunszuppressz\u00edv kezel\u00e9se<\/li>\n<\/ul>\n<p><strong>T\u00e9mavezet\u0151: Dr. Farkas Henriette egyetemi tan\u00e1r, Dr. Szil\u00e1gyi \u00c1gnes tudom\u00e1nyos f\u0151munkat\u00e1rs<\/strong><\/p>\n<ul style=\"list-style-type: square\">\n<li>A nem C1-inhibitor hi\u00e1nyos angio\u00f6d\u00e9ma genetikai vizsg\u00e1lata<\/li>\n<\/ul>\n<p><strong>T\u00e9mavezet\u0151: Dr. Farkas Henriette egyetemi tan\u00e1r<\/strong><\/p>\n<ul style=\"list-style-type: square\">\n<li>A herediter angio\u00f6d\u00e9ma \u00e9s az allergi\u00e1s, valamint autoimmun k\u00f3rk\u00e9pek kapcsolata<\/li>\n<\/ul>\n<p><strong>T\u00e9mavezet\u0151: Dr. Jenei Zsigmond adjunktus<\/strong><\/p>\n<ul style=\"list-style-type: square\">\n<li>Az ultrahang szerepe az akut betegell\u00e1t\u00e1sban<\/li>\n<li>A POCUS szerepe a differenci\u00e1ldiagn\u00f3zisban<\/li>\n<li>A t\u00fcd\u0151 ultrahangvizsg\u00e1lat\u00e1nak szerepe a differenci\u00e1ldiagn\u00f3zisban<\/li>\n<li>Clostridium difficile fert\u0151z\u00e9s sz\u00edvel\u00e9gtelen betegek k\u00f6r\u00e9ben<\/li>\n<li>A Clostridium difficile fert\u0151z\u00e9s visszaszor\u00edt\u00e1s\u00e1nak lehet\u0151s\u00e9gei<\/li>\n<\/ul>\n<p><strong>T\u00e9mavezet\u0151: Dr. Mih\u00e1ly Emese egyetemi docens<\/strong><\/p>\n<ul style=\"list-style-type: square\">\n<li>Mikroszk\u00f3pos colitis term\u00e9szetes lefoly\u00e1sa \u00e9s csontanyagcser\u00e9vel val\u00f3 kapcsolata<\/li>\n<li>A hydradenitis suppurativa \u00e9s a mikroszk\u00f3pos colitis kapcsolat\u00e1nak vizsg\u00e1lata<\/li>\n<li>Nem CRC sz\u0171r\u00e9s miatt v\u00e9gzett colonoscopia sor\u00e1n azonos\u00edtott incident\u00e1lis CRC-k vizsg\u00e1lata<\/li>\n<\/ul>\n<p><strong>T\u00e9mavezet\u0151: Dr. M\u0171zes Gy\u00f6rgyi egyetemi docens, Dr. Sipos Ferenc adjunktus<\/strong><\/p>\n<ul style=\"list-style-type: square\">\n<li>A TLR9\/autof\u00e1gia k\u00f6lcs\u00f6nhat\u00e1s \u00e9s a HGFR jel\u00e1tvitel szerepe a HT29 \u00e9s HuH7 sejtek t\u00fal\u00e9l\u00e9s\u00e9re<\/li>\n<li>A TLR9-medi\u00e1lt autof\u00e1gia v\u00e1lasz \u00e9s az IGF1R jel\u00e1tvitel befoly\u00e1sol\u00e1s\u00e1nak hat\u00e1sa a HT29 \u00e9s HuH7 sejtek ultrastrukt\u00far\u00e1j\u00e1ra<\/li>\n<\/ul>\n<p><strong>T\u00e9mavezet\u0151: Dr. Nagy G\u00e9za adjunktus<\/strong><\/p>\n<ul style=\"list-style-type: square\">\n<li>\u0150ssejtter\u00e1pia 1-es t\u00edpus\u00fa diab\u00e9teszben<\/li>\n<\/ul>\n<p><strong>T\u00e9mavezet\u0151: Dr. Pozsonyi Zolt\u00e1n egyetemi docens, Dr. Proh\u00e1szka Bence<\/strong><\/p>\n<ul style=\"list-style-type: square\">\n<li>Colorectalis carcinom\u00e1val diagnosztiz\u00e1lt magyarorsz\u00e1gi betegek kardiovaszkul\u00e1ris t\u00e1rsbetegs\u00e9gei, rizik\u00f3t\u00e9nyez\u0151i \u00e9s komorbidit\u00e1sa<\/li>\n<\/ul>\n<p><strong>T\u00e9mavezet\u0151: Dr. S\u00e1rm\u00e1n Beatrix egyetemi docens<\/strong><\/p>\n<ul style=\"list-style-type: square\">\n<li>Terhess\u00e9g \u00e9s diabetes<\/li>\n<li>Autoimmun polyglandularis szindr\u00f3ma<\/li>\n<\/ul>\n<p><strong>T\u00e9mavezet\u0151: Dr. Sinkovits Gy\u00f6rgy tan\u00e1rseg\u00e9d<\/strong><\/p>\n<ul style=\"list-style-type: square\">\n<li>Komplement-medi\u00e1lt sejtl\u00edzis vizsg\u00e1lata<\/li>\n<li>Rituximab-induk\u00e1lt komplement-medi\u00e1lt l\u00edzist befoly\u00e1sol\u00f3 t\u00e9nyez\u0151k vizsg\u00e1lata \u00e1raml\u00e1si citometri\u00e1val Raji B-sejt modellen<\/li>\n<\/ul>\n<p><strong>T\u00e9mavezet\u0151: Dr. Sinkovits Gy\u00f6rgy tan\u00e1rseg\u00e9d, Dr. Kiszel Petra tudom\u00e1nyos munkat\u00e1rs<\/strong><\/p>\n<ul style=\"list-style-type: square\">\n<li>Komplement biomarkerek szerepe gyullad\u00e1sos \u00e1llapotokban<\/li>\n<\/ul>\n<p><strong>T\u00e9mavezet\u0151: Dr. Sipter Emese adjunktus<\/strong><\/p>\n<ul style=\"list-style-type: square\">\n<li>K\u00f6rnyezeti t\u00e9nyez\u0151k \u00e9s rizik\u00f3faktorok szerepe diabetes mellitusban<\/li>\n<li>Infekci\u00f3k szerepe cukorbetegs\u00e9gben<\/li>\n<li>Hyperlipidaemi\u00e1k a klinikai gyakorlatban<\/li>\n<li>NAFLD \u00e9s diabetes<\/li>\n<li>Gyullad\u00e1s \u00e9s komplementrendszer vizsg\u00e1lata 2-es t\u00edpus\u00fa cukorbetegekben<\/li>\n<\/ul>\n<p><strong>T\u00e9mavezet\u0151: Dr. Tegze B\u00e1lint adjunktus<\/strong><\/p>\n<ul style=\"list-style-type: square\">\n<li>Predikt\u00edv \u00e9s prognosztikus markerek vizsg\u00e1lata gastrointestinalis daganatban szenved\u0151 betegekben<\/li>\n<\/ul>\n<p><strong>T\u00e9mavezet\u0151: Dr. Varga \u00c9va adjunktus<\/strong><\/p>\n<ul style=\"list-style-type: square\">\n<li>Dyslipidaemia diabetesben<\/li>\n<\/ul>\n<p><strong>T\u00e9mavezet\u0151: Dr. Varga Gergely egyetemi docens<\/strong><\/p>\n<ul style=\"list-style-type: square\">\n<li>Myeloma multiplex &#8211; prognosztikai t\u00e9nyez\u0151k<\/li>\n<li>Myeloma multiplex &#8211; kezel\u00e9s \u00e9s \u00e9letmin\u0151s\u00e9g<\/li>\n<li>Amyloidosis &#8211; kezel\u00e9s \u00e9s progn\u00f3zis<\/li>\n<\/ul>\n<p><strong>T\u00e9mavezet\u0151: Dr. Vereckei Andr\u00e1s egyetemi docens<\/strong><\/p>\n<ul style=\"list-style-type: square\">\n<li>A meg\u0151rz\u00f6tt ejekci\u00f3s frakci\u00f3j\u00fa sz\u00edvel\u00e9gtelens\u00e9g (HFPEF) \u00faj, hat\u00e9kony, a betegs\u00e9g patomechanizmus\u00e1t kedvez\u0151en befoly\u00e1sol\u00f3 kezel\u00e9s\u00e9nek kifejleszt\u00e9se<\/li>\n<li>\u00daj electrocardiographi\u00e1s m\u00f3dszerek szerepe a betegek cardialis reszinkroniz\u00e1ci\u00f3s ter\u00e1pi\u00e1ra t\u00f6rt\u00e9n\u0151 jobb kiv\u00e1laszt\u00e1s\u00e1ban<\/li>\n<li>Az electrocardiographia szerepe az acut t\u00fcd\u0151embolia pretest val\u00f3sz\u00edn\u0171s\u00e9g\u00e9nek becsl\u00e9s\u00e9ben<\/li>\n<li>\u00daj EKG krit\u00e9riumok alkalmaz\u00e1sa a cardialis amyloidosis pontosabb, koraibb diagnosztiz\u00e1l\u00e1s\u00e1ra<\/li>\n<\/ul>\n<p>&nbsp;<\/p>\n","protected":false},"excerpt":{"rendered":"<p>2025\/2026. tan\u00e9vben meghirdetett TDK t\u00e9m\u00e1k (friss\u00edtve: 2025.06.03.) T\u00e9mavezet\u0151: Dr. Bod\u00f3 Imre egyetemi docens A szerzett inhibitoros hemof\u00edlia \u00e9s modern kezel\u00e9se A szerzett hemof\u00edlia immunszuppressz\u00edv kezel\u00e9se T\u00e9mavezet\u0151: Dr. Farkas Henriette egyetemi tan\u00e1r, Dr. Szil\u00e1gyi \u00c1gnes tudom\u00e1nyos f\u0151munkat\u00e1rs A nem C1-inhibitor hi\u00e1nyos angio\u00f6d\u00e9ma genetikai vizsg\u00e1lata T\u00e9mavezet\u0151: Dr. Farkas Henriette egyetemi tan\u00e1r A herediter angio\u00f6d\u00e9ma \u00e9s az allergi\u00e1s, &hellip;<\/p>\n","protected":false},"author":334,"featured_media":0,"parent":46,"menu_order":3,"comment_status":"closed","ping_status":"closed","template":"","meta":{"_acf_changed":false,"footnotes":""},"categories":[],"tags":[],"class_list":["post-70","page","type-page","status-publish","hentry"],"acf":[],"_links":{"self":[{"href":"https:\/\/semmelweis.hu\/belhema\/wp-json\/wp\/v2\/pages\/70","targetHints":{"allow":["GET"]}}],"collection":[{"href":"https:\/\/semmelweis.hu\/belhema\/wp-json\/wp\/v2\/pages"}],"about":[{"href":"https:\/\/semmelweis.hu\/belhema\/wp-json\/wp\/v2\/types\/page"}],"author":[{"embeddable":true,"href":"https:\/\/semmelweis.hu\/belhema\/wp-json\/wp\/v2\/users\/334"}],"replies":[{"embeddable":true,"href":"https:\/\/semmelweis.hu\/belhema\/wp-json\/wp\/v2\/comments?post=70"}],"version-history":[{"count":10,"href":"https:\/\/semmelweis.hu\/belhema\/wp-json\/wp\/v2\/pages\/70\/revisions"}],"predecessor-version":[{"id":8831,"href":"https:\/\/semmelweis.hu\/belhema\/wp-json\/wp\/v2\/pages\/70\/revisions\/8831"}],"up":[{"embeddable":true,"href":"https:\/\/semmelweis.hu\/belhema\/wp-json\/wp\/v2\/pages\/46"}],"wp:attachment":[{"href":"https:\/\/semmelweis.hu\/belhema\/wp-json\/wp\/v2\/media?parent=70"}],"wp:term":[{"taxonomy":"category","embeddable":true,"href":"https:\/\/semmelweis.hu\/belhema\/wp-json\/wp\/v2\/categories?post=70"},{"taxonomy":"post_tag","embeddable":true,"href":"https:\/\/semmelweis.hu\/belhema\/wp-json\/wp\/v2\/tags?post=70"}],"curies":[{"name":"wp","href":"https:\/\/api.w.org\/{rel}","templated":true}]}}