{"id":57,"date":"2021-04-30T12:55:19","date_gmt":"2021-04-30T10:55:19","guid":{"rendered":"http:\/\/semmelweis.hu\/belgyogyaszat3-v3\/?page_id=57"},"modified":"2024-10-07T09:01:39","modified_gmt":"2024-10-07T07:01:39","slug":"fok","status":"publish","type":"page","link":"https:\/\/semmelweis.hu\/belhema\/oktatas\/fok\/","title":{"rendered":"FOK"},"content":{"rendered":"<p><strong><a href=\"https:\/\/semmelweis.hu\/belhema\/oktatas\/\" target=\"_blank\" rel=\"noopener\">\u00c1ltal\u00e1nos oktat\u00e1si inform\u00e1ci\u00f3 \u2192<\/a><\/strong><\/p>\n<p><strong>Oktatott t\u00e1rgy: Belgy\u00f3gy\u00e1szat II (IV. \u00e9vfolyam)<\/strong><\/p>\n<ul style=\"list-style-type: square\">\n<li><a href=\"https:\/\/semmelweis.hu\/belhema\/files\/2024\/02\/Belgyogyaszat-II-szeminariumok-2023-2024.pdf\" target=\"_blank\" rel=\"noopener\">El\u0151ad\u00e1sok &#8211; 2023\/2024. tan\u00e9v tavaszi f\u00e9l\u00e9v<\/a> (pdf)<\/li>\n<li><a href=\"https:\/\/semmelweis.hu\/belhema\/files\/2024\/02\/Belgyogyaszat-II-gyakorlati-beosztas-2023-2024.pdf\" target=\"_blank\" rel=\"noopener\">Gyakorlati beoszt\u00e1s &#8211; 2023\/2024. tavaszi f\u00e9l\u00e9v<\/a> (pdf)<\/li>\n<li><a href=\"https:\/\/semmelweis.hu\/belhema\/files\/2023\/05\/Kovetelmenyrendszer-2023-2024-FOK-Belgyogyaszat-II.pdf\" target=\"_blank\" rel=\"noopener\">K\u00f6vetelm\u00e9nyrendszer FOK Belgy\u00f3gy\u00e1szat II 2023\/2024. tan\u00e9v<\/a>\u00a0(pdf)<\/li>\n<li><a href=\"https:\/\/semmelweis.hu\/belhema\/files\/2024\/10\/OMHV-2023_2024-II-FOK-Belgyogyaszat-II.-FOKOBHK301_2M.pdf\" target=\"_blank\" rel=\"noopener\">Int\u00e9zked\u00e9si terv OMHV alapj\u00e1n (2023-2024. tan\u00e9v) Belgy\u00f3gy\u00e1szat II<\/a> (pdf)<\/li>\n<li><a href=\"https:\/\/semmelweis.hu\/belhema\/files\/2023\/05\/Belgyogyaszat-szigorlati-tetelsor-FOK-2023_2024.pdf\" target=\"_blank\" rel=\"noopener\">Szigorlati t\u00e9telsor<\/a> (pdf)<\/li>\n<\/ul>\n","protected":false},"excerpt":{"rendered":"<p><a href=\"https:\/\/semmelweis.hu\/belhema\/oktatas\/\" target=\"_blank\" rel=\"noopener\">\u00c1ltal\u00e1nos oktat\u00e1si inform\u00e1ci\u00f3 \u2192<\/a><br \/>\nOktatott t\u00e1rgy: Belgy\u00f3gy\u00e1szat II (IV. \u00e9vfolyam)<\/p>\n<p><a href=\"https:\/\/semmelweis.hu\/belhema\/files\/2024\/02\/Belgyogyaszat-II-szeminariumok-2023-2024.pdf\" target=\"_blank\" rel=\"noopener\">El\u0151ad\u00e1sok &#8211; 2023\/2024. tan\u00e9v tavaszi f\u00e9l\u00e9v<\/a> (pdf)<br \/>\n<a href=\"https:\/\/semmelweis.hu\/belhema\/files\/2024\/02\/Belgyogyaszat-II-gyakorlati-beosztas-2023-2024.pdf\" target=\"_blank\" rel=\"noopener\">Gyakorlati beoszt\u00e1s &#8211; 2023\/2024. tavaszi f\u00e9l\u00e9v<\/a> (pdf)<br \/>\n<a href=\"https:\/\/semmelweis.hu\/belhema\/files\/2023\/05\/Kovetelmenyrendszer-2023-2024-FOK-Belgyogyaszat-II.pdf\" target=\"_blank\" rel=\"noopener\">K\u00f6vetelm\u00e9nyrendszer FOK Belgy\u00f3gy\u00e1szat II 2023\/2024. tan\u00e9v<\/a>\u00a0(pdf)<br \/>\n<a href=\"https:\/\/semmelweis.hu\/belhema\/files\/2024\/10\/OMHV-2023_2024-II-FOK-Belgyogyaszat-II.-FOKOBHK301_2M.pdf\" target=\"_blank\" rel=\"noopener\">Int\u00e9zked\u00e9si terv OMHV alapj\u00e1n (2023-2024. tan\u00e9v) Belgy\u00f3gy\u00e1szat II<\/a> (pdf)<br \/>\n<a href=\"https:\/\/semmelweis.hu\/belhema\/files\/2023\/05\/Belgyogyaszat-szigorlati-tetelsor-FOK-2023_2024.pdf\" target=\"_blank\" rel=\"noopener\">Szigorlati t\u00e9telsor<\/a> (pdf)<\/p>\n","protected":false},"author":334,"featured_media":0,"parent":46,"menu_order":2,"comment_status":"closed","ping_status":"closed","template":"","meta":{"_acf_changed":false,"footnotes":""},"categories":[],"tags":[],"class_list":["post-57","page","type-page","status-publish","hentry"],"acf":[],"_links":{"self":[{"href":"https:\/\/semmelweis.hu\/belhema\/wp-json\/wp\/v2\/pages\/57","targetHints":{"allow":["GET"]}}],"collection":[{"href":"https:\/\/semmelweis.hu\/belhema\/wp-json\/wp\/v2\/pages"}],"about":[{"href":"https:\/\/semmelweis.hu\/belhema\/wp-json\/wp\/v2\/types\/page"}],"author":[{"embeddable":true,"href":"https:\/\/semmelweis.hu\/belhema\/wp-json\/wp\/v2\/users\/334"}],"replies":[{"embeddable":true,"href":"https:\/\/semmelweis.hu\/belhema\/wp-json\/wp\/v2\/comments?post=57"}],"version-history":[{"count":10,"href":"https:\/\/semmelweis.hu\/belhema\/wp-json\/wp\/v2\/pages\/57\/revisions"}],"predecessor-version":[{"id":8785,"href":"https:\/\/semmelweis.hu\/belhema\/wp-json\/wp\/v2\/pages\/57\/revisions\/8785"}],"up":[{"embeddable":true,"href":"https:\/\/semmelweis.hu\/belhema\/wp-json\/wp\/v2\/pages\/46"}],"wp:attachment":[{"href":"https:\/\/semmelweis.hu\/belhema\/wp-json\/wp\/v2\/media?parent=57"}],"wp:term":[{"taxonomy":"category","embeddable":true,"href":"https:\/\/semmelweis.hu\/belhema\/wp-json\/wp\/v2\/categories?post=57"},{"taxonomy":"post_tag","embeddable":true,"href":"https:\/\/semmelweis.hu\/belhema\/wp-json\/wp\/v2\/tags?post=57"}],"curies":[{"name":"wp","href":"https:\/\/api.w.org\/{rel}","templated":true}]}}

<p><strong><a href="https://semmelweis.hu/belhema/oktatas/" target="_blank" rel="noopener">Általános oktatási információ →</a></strong></p>
<p><strong>Oktatott tárgy: Belgyógyászat II (IV. évfolyam)</strong></p>
<ul style="list-style-type: square">
<li><a href="https://semmelweis.hu/belhema/files/2024/02/Belgyogyaszat-II-szeminariumok-2023-2024.pdf" target="_blank" rel="noopener">Előadások &#8211; 2023/2024. tanév tavaszi félév</a> (pdf)</li>
<li><a href="https://semmelweis.hu/belhema/files/2024/02/Belgyogyaszat-II-gyakorlati-beosztas-2023-2024.pdf" target="_blank" rel="noopener">Gyakorlati beosztás &#8211; 2023/2024. tavaszi félév</a> (pdf)</li>
<li><a href="https://semmelweis.hu/belhema/files/2023/05/Kovetelmenyrendszer-2023-2024-FOK-Belgyogyaszat-II.pdf" target="_blank" rel="noopener">Követelményrendszer FOK Belgyógyászat II 2023/2024. tanév</a> (pdf)</li>
<li><a href="https://semmelweis.hu/belhema/files/2024/10/OMHV-2023_2024-II-FOK-Belgyogyaszat-II.-FOKOBHK301_2M.pdf" target="_blank" rel="noopener">Intézkedési terv OMHV alapján (2023-2024. tanév) Belgyógyászat II</a> (pdf)</li>
<li><a href="https://semmelweis.hu/belhema/files/2023/05/Belgyogyaszat-szigorlati-tetelsor-FOK-2023_2024.pdf" target="_blank" rel="noopener">Szigorlati tételsor</a> (pdf)</li>
</ul>

<p><a href="https://semmelweis.hu/belhema/oktatas/" target="_blank" rel="noopener">Általános oktatási információ →</a><br />
Oktatott tárgy: Belgyógyászat II (IV. évfolyam)</p>
<p><a href="https://semmelweis.hu/belhema/files/2024/02/Belgyogyaszat-II-szeminariumok-2023-2024.pdf" target="_blank" rel="noopener">Előadások &#8211; 2023/2024. tanév tavaszi félév</a> (pdf)<br />
<a href="https://semmelweis.hu/belhema/files/2024/02/Belgyogyaszat-II-gyakorlati-beosztas-2023-2024.pdf" target="_blank" rel="noopener">Gyakorlati beosztás &#8211; 2023/2024. tavaszi félév</a> (pdf)<br />
<a href="https://semmelweis.hu/belhema/files/2023/05/Kovetelmenyrendszer-2023-2024-FOK-Belgyogyaszat-II.pdf" target="_blank" rel="noopener">Követelményrendszer FOK Belgyógyászat II 2023/2024. tanév</a> (pdf)<br />
<a href="https://semmelweis.hu/belhema/files/2024/10/OMHV-2023_2024-II-FOK-Belgyogyaszat-II.-FOKOBHK301_2M.pdf" target="_blank" rel="noopener">Intézkedési terv OMHV alapján (2023-2024. tanév) Belgyógyászat II</a> (pdf)<br />
<a href="https://semmelweis.hu/belhema/files/2023/05/Belgyogyaszat-szigorlati-tetelsor-FOK-2023_2024.pdf" target="_blank" rel="noopener">Szigorlati tételsor</a> (pdf)</p>
