{"id":525,"date":"2023-04-02T17:39:58","date_gmt":"2023-04-02T15:39:58","guid":{"rendered":"https:\/\/semmelweis.hu\/belhema\/?page_id=525"},"modified":"2023-05-03T15:34:51","modified_gmt":"2023-05-03T13:34:51","slug":"hematologiai-kuraszeru-reszleg","status":"publish","type":"page","link":"https:\/\/semmelweis.hu\/belhema\/jarobeteg-ellatas\/kuraszeru-ellatas\/hematologiai-kuraszeru-reszleg\/","title":{"rendered":"Hematol\u00f3giai k\u00faraszer\u0171 r\u00e9szleg"},"content":{"rendered":"<div id=\"GroupWiseSection_1679933990000_masszi.tamas@med.semmelweis-univ.hu_570C170017F00000B149000000000000_\" class=\"GroupWiseMessageBody active\">\n<p dir=\"ltr\">T\u00f6bb, kor\u00e1bban csak fekv\u0151betegeken alkalmazott <strong>hematol\u00f3giai kezel\u00e9s<\/strong>t ma m\u00e1r j\u00e1r\u00f3beteg-ell\u00e1t\u00e1s sor\u00e1n kapnak a betegek. Ilyenkor a beteg a k\u00faraszer\u0171 r\u00e9szleg \u00e1llom\u00e1ny\u00e1ban van, mintha egy nappali k\u00f3rh\u00e1zban lenne, \u00e9s a ter\u00e1pi\u00e1s protokollnak megfelel\u0151 ritmusban naponta vagy hetente \u00e9rkezik kezel\u00e9sre. Ilyen m\u00f3don kezelj\u00fck a legt\u00f6bb limf\u00f3m\u00e1t, a miel\u00f3m\u00e1t \u00e9s a leuk\u00e9mia t\u00f6bb form\u00e1j\u00e1t is.<\/p>\n<p dir=\"ltr\">Ha valaki tervezhet\u0151 m\u00f3don szorul <strong>v\u00e9r\u00e1t\u00f6mleszt\u00e9s<\/strong>re, azt is a k\u00faraszer\u0171 r\u00e9szleg oldja meg a legt\u00f6bbsz\u00f6r.<\/p>\n<p dir=\"ltr\">A betegek ell\u00e1t\u00e1s\u00e1\u00e9rt a k\u00faraszer\u0171 r\u00e9szleg orvosai \u00e9s n\u0151v\u00e9rei felelnek; \u00e1llapotroml\u00e1s, komplik\u00e1ci\u00f3 eset\u00e9n pedig felv\u00e9telre ker\u00fclnek a fekv\u0151beteg-ell\u00e1t\u00f3 oszt\u00e1lyra.<\/p>\n<div class=\"fontos_div\">\n<p dir=\"ltr\">A k\u00faraszer\u0171 kezel\u00e9s el\u0151nye, hogy kev\u00e9sb\u00e9 zavarja meg a beteg \u00e9letvitel\u00e9t, lehet\u0151v\u00e9 teszi, hogy k\u00f6zben folytassa a munk\u00e1t, szerettei k\u00f6z\u00f6tt maradhasson.<\/p>\n<\/div>\n<p dir=\"ltr\">A k\u00faraszer\u0171 r\u00e9szleg 7:00-14:00 \u00f3ra k\u00f6z\u00f6tt fogadja a betegeket.<\/p>\n<p dir=\"ltr\">F\u0151n\u0151v\u00e9r: Berkes Krisztina<\/p>\n<\/div>\n<div class=\"keretes w-100\">\n<p>A Hematol\u00f3giai k\u00faraszer\u0171 r\u00e9szleg a Klinika <strong>A \u00e9p\u00fclet\u00e9nek f\u00f6ldszintj\u00e9n <\/strong>tal\u00e1lhat\u00f3.<\/p>\n<p><strong>Akad\u00e1lymentes megk\u00f6zel\u00edt\u00e9s<\/strong> a klinikai t\u00f6mb udvara fel\u0151l lifttel, illetve r\u00e1mp\u00e1n kereszt\u00fcl lehets\u00e9ges.<\/p>\n<\/div>\n","protected":false},"excerpt":{"rendered":"<p>T\u00f6bb, kor\u00e1bban csak fekv\u0151betegeken alkalmazott hematol\u00f3giai kezel\u00e9st ma m\u00e1r j\u00e1r\u00f3beteg-ell\u00e1t\u00e1s sor\u00e1n kapnak a betegek. Ilyenkor a beteg a k\u00faraszer\u0171 r\u00e9szleg \u00e1llom\u00e1ny\u00e1ban van, mintha egy nappali k\u00f3rh\u00e1zban lenne, \u00e9s a ter\u00e1pi\u00e1s protokollnak megfelel\u0151 ritmusban naponta vagy hetente \u00e9rkezik kezel\u00e9sre. Ilyen m\u00f3don kezelj\u00fck a legt\u00f6bb limf\u00f3m\u00e1t, a miel\u00f3m\u00e1t \u00e9s a leuk\u00e9mia t\u00f6bb form\u00e1j\u00e1t is. Ha valaki tervezhet\u0151 &hellip;<\/p>\n","protected":false},"author":334,"featured_media":0,"parent":523,"menu_order":1,"comment_status":"closed","ping_status":"closed","template":"","meta":{"_acf_changed":false,"footnotes":""},"categories":[],"tags":[],"class_list":["post-525","page","type-page","status-publish","hentry"],"acf":[],"_links":{"self":[{"href":"https:\/\/semmelweis.hu\/belhema\/wp-json\/wp\/v2\/pages\/525","targetHints":{"allow":["GET"]}}],"collection":[{"href":"https:\/\/semmelweis.hu\/belhema\/wp-json\/wp\/v2\/pages"}],"about":[{"href":"https:\/\/semmelweis.hu\/belhema\/wp-json\/wp\/v2\/types\/page"}],"author":[{"embeddable":true,"href":"https:\/\/semmelweis.hu\/belhema\/wp-json\/wp\/v2\/users\/334"}],"replies":[{"embeddable":true,"href":"https:\/\/semmelweis.hu\/belhema\/wp-json\/wp\/v2\/comments?post=525"}],"version-history":[{"count":8,"href":"https:\/\/semmelweis.hu\/belhema\/wp-json\/wp\/v2\/pages\/525\/revisions"}],"predecessor-version":[{"id":630,"href":"https:\/\/semmelweis.hu\/belhema\/wp-json\/wp\/v2\/pages\/525\/revisions\/630"}],"up":[{"embeddable":true,"href":"https:\/\/semmelweis.hu\/belhema\/wp-json\/wp\/v2\/pages\/523"}],"wp:attachment":[{"href":"https:\/\/semmelweis.hu\/belhema\/wp-json\/wp\/v2\/media?parent=525"}],"wp:term":[{"taxonomy":"category","embeddable":true,"href":"https:\/\/semmelweis.hu\/belhema\/wp-json\/wp\/v2\/categories?post=525"},{"taxonomy":"post_tag","embeddable":true,"href":"https:\/\/semmelweis.hu\/belhema\/wp-json\/wp\/v2\/tags?post=525"}],"curies":[{"name":"wp","href":"https:\/\/api.w.org\/{rel}","templated":true}]}}